CREATE TABLE IF NOT EXISTS `modules_Feedback_fields` (
  `moduleID` varchar(20) NOT NULL,
  `caption` varchar(255) NOT NULL,
  `type` int(3) NOT NULL,
  `included` int(1) unsigned NOT NULL,
  `required` int(1) unsigned NOT NULL,
  `position` int(10) unsigned NOT NULL,
  `sequence_state` int(10) unsigned NOT NULL,
  `storage_state` int(1) unsigned NOT NULL,
  PRIMARY KEY  (`moduleID`,`position`,`storage_state`)
) ENGINE=MyISAM DEFAULT CHARSET=utf8;

--
-- Extraindo dados da tabela `modules_Feedback_fields`
--

INSERT INTO `modules_Feedback_fields` (`moduleID`, `caption`, `type`, `included`, `required`, `position`, `sequence_state`, `storage_state`) VALUES
('bsrnm463t6b', 'CEP', 1, 0, 0, 12343, 12343, 4),
('ojhgmwpqk4s', 'Endereço Completo', 1, 1, 1, 20424, 20424, 4),
('ojhgmwpqk4s', 'CEP', 1, 1, 0, 20425, 20425, 4),
('ojhgmwpqk4s', 'E-mail', 4, 1, 0, 20426, 20426, 4),
('ojhgmwpqk4s', 'Telefone Res.', 1, 1, 0, 20427, 20427, 4),
('ojhgmwpqk4s', 'Telefone Com.', 1, 1, 0, 20428, 20428, 4),
('5yfnkwqex59', 'Comentários', 1, 0, 0, 8325, 8325, 4),
('0chyfokr2po', 'Pessoa de Contato', 1, 0, 0, 20325, 20325, 4),
('bsrnm463t6b', 'Endereço', 1, 0, 0, 12342, 12342, 4),
('bsrnm463t6b', 'Último nome', 1, 0, 0, 12341, 12341, 4),
('24091sym61d', 'Pessoa de Contato', 1, 0, 0, 19526, 19526, 4),
('ojhgmwpqk4s', 'Pais', 1, 0, 0, 20439, 20439, 4),
('ojhgmwpqk4s', 'Fax', 1, 0, 0, 20440, 20440, 4),
('ojhgmwpqk4s', 'Pessoa de Contato', 1, 0, 0, 20441, 20441, 4),
('8ce6f5gec5x', 'Pais', 1, 0, 0, 10350, 10350, 4),
('8ce6f5gec5x', 'Fax', 1, 0, 0, 10351, 10351, 4),
('8ce6f5gec5x', 'Pessoa de Contato', 1, 0, 0, 10352, 10352, 4),
('8ce6f5gec5x', 'Comentários', 1, 0, 0, 10353, 10353, 4),
('kfnuf7y6y9l', 'Descrição do Problema', 2, 1, 1, 10517, 10517, 4),
('gzbn6smmdth', 'Fax', 1, 0, 0, 19664, 19664, 4),
('gzbn6smmdth', 'Nome', 1, 1, 0, 19653, 19653, 4),
('gzbn6smmdth', 'Link', 2, 1, 0, 19654, 19654, 4),
('63p3g1fmb2r', 'Fax', 1, 0, 0, 19580, 19580, 4),
('63p3g1fmb2r', 'Pais', 1, 0, 0, 19579, 19579, 4),
('63p3g1fmb2r', 'Nome', 1, 1, 0, 19569, 19569, 4),
('63p3g1fmb2r', 'Telefone', 3, 1, 0, 19570, 19570, 4),
('63p3g1fmb2r', 'E-mail', 4, 1, 0, 19571, 19571, 4),
('r94dlwm865z', 'Estado', 1, 0, 0, 16375, 16375, 4),
('20lsm015675', 'Primeiro nome', 1, 0, 0, 14194, 14194, 4),
('20lsm015675', 'Último nome', 1, 0, 0, 14195, 14195, 4),
('20lsm015675', 'Endereço', 1, 0, 0, 14196, 14196, 4),
('20lsm015675', 'CEP', 1, 0, 0, 14197, 14197, 4),
('20lsm015675', 'Pais', 1, 0, 0, 14198, 14198, 4),
('20lsm015675', 'Fax', 1, 0, 0, 14199, 14199, 4),
('20lsm015675', 'Pessoa de Contato', 1, 0, 0, 14200, 14200, 4),
('20lsm015675', 'Comentários', 1, 0, 0, 14201, 14201, 4),
('20lsm015675', 'E-mail', 4, 1, 0, 14192, 14192, 4),
('20lsm015675', 'Assunto', 2, 1, 1, 14193, 14193, 4),
('20lsm015675', 'Estado', 1, 1, 0, 14191, 14191, 4),
('20lsm015675', 'Cidade', 1, 1, 0, 14190, 14190, 4),
('8ce6f5gec5x', 'Estado', 1, 0, 0, 10349, 10349, 4),
('8ce6f5gec5x', 'Cidade', 1, 0, 0, 10348, 10348, 4),
('8ce6f5gec5x', 'Último nome', 1, 0, 0, 10347, 10347, 4),
('8ce6f5gec5x', 'Primeiro nome', 1, 0, 0, 10346, 10346, 4),
('8ce6f5gec5x', 'Mensagem', 2, 1, 1, 10345, 10345, 4),
('8ce6f5gec5x', 'E-mail', 1, 1, 1, 10344, 10344, 4),
('8ce6f5gec5x', 'CEP', 1, 1, 0, 10343, 10343, 4),
('8ce6f5gec5x', 'Bairro', 1, 1, 1, 10342, 10342, 4),
('8ce6f5gec5x', 'Endereço', 1, 1, 1, 10341, 10341, 4),
('8ce6f5gec5x', 'Telefone', 3, 1, 1, 10340, 10340, 4),
('8ce6f5gec5x', 'Empresa', 1, 1, 0, 10339, 10339, 4),
('wytxgwssw07', 'Pessoa de Contato', 1, 0, 0, 12939, 12939, 4),
('wytxgwssw07', 'Fax', 1, 0, 0, 12938, 12938, 4),
('wytxgwssw07', 'Pais', 1, 0, 0, 12937, 12937, 4),
('wytxgwssw07', 'Estado', 1, 0, 0, 12936, 12936, 4),
('wytxgwssw07', 'Cidade', 1, 0, 0, 12935, 12935, 4),
('wytxgwssw07', 'CEP', 1, 0, 0, 12934, 12934, 4),
('wytxgwssw07', 'Endereço', 1, 0, 0, 12933, 12933, 4),
('wytxgwssw07', 'Último nome', 1, 0, 0, 12932, 12932, 4),
('wytxgwssw07', 'Primeiro nome', 1, 0, 0, 12931, 12931, 4),
('wytxgwssw07', 'Comentários', 2, 1, 0, 12930, 12930, 4),
('wytxgwssw07', 'E-mail', 4, 1, 1, 12929, 12929, 4),
('wytxgwssw07', 'Nome', 1, 1, 1, 12928, 12928, 4),
('ey327ms0m8l', 'Endereço', 1, 0, 0, 19344, 19344, 4),
('6t7irqy6sm5', 'Pais', 1, 0, 0, 19276, 19276, 4),
('6uz0kko6wlv', 'E-mail', 4, 1, 0, 16195, 16195, 4),
('onw8edy0kdl', ' nome', 1, 1, 1, 20807, 20807, 4),
('onw8edy0kdl', 'cidade/UF', 1, 1, 1, 20808, 20808, 4),
('onw8edy0kdl', 'E-mail', 4, 1, 1, 20809, 20809, 4),
('onw8edy0kdl', 'telefone', 1, 1, 1, 20810, 20810, 4),
('mxm9aau3eum', 'Estado', 1, 0, 0, 20861, 20861, 4),
('mxm9aau3eum', 'Cidade', 1, 0, 0, 20860, 20860, 4),
('mxm9aau3eum', 'CEP', 1, 0, 0, 20859, 20859, 4),
('mxm9aau3eum', 'Endereço', 1, 0, 0, 20858, 20858, 4),
('mxm9aau3eum', 'Último nome', 1, 0, 0, 20857, 20857, 4),
('mxm9aau3eum', 'Primeiro nome', 1, 0, 0, 20856, 20856, 4),
('mxm9aau3eum', ' nome', 1, 1, 1, 20852, 20852, 4),
('mxm9aau3eum', 'cidade/UF', 1, 1, 1, 20853, 20853, 4),
('mxm9aau3eum', 'E-mail', 4, 1, 1, 20854, 20854, 4),
('mxm9aau3eum', 'comentário', 2, 1, 1, 20855, 20855, 4),
('nql8wknancu', 'Endereço', 1, 0, 0, 19188, 19188, 4),
('nql8wknancu', 'Último nome', 1, 0, 0, 19187, 19187, 4),
('nql8wknancu', 'Primeiro nome', 1, 0, 0, 19186, 19186, 4),
('nql8wknancu', 'Interessado em: ', 2, 1, 0, 19185, 19185, 4),
('nql8wknancu', 'Nome Completo', 1, 1, 0, 19182, 19182, 4),
('nql8wknancu', 'E-mail', 4, 1, 0, 19183, 19183, 4),
('nql8wknancu', 'Telefones', 1, 1, 0, 19184, 19184, 4),
('5yfnkwqex59', 'Endereço', 1, 0, 0, 8321, 8321, 4),
('5yfnkwqex59', 'Pais', 1, 0, 0, 8322, 8322, 4),
('27woc7wx100', 'Cidade', 1, 1, 0, 19173, 19173, 4),
('asft90fg4we', 'Fax', 1, 0, 0, 8236, 8236, 4),
('asft90fg4we', 'Pessoa de Contato', 1, 0, 0, 8237, 8237, 4),
('asft90fg4we', 'Comentários', 1, 0, 0, 8238, 8238, 4),
('q9i9y17trj2', 'Comentários', 1, 0, 0, 14064, 14064, 4),
('o2n4p32coup', 'Comentários', 1, 0, 0, 8197, 8197, 4),
('o2n4p32coup', 'Pessoa de Contato', 1, 0, 0, 8196, 8196, 4),
('o2n4p32coup', 'Fax', 1, 0, 0, 8195, 8195, 4),
('na5pn2vow64', 'Primeiro nome', 1, 0, 0, 7967, 7967, 4),
('na5pn2vow64', 'Último nome', 1, 0, 0, 7968, 7968, 4),
('na5pn2vow64', 'E-mail', 4, 0, 0, 7969, 7969, 4),
('na5pn2vow64', 'Endereço', 1, 0, 0, 7970, 7970, 4),
('na5pn2vow64', 'CEP', 1, 0, 0, 7971, 7971, 4),
('na5pn2vow64', 'Cidade', 1, 0, 0, 7972, 7972, 4),
('na5pn2vow64', 'Estado', 1, 0, 0, 7973, 7973, 4),
('na5pn2vow64', 'Pais', 1, 0, 0, 7974, 7974, 4),
('na5pn2vow64', 'Fax', 1, 0, 0, 7975, 7975, 4),
('na5pn2vow64', 'Pessoa de Contato', 1, 0, 0, 7976, 7976, 4),
('na5pn2vow64', 'Comentários', 1, 0, 0, 7977, 7977, 4),
('o2n4p32coup', 'E-mail', 4, 1, 0, 8186, 8186, 4),
('o2n4p32coup', 'Telefone', 3, 1, 0, 8185, 8185, 4),
('bsrnm463t6b', 'E-mail', 4, 1, 0, 12340, 12340, 4),
('bsrnm463t6b', 'Primeiro nome', 1, 1, 0, 12338, 12338, 4),
('bsrnm463t6b', 'telefone', 1, 1, 0, 12339, 12339, 4),
('ojhgmwpqk4s', 'CPF', 1, 1, 1, 20422, 20422, 4),
('g05fjl5bt6q', 'Estado', 1, 0, 0, 16957, 16957, 4),
('ladc7lun3al', 'CEP', 1, 0, 0, 14212, 14212, 4),
('ladc7lun3al', 'Endereço', 1, 0, 0, 14211, 14211, 4),
('ladc7lun3al', 'Último nome', 1, 0, 0, 14210, 14210, 4),
('8cgs8uehmj1', 'Endereço', 1, 0, 0, 16618, 16618, 4),
('8cgs8uehmj1', 'Último nome', 1, 0, 0, 16617, 16617, 4),
('2jspxqwumrf', 'Melhor data para a visita', 1, 1, 0, 16213, 16213, 4),
('2jspxqwumrf', 'Motivo/Assunto', 1, 1, 0, 16212, 16212, 4),
('6uz0kko6wlv', 'Comentários', 1, 0, 0, 16207, 16207, 4),
('6uz0kko6wlv', 'Pessoa de Contato', 1, 0, 0, 16206, 16206, 4),
('kjzqp4913hy', 'Comentários', 2, 1, 0, 17317, 17317, 4),
('kjzqp4913hy', 'Primeiro nome', 1, 0, 0, 17318, 17318, 4),
('kjzqp4913hy', 'Último nome', 1, 0, 0, 17319, 17319, 4),
('kjzqp4913hy', 'Cidade', 1, 0, 0, 17320, 17320, 4),
('kjzqp4913hy', 'Pais', 1, 0, 0, 17321, 17321, 4),
('kjzqp4913hy', 'Fax', 1, 0, 0, 17322, 17322, 4),
('kjzqp4913hy', 'Pessoa de Contato', 1, 0, 0, 17323, 17323, 4),
('amdhn29noub', 'Pais', 1, 0, 0, 21138, 21138, 4),
('amdhn29noub', 'Fax', 1, 0, 0, 21139, 21139, 4),
('8cgs8uehmj1', 'Comentários', 1, 0, 0, 16625, 16625, 4),
('ytpcl6nleh5', 'E-mail', 4, 1, 0, 16454, 16454, 4),
('ytpcl6nleh5', 'Telefone', 3, 1, 0, 16455, 16455, 4),
('ytpcl6nleh5', 'Comentários', 2, 1, 0, 16456, 16456, 4),
('ytpcl6nleh5', 'Primeiro nome', 1, 0, 0, 16457, 16457, 4),
('t4kwkskj6kp', 'CEP', 1, 0, 0, 10577, 10577, 4),
('2jspxqwumrf', 'Empresa', 1, 1, 0, 16208, 16208, 4),
('02xsjfgfv00', 'Pais', 1, 0, 0, 1823, 1823, 4),
('02xsjfgfv00', 'Fax', 1, 0, 0, 1824, 1824, 4),
('02xsjfgfv00', 'Pessoa de Contato', 1, 0, 0, 1825, 1825, 4),
('ks1qzjvqxdx', 'Celular com DDD', 3, 1, 0, 14174, 14174, 4),
('np1cx3zovjq', 'Cargo Pretendido', 1, 1, 1, 8789, 8789, 4),
('np1cx3zovjq', 'Telefones', 1, 1, 1, 8788, 8788, 4),
('np1cx3zovjq', 'Estado', 1, 1, 1, 8787, 8787, 4),
('np1cx3zovjq', 'Cidade', 1, 1, 1, 8786, 8786, 4),
('np1cx3zovjq', 'Bairro', 1, 1, 1, 8785, 8785, 4),
('np1cx3zovjq', 'CEP', 1, 1, 0, 8784, 8784, 4),
('np1cx3zovjq', 'Endereço', 1, 1, 1, 8783, 8783, 4),
('ks1qzjvqxdx', 'E-mail', 4, 1, 1, 14175, 14175, 4),
('np1cx3zovjq', 'Experiência Profissional', 2, 1, 1, 8791, 8791, 4),
('np1cx3zovjq', 'Pretenção Salarial', 1, 1, 1, 8790, 8790, 4),
('q1aft0totn2', 'Fax', 1, 0, 0, 454, 454, 4),
('q1aft0totn2', 'Country', 1, 0, 0, 453, 453, 4),
('q1aft0totn2', 'State', 1, 0, 0, 452, 452, 4),
('q1aft0totn2', 'City', 1, 0, 0, 451, 451, 4),
('q1aft0totn2', 'ZIP', 1, 0, 0, 450, 450, 4),
('q1aft0totn2', 'Address', 1, 0, 0, 449, 449, 4),
('q1aft0totn2', 'Last name', 1, 0, 0, 448, 448, 4),
('q1aft0totn2', 'E-mail', 4, 1, 0, 444, 444, 4),
('q1aft0totn2', 'Telefone', 3, 1, 0, 445, 445, 4),
('q1aft0totn2', 'Mensagem', 2, 1, 0, 446, 446, 4),
('q1aft0totn2', 'First name', 1, 0, 0, 447, 447, 4),
('q1aft0totn2', 'Nome', 1, 1, 0, 443, 443, 4),
('q1aft0totn2', 'Contact person', 1, 0, 0, 455, 455, 4),
('q1aft0totn2', 'Comments', 1, 0, 0, 456, 456, 4),
('na5pn2vow64', 'Código de validação', 1, 1, 0, 7966, 7966, 4),
('na5pn2vow64', 'Nome', 1, 1, 0, 7962, 7962, 4),
('na5pn2vow64', 'Matricula', 1, 1, 0, 7963, 7963, 4),
('na5pn2vow64', 'Senha', 1, 1, 0, 7964, 7964, 4),
('na5pn2vow64', 'Justificativa de atraso ou hora extra', 2, 1, 0, 7965, 7965, 4),
('o2n4p32coup', 'CEP', 1, 0, 0, 8192, 8192, 4),
('o2n4p32coup', 'Endereço', 1, 0, 0, 8191, 8191, 4),
('o2n4p32coup', 'Último nome', 1, 0, 0, 8190, 8190, 4),
('o2n4p32coup', 'Primeiro nome', 1, 0, 0, 8189, 8189, 4),
('o2n4p32coup', 'Comentário', 2, 1, 0, 8188, 8188, 4),
('o2n4p32coup', 'Cidade', 1, 1, 0, 8187, 8187, 4),
('lfxs09sftve', 'Último nome', 1, 0, 0, 18224, 18224, 4),
('lfxs09sftve', 'Primeiro nome', 1, 0, 0, 18223, 18223, 4),
('lfxs09sftve', 'Problema Apresentado', 2, 1, 0, 18222, 18222, 4),
('lfxs09sftve', 'Pessoa de Contato', 1, 1, 0, 18221, 18221, 4),
('lfxs09sftve', 'Fax', 1, 1, 0, 18220, 18220, 4),
('lfxs09sftve', 'Pais', 1, 1, 0, 18219, 18219, 4),
('lfxs09sftve', 'Estado', 1, 1, 0, 18218, 18218, 4),
('lfxs09sftve', 'Cidade', 1, 1, 0, 18217, 18217, 4),
('lfxs09sftve', 'CEP', 1, 1, 0, 18216, 18216, 4),
('lfxs09sftve', 'Endereço', 1, 1, 0, 18215, 18215, 4),
('lfxs09sftve', 'E-mail', 4, 1, 0, 18214, 18214, 4),
('lfxs09sftve', 'Empresa', 1, 1, 0, 18213, 18213, 4),
('o2n4p32coup', 'Pais', 1, 0, 0, 8194, 8194, 4),
('yh7ierjp99v', 'Assunto', 1, 1, 0, 14701, 14701, 4),
('yh7ierjp99v', 'Nome', 1, 1, 0, 14695, 14695, 4),
('yh7ierjp99v', 'Telefone', 1, 1, 0, 14696, 14696, 4),
('yh7ierjp99v', 'E-mail', 4, 1, 0, 14697, 14697, 4),
('yh7ierjp99v', 'Endereço', 1, 1, 0, 14698, 14698, 4),
('yh7ierjp99v', 'Cidade', 1, 1, 0, 14699, 14699, 4),
('yh7ierjp99v', 'Estado', 1, 1, 0, 14700, 14700, 4),
('acpc4vnyo1v', 'MOME:', 1, 1, 0, 8671, 8671, 0),
('hir818dnc4s', 'Pessoa de Contato', 1, 0, 0, 17851, 17851, 4),
('asft90fg4we', 'Estado', 1, 0, 0, 8234, 8234, 4),
('asft90fg4we', 'Pais', 1, 0, 0, 8235, 8235, 4),
('hir818dnc4s', 'Primeiro nome', 1, 0, 0, 17844, 17844, 4),
('nu6sqpgo8az', 'CEP', 1, 0, 0, 20892, 20892, 4),
('3vkx044phcs', 'Primeiro nome', 1, 0, 0, 19246, 19246, 4),
('at57ykcsexg', 'E-mail', 4, 1, 0, 19383, 19383, 4),
('6t7irqy6sm5', 'Comentários', 1, 0, 0, 19279, 19279, 4),
('6t7irqy6sm5', 'Pessoa de Contato', 1, 0, 0, 19278, 19278, 4),
('6t7irqy6sm5', 'Fax', 1, 0, 0, 19277, 19277, 4),
('02xsjfgfv00', 'Comentários', 1, 0, 0, 1826, 1826, 4),
('5yfnkwqex59', 'Fax', 1, 0, 0, 8323, 8323, 4),
('ojhgmwpqk4s', 'RG', 1, 1, 0, 20423, 20423, 4),
('sybta7v4hd6', 'Endereço', 1, 0, 0, 20467, 20467, 4),
('wfewrr3ukse', 'Pessoa de Contato', 1, 0, 0, 19379, 19379, 4),
('wfewrr3ukse', 'Comentários', 1, 0, 0, 19380, 19380, 4),
('ouf1bi9k3ug', 'Estado', 1, 0, 0, 20847, 20847, 4),
('ouf1bi9k3ug', 'Pais', 1, 0, 0, 20848, 20848, 4),
('ouf1bi9k3ug', 'Fax', 1, 0, 0, 20849, 20849, 4),
('ouf1bi9k3ug', 'Pessoa de Contato', 1, 0, 0, 20850, 20850, 4),
('2f0ybulj9kq', 'Comentários', 1, 0, 0, 20836, 20836, 4),
('u8el9kqgrwz', 'CEP', 1, 0, 0, 20946, 20946, 4),
('u8el9kqgrwz', 'Endereço', 1, 0, 0, 20945, 20945, 4),
('jpf16te2uqm', 'Comentários', 1, 0, 0, 19949, 19949, 4),
('nu6sqpgo8az', 'ASSUNTO', 1, 1, 1, 20884, 20884, 4),
('27woc7wx100', 'Estado', 1, 1, 0, 19174, 19174, 4),
('27woc7wx100', 'Sua mensagem', 2, 1, 1, 19175, 19175, 4),
('28fxvgn3a5u', 'E-mail', 4, 1, 0, 20982, 20982, 4),
('28fxvgn3a5u', 'Repetir E-mail', 1, 1, 0, 20983, 20983, 4),
('28fxvgn3a5u', 'Profissão', 1, 1, 0, 20984, 20984, 4),
('ladc7lun3al', 'Pais', 1, 0, 0, 14213, 14213, 4),
('ladc7lun3al', 'Fax', 1, 0, 0, 14214, 14214, 4),
('ladc7lun3al', 'Pessoa de Contato', 1, 0, 0, 14215, 14215, 4),
('ladc7lun3al', 'Cidade', 1, 1, 1, 14205, 14205, 4),
('ladc7lun3al', 'Nome', 1, 1, 1, 14202, 14202, 4),
('ladc7lun3al', 'Telefone com DDD', 3, 1, 0, 14203, 14203, 4),
('ladc7lun3al', 'Celular com DDD', 3, 1, 0, 14204, 14204, 4),
('ladc7lun3al', 'Estado', 1, 1, 1, 14206, 14206, 4),
('20lsm015675', 'Nome', 1, 1, 0, 14187, 14187, 4),
('20lsm015675', 'Telefone com DDD', 3, 1, 0, 14188, 14188, 4),
('20lsm015675', 'Celular com DDD', 3, 1, 0, 14189, 14189, 4),
('5yfnkwqex59', 'Pessoa de Contato', 1, 0, 0, 8324, 8324, 4),
('t4kwkskj6kp', 'Pais', 1, 0, 0, 10578, 10578, 4),
('t4kwkskj6kp', 'Fax', 1, 0, 0, 10579, 10579, 4),
('p82mkfgeznu', 'Primeiro nome', 1, 0, 0, 20660, 20660, 4),
('hir818dnc4s', 'Endereço', 1, 0, 0, 17846, 17846, 4),
('hir818dnc4s', 'Último nome', 1, 0, 0, 17845, 17845, 4),
('p82mkfgeznu', 'Comentários', 1, 0, 0, 20668, 20668, 4),
('p82mkfgeznu', 'Fax', 1, 0, 0, 20666, 20666, 4),
('p82mkfgeznu', 'Pais', 1, 0, 0, 20665, 20665, 4),
('p82mkfgeznu', 'Estado', 1, 0, 0, 20664, 20664, 4),
('p82mkfgeznu', 'Cidade', 1, 0, 0, 20663, 20663, 4),
('p82mkfgeznu', 'CEP', 1, 0, 0, 20662, 20662, 4),
('mkhxzcs71ks', 'Comentários', 1, 0, 0, 19210, 19210, 4),
('mkhxzcs71ks', 'Pessoa de Contato', 1, 0, 0, 19209, 19209, 4),
('ey327ms0m8l', 'Primeiro nome', 1, 0, 0, 19342, 19342, 4),
('ey327ms0m8l', 'Comentários', 2, 1, 0, 19341, 19341, 4),
('ey327ms0m8l', 'Empreendimento', 1, 1, 0, 19340, 19340, 4),
('24091sym61d', 'Nome', 1, 1, 1, 19512, 19512, 4),
('24091sym61d', 'Sobrenome', 1, 1, 1, 19513, 19513, 4),
('24091sym61d', 'Seu e-mail', 4, 1, 1, 19514, 19514, 4),
('24091sym61d', 'Assunto', 1, 1, 1, 19515, 19515, 4),
('24091sym61d', 'Mensagem', 2, 1, 1, 19516, 19516, 4),
('24091sym61d', 'Primeiro nome', 1, 0, 0, 19517, 19517, 4),
('24091sym61d', 'Último nome', 1, 0, 0, 19518, 19518, 4),
('24091sym61d', 'E-mail', 4, 0, 0, 19519, 19519, 4),
('24091sym61d', 'Endereço', 1, 0, 0, 19520, 19520, 4),
('24091sym61d', 'CEP', 1, 0, 0, 19521, 19521, 4),
('63p3g1fmb2r', 'Comentários', 2, 1, 0, 19572, 19572, 4),
('kxya7fsrjdp', 'E-mail', 4, 0, 0, 11656, 11656, 4),
('kxya7fsrjdp', 'Endereço', 1, 0, 0, 11657, 11657, 4),
('tx96f5gu0jr', 'Telefone', 3, 1, 0, 19630, 19630, 4),
('tx96f5gu0jr', 'E-mail', 4, 1, 0, 19631, 19631, 4),
('tx96f5gu0jr', 'Comentários', 2, 1, 0, 19632, 19632, 4),
('63p3g1fmb2r', 'Estado', 1, 0, 0, 19578, 19578, 4),
('63p3g1fmb2r', 'Cidade', 1, 0, 0, 19577, 19577, 4),
('sybta7v4hd6', 'VALOR DO CRÉDITO', 1, 1, 0, 20463, 20463, 4),
('g05fjl5bt6q', 'Pessoa de Contato', 1, 0, 0, 16960, 16960, 4),
('27woc7wx100', 'CEP', 1, 0, 0, 19177, 19177, 4),
('27woc7wx100', 'Pais', 1, 0, 0, 19178, 19178, 4),
('wfewrr3ukse', 'Nome Completo', 1, 1, 0, 19368, 19368, 4),
('np1cx3zovjq', 'Primeiro nome', 1, 1, 1, 8780, 8780, 4),
('np1cx3zovjq', 'Último nome', 1, 1, 1, 8781, 8781, 4),
('np1cx3zovjq', 'E-mail', 4, 1, 1, 8782, 8782, 4),
('02xsjfgfv00', 'Estado', 1, 0, 0, 1822, 1822, 4),
('02xsjfgfv00', 'Cidade', 1, 0, 0, 1821, 1821, 4),
('02xsjfgfv00', 'CEP', 1, 0, 0, 1820, 1820, 4),
('02xsjfgfv00', 'Endereço', 1, 0, 0, 1819, 1819, 4),
('02xsjfgfv00', 'Observacão', 2, 1, 0, 1818, 1818, 4),
('02xsjfgfv00', 'Produto', 1, 1, 1, 1817, 1817, 4),
('02xsjfgfv00', '(DDD) + Telefone', 3, 1, 1, 1816, 1816, 4),
('02xsjfgfv00', 'E-mail', 4, 1, 1, 1815, 1815, 4),
('02xsjfgfv00', 'Último nome', 1, 1, 0, 1814, 1814, 4),
('02xsjfgfv00', 'Primeiro nome', 1, 1, 1, 1813, 1813, 4),
('vwl4b0vde1x', 'Cidade', 1, 0, 0, 19221, 19221, 4),
('deykk1202nh', 'Pessoa de Contato', 1, 0, 0, 8038, 8038, 4),
('deykk1202nh', 'Comentários', 1, 0, 0, 8039, 8039, 4),
('63p3g1fmb2r', 'CEP', 1, 0, 0, 19576, 19576, 4),
('63p3g1fmb2r', 'Endereço', 1, 0, 0, 19575, 19575, 4),
('63p3g1fmb2r', 'Último nome', 1, 0, 0, 19574, 19574, 4),
('63p3g1fmb2r', 'Primeiro nome', 1, 0, 0, 19573, 19573, 4),
('sybta7v4hd6', 'TELEFONES CONTATO', 1, 1, 0, 20459, 20459, 4),
('sybta7v4hd6', 'E-MAIL', 1, 1, 0, 20460, 20460, 4),
('kxya7fsrjdp', 'Pais', 1, 0, 0, 11660, 11660, 4),
('z48jml9pmk2', 'Pessoa de Contato', 1, 0, 0, 15497, 15497, 4),
('z48jml9pmk2', 'Fax', 1, 0, 0, 15496, 15496, 4),
('z48jml9pmk2', 'Pais', 1, 0, 0, 15495, 15495, 4),
('z48jml9pmk2', 'Estado', 1, 0, 0, 15494, 15494, 4),
('z48jml9pmk2', 'Cidade', 1, 0, 0, 15493, 15493, 4),
('z48jml9pmk2', 'CEP', 1, 0, 0, 15492, 15492, 4),
('z48jml9pmk2', 'Endereço', 1, 0, 0, 15491, 15491, 4),
('z48jml9pmk2', 'Seu pedido', 2, 1, 1, 15490, 15490, 4),
('z48jml9pmk2', 'E-mail', 4, 1, 0, 15489, 15489, 4),
('z48jml9pmk2', 'Último nome', 1, 1, 1, 15488, 15488, 4),
('onw8edy0kdl', 'Pessoa de Contato', 1, 0, 0, 20820, 20820, 4),
('onw8edy0kdl', 'Fax', 1, 0, 0, 20819, 20819, 4),
('onw8edy0kdl', 'Pais', 1, 0, 0, 20818, 20818, 4),
('sybta7v4hd6', 'E-mail', 4, 0, 0, 20466, 20466, 4),
('sybta7v4hd6', 'Último nome', 1, 0, 0, 20465, 20465, 4),
('sybta7v4hd6', 'Primeiro nome', 1, 0, 0, 20464, 20464, 4),
('a8agdfyaw5t', 'Cidade', 1, 0, 0, 21115, 21115, 4),
('a8agdfyaw5t', 'Estado', 1, 0, 0, 21116, 21116, 4),
('a8agdfyaw5t', 'Pais', 1, 0, 0, 21117, 21117, 4),
('a8agdfyaw5t', 'Fax', 1, 0, 0, 21118, 21118, 4),
('a8agdfyaw5t', 'Pessoa de Contato', 1, 0, 0, 21119, 21119, 4),
('amdhn29noub', 'Primeiro nome', 1, 1, 0, 21131, 21131, 4),
('amdhn29noub', 'Último nome', 1, 1, 0, 21132, 21132, 4),
('q9i9y17trj2', 'CEP', 1, 1, 1, 14055, 14055, 4),
('q9i9y17trj2', 'E-mail', 4, 1, 1, 14056, 14056, 4),
('q9i9y17trj2', 'Descreva sua experiência profissional', 2, 1, 1, 14057, 14057, 4),
('asft90fg4we', 'CEP', 1, 0, 0, 8233, 8233, 4),
('pedbfst63sp', ' nome', 1, 1, 1, 20581, 20581, 4),
('pedbfst63sp', 'E-mail', 4, 1, 1, 20582, 20582, 4),
('pedbfst63sp', 'cidade/UF', 1, 1, 1, 20583, 20583, 4),
('i8u27eob8br', 'Empresa', 1, 1, 1, 10476, 10476, 4),
('i8u27eob8br', 'Contato', 1, 1, 1, 10477, 10477, 4),
('i8u27eob8br', 'E-mail', 4, 1, 1, 10478, 10478, 4),
('i8u27eob8br', 'Telefone', 3, 1, 1, 10479, 10479, 4),
('i8u27eob8br', 'Dúvidas e Sugestões', 2, 1, 1, 10480, 10480, 4),
('i8u27eob8br', 'Primeiro nome', 1, 0, 0, 10481, 10481, 4),
('i8u27eob8br', 'Último nome', 1, 0, 0, 10482, 10482, 4),
('27woc7wx100', 'Endereço', 1, 0, 0, 19176, 19176, 4),
('ladc7lun3al', 'Comentários', 1, 0, 0, 14216, 14216, 4),
('vwl4b0vde1x', 'Fax', 1, 0, 0, 19224, 19224, 4),
('vwl4b0vde1x', 'Pais', 1, 0, 0, 19223, 19223, 4),
('vwl4b0vde1x', 'Estado', 1, 0, 0, 19222, 19222, 4),
('vwl4b0vde1x', 'Primeiro nome', 1, 0, 0, 19216, 19216, 4),
('vwl4b0vde1x', 'Mensagem', 2, 1, 1, 19215, 19215, 4),
('vwl4b0vde1x', 'e-mail', 4, 1, 1, 19214, 19214, 4),
('vwl4b0vde1x', 'Telefone', 3, 1, 1, 19213, 19213, 4),
('vwl4b0vde1x', 'Empresa', 1, 1, 1, 19212, 19212, 4),
('vwl4b0vde1x', 'Seu nome', 1, 1, 1, 19211, 19211, 4),
('wfewrr3ukse', 'Pais', 1, 0, 0, 19377, 19377, 4),
('wfewrr3ukse', 'Fax', 1, 0, 0, 19378, 19378, 4),
('2jspxqwumrf', 'Melhor hora para a visita', 1, 1, 0, 16214, 16214, 4),
('2jspxqwumrf', 'Primeiro nome', 1, 0, 0, 16215, 16215, 4),
('2jspxqwumrf', 'Último nome', 1, 0, 0, 16216, 16216, 4),
('2jspxqwumrf', 'Endereço', 1, 0, 0, 16217, 16217, 4),
('2jspxqwumrf', 'CEP', 1, 0, 0, 16218, 16218, 4),
('2jspxqwumrf', 'Cidade', 1, 0, 0, 16219, 16219, 4),
('2jspxqwumrf', 'Estado', 1, 0, 0, 16220, 16220, 4),
('2jspxqwumrf', 'Pais', 1, 0, 0, 16221, 16221, 4),
('2jspxqwumrf', 'Fax', 1, 0, 0, 16222, 16222, 4),
('2jspxqwumrf', 'Pessoa de Contato', 1, 0, 0, 16223, 16223, 4),
('2jspxqwumrf', 'Comentários', 1, 0, 0, 16224, 16224, 4),
('sb0omid890v', 'Fax', 1, 0, 0, 14143, 14143, 4),
('sb0omid890v', 'Pessoa de Contato', 1, 0, 0, 14144, 14144, 4),
('sb0omid890v', 'Comentários', 1, 0, 0, 14145, 14145, 4),
('r94dlwm865z', 'Comentários', 1, 0, 0, 16379, 16379, 4),
('r94dlwm865z', 'Pessoa de Contato', 1, 0, 0, 16378, 16378, 4),
('r94dlwm865z', 'Fax', 1, 0, 0, 16377, 16377, 4),
('3vkx044phcs', 'Estado', 1, 0, 0, 19251, 19251, 4),
('3vkx044phcs', 'Pais', 1, 0, 0, 19252, 19252, 4),
('tu3lit8h9tg', 'Comentários', 1, 0, 0, 19241, 19241, 4),
('2jspxqwumrf', 'Nome completo', 1, 1, 0, 16209, 16209, 4),
('hir818dnc4s', 'Fax', 1, 0, 0, 17850, 17850, 4),
('hir818dnc4s', 'Pais', 1, 0, 0, 17849, 17849, 4),
('pl6ya8jnbcl', 'Nome completo', 1, 1, 0, 16290, 16290, 4),
('pl6ya8jnbcl', 'e-mail', 4, 1, 0, 16291, 16291, 4),
('nql8wknancu', 'Comentários', 1, 0, 0, 19195, 19195, 4),
('9ihz2pnhvhm', 'Nome', 1, 1, 0, 15666, 15666, 4),
('e17bv70fbfk', 'Último nome', 1, 0, 0, 16352, 16352, 4),
('e17bv70fbfk', 'Primeiro nome', 1, 0, 0, 16351, 16351, 4),
('pl6ya8jnbcl', 'Resumo de sua experiência profissional', 2, 1, 0, 16299, 16299, 4),
('pl6ya8jnbcl', 'Onde trabalha atualmente?', 1, 1, 0, 16298, 16298, 4),
('pl6ya8jnbcl', 'Área de atuação', 1, 1, 0, 16297, 16297, 4),
('pl6ya8jnbcl', 'Endereço completo', 1, 1, 0, 16296, 16296, 4),
('pl6ya8jnbcl', 'Estado civil', 1, 1, 0, 16295, 16295, 4),
('pl6ya8jnbcl', 'Cidade onde nasceu', 1, 1, 0, 16294, 16294, 4),
('pl6ya8jnbcl', 'CPF', 1, 1, 0, 16293, 16293, 4),
('pl6ya8jnbcl', 'Telefones de contato', 1, 1, 0, 16292, 16292, 4),
('wfewrr3ukse', 'Mensagem', 2, 1, 0, 19370, 19370, 4),
('wfewrr3ukse', 'Primeiro nome', 1, 0, 0, 19371, 19371, 4),
('wfewrr3ukse', 'Último nome', 1, 0, 0, 19372, 19372, 4),
('28fxvgn3a5u', 'Cidade', 1, 0, 0, 20991, 20991, 4),
('28fxvgn3a5u', 'CEP', 1, 0, 0, 20990, 20990, 4),
('28fxvgn3a5u', 'Endereço', 1, 0, 0, 20989, 20989, 4),
('28fxvgn3a5u', 'Último nome', 1, 0, 0, 20988, 20988, 4),
('f0lr1n8g7h9', 'Faturamento Mensal', 1, 1, 0, 21005, 21005, 4),
('28fxvgn3a5u', 'Valor do Empréstimo', 1, 1, 0, 20986, 20986, 4),
('28fxvgn3a5u', 'Renda', 1, 1, 0, 20985, 20985, 4),
('jnxe3nciprc', 'Pessoa de Contato', 1, 0, 0, 19567, 19567, 4),
('hnkk78j4365', 'Estado', 1, 0, 0, 16331, 16331, 4),
('hnkk78j4365', 'Cidade', 1, 0, 0, 16330, 16330, 4),
('hnkk78j4365', 'CEP', 1, 0, 0, 16329, 16329, 4),
('yvhto7br4wf', 'Fax', 1, 0, 0, 16322, 16322, 4),
('yvhto7br4wf', 'Pessoa de Contato', 1, 0, 0, 16323, 16323, 4),
('yvhto7br4wf', 'Comentários', 1, 0, 0, 16324, 16324, 4),
('hnkk78j4365', 'Primeiro nome', 1, 1, 0, 16325, 16325, 4),
('hnkk78j4365', 'Último nome', 1, 1, 0, 16326, 16326, 4),
('hnkk78j4365', 'E-mail', 4, 1, 0, 16327, 16327, 4),
('hnkk78j4365', 'Endereço', 1, 0, 0, 16328, 16328, 4),
('onw8edy0kdl', 'Cidade', 1, 0, 0, 20816, 20816, 4),
('onw8edy0kdl', 'Estado', 1, 0, 0, 20817, 20817, 4),
('hir818dnc4s', 'CEP', 1, 0, 0, 17847, 17847, 4),
('hir818dnc4s', 'Estado', 1, 0, 0, 17848, 17848, 4),
('bsrnm463t6b', 'Cidade', 1, 0, 0, 12344, 12344, 4),
('at57ykcsexg', 'Pessoa de Contato', 1, 0, 0, 19392, 19392, 4),
('at57ykcsexg', 'Fax', 1, 0, 0, 19391, 19391, 4),
('at57ykcsexg', 'Pais', 1, 0, 0, 19390, 19390, 4),
('at57ykcsexg', 'Estado', 1, 0, 0, 19389, 19389, 4),
('at57ykcsexg', 'Cidade', 1, 0, 0, 19388, 19388, 4),
('at57ykcsexg', 'CEP', 1, 0, 0, 19387, 19387, 4),
('at57ykcsexg', 'Endereço', 1, 0, 0, 19386, 19386, 4),
('onw8edy0kdl', 'CEP', 1, 0, 0, 20815, 20815, 4),
('onw8edy0kdl', 'Endereço', 1, 0, 0, 20814, 20814, 4),
('onw8edy0kdl', 'Último nome', 1, 0, 0, 20813, 20813, 4),
('onw8edy0kdl', 'Primeiro nome', 1, 0, 0, 20812, 20812, 4),
('onw8edy0kdl', 'comentário', 2, 1, 1, 20811, 20811, 4),
('k988wykmqra', 'Pessoa de Contato', 1, 0, 0, 15378, 15378, 4),
('k988wykmqra', 'Fax', 1, 0, 0, 15377, 15377, 4),
('k988wykmqra', 'Pais', 1, 0, 0, 15376, 15376, 4),
('k988wykmqra', 'Estado', 1, 0, 0, 15375, 15375, 4),
('k988wykmqra', 'Cidade', 1, 0, 0, 15374, 15374, 4),
('k988wykmqra', 'CEP', 1, 0, 0, 15373, 15373, 4),
('k988wykmqra', 'Endereço', 1, 0, 0, 15372, 15372, 4),
('k988wykmqra', 'Comentários', 2, 1, 0, 15371, 15371, 4),
('k988wykmqra', 'E-mail', 4, 1, 0, 15370, 15370, 4),
('k988wykmqra', 'Último nome', 1, 1, 0, 15369, 15369, 4),
('z48jml9pmk2', 'Primeiro nome', 1, 1, 1, 15487, 15487, 4),
('k988wykmqra', 'Primeiro nome', 1, 1, 0, 15368, 15368, 4),
('asft90fg4we', 'Modalidade Presencial (Sim ou Não)', 1, 1, 0, 8226, 8226, 4),
('asft90fg4we', 'Cidade', 1, 1, 0, 8227, 8227, 4),
('asft90fg4we', 'Qual curso?', 1, 1, 0, 8228, 8228, 4),
('asft90fg4we', 'Comentário', 2, 1, 0, 8229, 8229, 4),
('asft90fg4we', 'Primeiro nome', 1, 0, 0, 8230, 8230, 4),
('asft90fg4we', 'Último nome', 1, 0, 0, 8231, 8231, 4),
('asft90fg4we', 'Endereço', 1, 0, 0, 8232, 8232, 4),
('kxya7fsrjdp', 'Último nome', 1, 0, 0, 11655, 11655, 4),
('patxhkfym0q', 'Fax', 1, 0, 0, 20708, 20708, 4),
('patxhkfym0q', 'Pessoa de Contato', 1, 0, 0, 20709, 20709, 4),
('7mqd8y6rfy2', 'Estado', 1, 0, 0, 18826, 18826, 4),
('7mqd8y6rfy2', 'Cidade', 1, 0, 0, 18825, 18825, 4),
('7mqd8y6rfy2', 'CEP', 1, 0, 0, 18824, 18824, 4),
('6uz0kko6wlv', 'Empresa', 1, 1, 0, 16193, 16193, 4),
('6uz0kko6wlv', 'Nome Completo', 1, 1, 0, 16194, 16194, 4),
('amdhn29noub', 'E-mail', 4, 1, 0, 21133, 21133, 4),
('amdhn29noub', 'Endereço', 1, 0, 0, 21134, 21134, 4),
('h13n2eqk6c7', 'Comentários', 1, 0, 0, 21086, 21086, 4),
('h13n2eqk6c7', 'Pessoa de Contato', 1, 0, 0, 21085, 21085, 4),
('h13n2eqk6c7', 'Endereço', 1, 0, 0, 21079, 21079, 4),
('h13n2eqk6c7', 'CEP', 1, 0, 0, 21080, 21080, 4),
('h13n2eqk6c7', 'Cidade', 1, 0, 0, 21081, 21081, 4),
('h13n2eqk6c7', 'Estado', 1, 0, 0, 21082, 21082, 4),
('h13n2eqk6c7', 'Pais', 1, 0, 0, 21083, 21083, 4),
('h13n2eqk6c7', 'Fax', 1, 0, 0, 21084, 21084, 4),
('g05fjl5bt6q', 'Cidade', 1, 0, 0, 16956, 16956, 4),
('g05fjl5bt6q', 'Local saída', 1, 1, 1, 16946, 16946, 4),
('8cgs8uehmj1', 'Fax', 1, 0, 0, 16623, 16623, 4),
('8cgs8uehmj1', 'Pessoa de Contato', 1, 0, 0, 16624, 16624, 4),
('6uz0kko6wlv', 'Estado', 1, 0, 0, 16203, 16203, 4),
('6uz0kko6wlv', 'Pais', 1, 0, 0, 16204, 16204, 4),
('2jspxqwumrf', 'Telefones de contato', 1, 1, 0, 16211, 16211, 4),
('2jspxqwumrf', 'E-mail', 4, 1, 0, 16210, 16210, 4),
('ks1qzjvqxdx', 'Pais', 1, 0, 0, 14183, 14183, 4),
('ks1qzjvqxdx', 'Fax', 1, 0, 0, 14184, 14184, 4),
('ks1qzjvqxdx', 'Pessoa de Contato', 1, 0, 0, 14185, 14185, 4),
('ks1qzjvqxdx', 'Nome', 1, 1, 1, 14172, 14172, 4),
('ks1qzjvqxdx', 'Telefone com DDD', 3, 1, 0, 14173, 14173, 4),
('ytpcl6nleh5', 'Pessoa de Contato', 1, 0, 0, 16465, 16465, 4),
('37fyp0ktx52', 'Comentários', 1, 0, 0, 7673, 7673, 4),
('37fyp0ktx52', 'Pessoa de Contato', 1, 0, 0, 7672, 7672, 4),
('37fyp0ktx52', 'Fax', 1, 0, 0, 7671, 7671, 4),
('37fyp0ktx52', 'Nome', 1, 1, 0, 7660, 7660, 4),
('37fyp0ktx52', 'Telefone', 3, 1, 0, 7661, 7661, 4),
('37fyp0ktx52', 'E-mail', 4, 1, 0, 7662, 7662, 4),
('37fyp0ktx52', 'Cometários', 2, 1, 0, 7663, 7663, 4),
('37fyp0ktx52', 'Primeiro nome', 1, 0, 0, 7664, 7664, 4),
('37fyp0ktx52', 'Último nome', 1, 0, 0, 7665, 7665, 4),
('37fyp0ktx52', 'Endereço', 1, 0, 0, 7666, 7666, 4),
('37fyp0ktx52', 'CEP', 1, 0, 0, 7667, 7667, 4),
('37fyp0ktx52', 'Cidade', 1, 0, 0, 7668, 7668, 4),
('37fyp0ktx52', 'Estado', 1, 0, 0, 7669, 7669, 4),
('37fyp0ktx52', 'Pais', 1, 0, 0, 7670, 7670, 4),
('ytpcl6nleh5', 'Último nome', 1, 0, 0, 16458, 16458, 4),
('patxhkfym0q', 'E-mail', 4, 1, 1, 20699, 20699, 4),
('ojhgmwpqk4s', 'Data de Nascimento', 1, 1, 0, 20421, 20421, 4),
('ojhgmwpqk4s', 'Nome', 1, 1, 0, 20420, 20420, 4),
('27hyyzlk4nw', 'Pais', 1, 0, 0, 20498, 20498, 4),
('27hyyzlk4nw', 'Cidade', 1, 0, 0, 20497, 20497, 4),
('27hyyzlk4nw', 'CEP', 1, 0, 0, 20496, 20496, 4),
('27hyyzlk4nw', 'Endereço', 1, 0, 0, 20495, 20495, 4),
('27hyyzlk4nw', 'Último nome', 1, 0, 0, 20494, 20494, 4),
('27hyyzlk4nw', 'Primeiro nome', 1, 0, 0, 20493, 20493, 4),
('27hyyzlk4nw', 'Comentários', 2, 1, 0, 20492, 20492, 4),
('27hyyzlk4nw', ' nome', 1, 1, 0, 20488, 20488, 4),
('27hyyzlk4nw', 'E-mail', 4, 1, 0, 20489, 20489, 4),
('27hyyzlk4nw', 'cidade', 1, 1, 0, 20490, 20490, 4),
('27hyyzlk4nw', 'Estado', 1, 1, 0, 20491, 20491, 4),
('nc259t11l9u', 'Pais', 1, 0, 0, 10965, 10965, 4),
('bkmwjf2rq5s', 'Último nome', 1, 0, 0, 16966, 16966, 4),
('sb0omid890v', 'Estado', 1, 1, 0, 14135, 14135, 4),
('gzbn6smmdth', 'E-mail de contato', 4, 1, 0, 19655, 19655, 4),
('o2n4p32coup', 'Nome', 1, 1, 0, 8184, 8184, 4),
('an185e7fm6r', 'Fax', 1, 0, 0, 16238, 16238, 4),
('e6wdf8b87tz', 'Comentários', 1, 0, 0, 14864, 14864, 4),
('ytpcl6nleh5', 'Endereço', 1, 0, 0, 16459, 16459, 4),
('ytpcl6nleh5', 'CEP', 1, 0, 0, 16460, 16460, 4),
('ytpcl6nleh5', 'Cidade', 1, 0, 0, 16461, 16461, 4),
('ytpcl6nleh5', 'Estado', 1, 0, 0, 16462, 16462, 4),
('ytpcl6nleh5', 'Pais', 1, 0, 0, 16463, 16463, 4),
('ytpcl6nleh5', 'Fax', 1, 0, 0, 16464, 16464, 4),
('8ce6f5gec5x', 'Nome', 1, 1, 1, 10338, 10338, 4),
('pedbfst63sp', 'Fax', 1, 0, 0, 20592, 20592, 4),
('8cgs8uehmj1', 'NOME/RAZAO SOCIAL', 1, 1, 0, 16613, 16613, 4),
('8cgs8uehmj1', 'E-mail', 4, 1, 0, 16614, 16614, 4),
('8cgs8uehmj1', 'CIDADE/UF', 1, 1, 0, 16615, 16615, 4),
('8cgs8uehmj1', 'Primeiro nome', 1, 0, 0, 16616, 16616, 4),
('at57ykcsexg', 'Texto', 2, 1, 0, 19385, 19385, 4),
('at57ykcsexg', 'Telefone', 1, 1, 0, 19384, 19384, 4),
('bvbcwxggctk', 'Cidade', 1, 0, 0, 19318, 19318, 4),
('bvbcwxggctk', 'CEP', 1, 0, 0, 19317, 19317, 4),
('bvbcwxggctk', 'Endereço', 1, 0, 0, 19316, 19316, 4),
('bvbcwxggctk', 'Último nome', 1, 0, 0, 19315, 19315, 4),
('3vkx044phcs', 'Comentários', 2, 1, 0, 19245, 19245, 4),
('3vkx044phcs', 'Pessoa de Contato e telefone', 3, 1, 0, 19244, 19244, 4),
('3vkx044phcs', 'Nome completo', 1, 1, 0, 19242, 19242, 4),
('3vkx044phcs', 'E-mail', 4, 1, 0, 19243, 19243, 4),
('qaktnq1gdpn', 'Primeiro nome', 1, 0, 0, 19901, 19901, 4),
('qaktnq1gdpn', 'Mensagem', 2, 1, 0, 19900, 19900, 4),
('qaktnq1gdpn', 'Telefone', 3, 1, 0, 19899, 19899, 4),
('qaktnq1gdpn', 'Nome', 1, 1, 0, 19897, 19897, 4),
('qaktnq1gdpn', 'E-mail', 4, 1, 0, 19898, 19898, 4),
('lfxs09sftve', 'Comentários', 1, 0, 0, 18225, 18225, 4),
('ey327ms0m8l', 'Último nome', 1, 0, 0, 19343, 19343, 4),
('bgtlkvnj3v3', 'Comentários', 1, 0, 0, 7712, 7712, 4),
('bgtlkvnj3v3', 'Pessoa de Contato', 1, 0, 0, 7711, 7711, 4),
('bgtlkvnj3v3', 'Fax', 1, 0, 0, 7710, 7710, 4),
('bgtlkvnj3v3', 'Pais', 1, 0, 0, 7709, 7709, 4),
('bgtlkvnj3v3', 'Estado', 1, 0, 0, 7708, 7708, 4),
('bgtlkvnj3v3', 'Cidade', 1, 0, 0, 7707, 7707, 4),
('bgtlkvnj3v3', 'CEP', 1, 0, 0, 7706, 7706, 4),
('bgtlkvnj3v3', 'Endereço', 1, 0, 0, 7705, 7705, 4),
('bgtlkvnj3v3', 'Nome', 1, 1, 0, 7699, 7699, 4),
('bgtlkvnj3v3', 'E-mail', 4, 1, 0, 7700, 7700, 4),
('bgtlkvnj3v3', 'Matricula', 1, 1, 0, 7701, 7701, 4),
('bgtlkvnj3v3', 'Dúvida', 2, 1, 0, 7702, 7702, 4),
('bgtlkvnj3v3', 'Primeiro nome', 1, 0, 0, 7703, 7703, 4),
('bgtlkvnj3v3', 'Último nome', 1, 0, 0, 7704, 7704, 4),
('r94dlwm865z', 'Pais', 1, 0, 0, 16376, 16376, 4),
('6t7irqy6sm5', 'Telefones para contato', 1, 1, 0, 19267, 19267, 4),
('6t7irqy6sm5', 'Assunto', 2, 1, 0, 19268, 19268, 4),
('6t7irqy6sm5', 'Primeiro nome', 1, 0, 0, 19269, 19269, 4),
('6t7irqy6sm5', 'Último nome', 1, 0, 0, 19270, 19270, 4),
('6t7irqy6sm5', 'E-mail', 4, 0, 0, 19271, 19271, 4),
('6t7irqy6sm5', 'Endereço', 1, 0, 0, 19272, 19272, 4),
('6t7irqy6sm5', 'CEP', 1, 0, 0, 19273, 19273, 4),
('6t7irqy6sm5', 'Cidade', 1, 0, 0, 19274, 19274, 4),
('6t7irqy6sm5', 'Estado', 1, 0, 0, 19275, 19275, 4),
('2f0ybulj9kq', 'PRIMEIRO NOME', 1, 1, 0, 20822, 20822, 4),
('2f0ybulj9kq', 'ASSUNTO', 1, 1, 0, 20823, 20823, 4),
('2f0ybulj9kq', 'E-MAIL', 4, 1, 0, 20824, 20824, 4),
('2f0ybulj9kq', 'COMENTÁRIOS', 2, 1, 0, 20825, 20825, 4),
('2f0ybulj9kq', 'Primeiro nome', 1, 0, 0, 20826, 20826, 4),
('2f0ybulj9kq', 'Último nome', 1, 0, 0, 20827, 20827, 4),
('2f0ybulj9kq', 'E-mail', 4, 0, 0, 20828, 20828, 4),
('2f0ybulj9kq', 'Endereço', 1, 0, 0, 20829, 20829, 4),
('2f0ybulj9kq', 'CEP', 1, 0, 0, 20830, 20830, 4),
('2f0ybulj9kq', 'Cidade', 1, 0, 0, 20831, 20831, 4),
('2f0ybulj9kq', 'Estado', 1, 0, 0, 20832, 20832, 4),
('2f0ybulj9kq', 'Pais', 1, 0, 0, 20833, 20833, 4),
('bsrnm463t6b', 'Estado', 1, 0, 0, 12345, 12345, 4),
('bsrnm463t6b', 'Pais', 1, 0, 0, 12346, 12346, 4),
('bsrnm463t6b', 'Fax', 1, 0, 0, 12347, 12347, 4),
('bsrnm463t6b', 'Pessoa de Contato', 1, 0, 0, 12348, 12348, 4),
('bsrnm463t6b', 'Comentários', 1, 0, 0, 12349, 12349, 4),
('g05fjl5bt6q', 'Pais', 1, 0, 0, 16958, 16958, 4),
('g05fjl5bt6q', 'Fax', 1, 0, 0, 16959, 16959, 4),
('5yfnkwqex59', 'E-mail', 4, 0, 0, 8320, 8320, 4),
('5yfnkwqex59', 'Último nome', 1, 0, 0, 8319, 8319, 4),
('5yfnkwqex59', 'Primeiro nome', 1, 0, 0, 8318, 8318, 4),
('5yfnkwqex59', 'Comentário:', 1, 1, 0, 8317, 8317, 4),
('5yfnkwqex59', 'Você aceita os termos do contrato Sim ou Não?', 1, 1, 0, 8316, 8316, 4),
('5yfnkwqex59', 'Qual a modalidade EAD ou Presencial?', 1, 1, 0, 8315, 8315, 4),
('5yfnkwqex59', 'RG', 1, 1, 0, 8304, 8304, 4),
('5yfnkwqex59', 'Idade do Aluno', 1, 1, 0, 8305, 8305, 4),
('5yfnkwqex59', 'Data de Nascimento', 1, 1, 0, 8306, 8306, 4),
('5yfnkwqex59', 'Estado Civil', 1, 1, 0, 8307, 8307, 4),
('5yfnkwqex59', 'Escolaridade', 1, 1, 0, 8308, 8308, 4),
('5yfnkwqex59', 'Possui Banda Larga?', 1, 1, 0, 8309, 8309, 4),
('5yfnkwqex59', 'Qual a memória do Computador?', 1, 1, 0, 8310, 8310, 4),
('5yfnkwqex59', 'Qual o curso vai matricular-se?', 1, 1, 0, 8311, 8311, 4),
('5yfnkwqex59', 'Pretende estudar em qual horário?', 1, 1, 0, 8312, 8312, 4),
('5yfnkwqex59', 'Qual sua disponibilidade em horas de estudo por dia?', 1, 1, 0, 8313, 8313, 4),
('5yfnkwqex59', 'É portador de alguma deficiência?', 1, 1, 0, 8314, 8314, 4),
('5yfnkwqex59', 'CEP', 1, 1, 0, 8302, 8302, 4),
('5yfnkwqex59', 'CPF/CNPJ', 1, 1, 0, 8303, 8303, 4),
('5yfnkwqex59', 'Estado', 1, 1, 0, 8301, 8301, 4),
('5yfnkwqex59', 'Cidade', 1, 1, 0, 8300, 8300, 4),
('5yfnkwqex59', 'Bairro', 1, 1, 0, 8299, 8299, 4),
('5yfnkwqex59', 'Nº da residência', 1, 1, 0, 8298, 8298, 4),
('5yfnkwqex59', 'Rua/Av.', 4, 1, 0, 8297, 8297, 4),
('5yfnkwqex59', 'E-mail do aluno', 1, 1, 0, 8296, 8296, 4),
('5yfnkwqex59', 'Nome Completo s/ abreviação', 1, 1, 0, 8295, 8295, 4),
('phguyqwjbhp', 'Fax', 1, 0, 0, 6771, 6771, 4),
('phguyqwjbhp', 'Comentários', 1, 0, 0, 6772, 6772, 4),
('phguyqwjbhp', 'Nome', 1, 1, 1, 6758, 6758, 4),
('phguyqwjbhp', 'Empresa', 1, 1, 1, 6759, 6759, 4),
('27woc7wx100', 'Comentários', 1, 0, 0, 19181, 19181, 4),
('hyoc4q6kevh', 'Comentários', 1, 0, 0, 20654, 20654, 4),
('dpi5rar8cq9', 'Último nome', 1, 0, 0, 3735, 3735, 4),
('dpi5rar8cq9', 'Primeiro nome', 1, 0, 0, 3734, 3734, 4),
('dpi5rar8cq9', 'Assunto', 1, 1, 0, 3733, 3733, 4),
('dpi5rar8cq9', 'Telefone', 3, 1, 0, 3732, 3732, 4),
('dpi5rar8cq9', 'E-mail', 4, 1, 0, 3731, 3731, 4),
('dpi5rar8cq9', 'Empresa', 1, 1, 0, 3730, 3730, 4),
('dpi5rar8cq9', 'Contato', 1, 1, 0, 3729, 3729, 4),
('dpi5rar8cq9', 'Endereço', 1, 0, 0, 3736, 3736, 4),
('dpi5rar8cq9', 'CEP', 1, 0, 0, 3737, 3737, 4),
('dpi5rar8cq9', 'Cidade', 1, 0, 0, 3738, 3738, 4),
('dpi5rar8cq9', 'Estado', 1, 0, 0, 3739, 3739, 4),
('dpi5rar8cq9', 'Pais', 1, 0, 0, 3740, 3740, 4),
('dpi5rar8cq9', 'Fax', 1, 0, 0, 3741, 3741, 4),
('dpi5rar8cq9', 'Pessoa de Contato', 1, 0, 0, 3742, 3742, 4),
('dpi5rar8cq9', 'Comentários', 1, 0, 0, 3743, 3743, 4),
('mkhxzcs71ks', 'Fax', 1, 0, 0, 19208, 19208, 4),
('mkhxzcs71ks', 'Endereço', 1, 0, 0, 19203, 19203, 4),
('mkhxzcs71ks', 'CEP', 1, 0, 0, 19204, 19204, 4),
('mkhxzcs71ks', 'Cidade', 1, 0, 0, 19205, 19205, 4),
('mkhxzcs71ks', 'Estado', 1, 0, 0, 19206, 19206, 4),
('qaktnq1gdpn', 'CEP', 1, 0, 0, 19904, 19904, 4),
('qaktnq1gdpn', 'Endereço', 1, 0, 0, 19903, 19903, 4),
('qaktnq1gdpn', 'Último nome', 1, 0, 0, 19902, 19902, 4),
('kxya7fsrjdp', 'Fax', 1, 0, 0, 11661, 11661, 4),
('kxya7fsrjdp', 'Pessoa de Contato', 1, 0, 0, 11662, 11662, 4),
('nf2kh1704cg', 'E-mail', 4, 0, 0, 20786, 20786, 4),
('ey327ms0m8l', 'CEP', 1, 0, 0, 19345, 19345, 4),
('ey327ms0m8l', 'Nome Completo', 1, 1, 0, 19335, 19335, 4),
('u8el9kqgrwz', 'Comentários', 1, 0, 0, 20952, 20952, 4),
('28fxvgn3a5u', 'Telefones Res. + Cel.', 1, 1, 0, 20980, 20980, 4),
('28fxvgn3a5u', 'Telefone Comercial', 1, 1, 0, 20981, 20981, 4),
('a3bzkbuy5ik', 'Nome', 1, 1, 0, 20711, 20711, 4),
('a3bzkbuy5ik', 'E-mail', 4, 1, 0, 20712, 20712, 4),
('a3bzkbuy5ik', 'Comentários', 2, 1, 0, 20713, 20713, 4),
('a3bzkbuy5ik', 'Primeiro nome', 1, 0, 0, 20714, 20714, 4),
('a3bzkbuy5ik', 'Último nome', 1, 0, 0, 20715, 20715, 4),
('a3bzkbuy5ik', 'Endereço', 1, 0, 0, 20716, 20716, 4),
('a3bzkbuy5ik', 'CEP', 1, 0, 0, 20717, 20717, 4),
('a3bzkbuy5ik', 'Cidade', 1, 0, 0, 20718, 20718, 4),
('a3bzkbuy5ik', 'Estado', 1, 0, 0, 20719, 20719, 4),
('a3bzkbuy5ik', 'Pais', 1, 0, 0, 20720, 20720, 4),
('a3bzkbuy5ik', 'Fax', 1, 0, 0, 20721, 20721, 4),
('qaktnq1gdpn', 'Cidade', 1, 0, 0, 19905, 19905, 4),
('qaktnq1gdpn', 'Estado', 1, 0, 0, 19906, 19906, 4),
('qaktnq1gdpn', 'Pais', 1, 0, 0, 19907, 19907, 4),
('qaktnq1gdpn', 'Fax', 1, 0, 0, 19908, 19908, 4),
('qaktnq1gdpn', 'Pessoa de Contato', 1, 0, 0, 19909, 19909, 4),
('tx96f5gu0jr', 'Nome', 1, 1, 0, 19629, 19629, 4),
('2861v5apmio', 'Pais', 1, 0, 0, 20914, 20914, 4),
('2861v5apmio', 'Fax', 1, 0, 0, 20915, 20915, 4),
('2861v5apmio', 'Pessoa de Contato', 1, 0, 0, 20916, 20916, 4),
('pedbfst63sp', 'Comentários', 1, 0, 0, 20594, 20594, 4),
('pedbfst63sp', 'Pessoa de Contato', 1, 0, 0, 20593, 20593, 4),
('29ktlsz2rzk', 'Comentários', 1, 0, 0, 7806, 7806, 4),
('r94dlwm865z', 'Endereço', 1, 0, 0, 16372, 16372, 4),
('r94dlwm865z', 'CEP', 1, 0, 0, 16373, 16373, 4),
('r94dlwm865z', 'Cidade', 1, 0, 0, 16374, 16374, 4),
('wa7js1tkseq', 'Pessoa de Contato', 1, 0, 0, 17838, 17838, 4),
('wa7js1tkseq', 'Fax', 1, 0, 0, 17837, 17837, 4),
('wa7js1tkseq', 'Pais', 1, 0, 0, 17836, 17836, 4),
('wa7js1tkseq', 'Estado', 1, 0, 0, 17835, 17835, 4),
('wa7js1tkseq', 'Cidade', 1, 0, 0, 17834, 17834, 4),
('wa7js1tkseq', 'CEP', 1, 0, 0, 17833, 17833, 4),
('wa7js1tkseq', 'Endereço', 1, 0, 0, 17832, 17832, 4),
('wa7js1tkseq', 'Último nome', 1, 0, 0, 17831, 17831, 4),
('wa7js1tkseq', 'Primeiro nome', 1, 0, 0, 17830, 17830, 4),
('wa7js1tkseq', 'Comentários', 2, 1, 0, 17829, 17829, 4),
('wa7js1tkseq', 'E-mail', 4, 1, 0, 17828, 17828, 4),
('wa7js1tkseq', 'Nome', 1, 1, 0, 17827, 17827, 4),
('ladc7lun3al', 'Primeiro nome', 1, 0, 0, 14209, 14209, 4),
('ladc7lun3al', 'Assunto', 2, 1, 1, 14208, 14208, 4),
('ladc7lun3al', 'E-mail', 4, 1, 1, 14207, 14207, 4),
('ks1qzjvqxdx', 'Comentários', 1, 0, 0, 14186, 14186, 4),
('29ktlsz2rzk', 'Primeiro nome', 1, 0, 0, 7802, 7802, 4),
('29ktlsz2rzk', 'Último nome', 1, 0, 0, 7803, 7803, 4),
('29ktlsz2rzk', 'Fax', 1, 0, 0, 7804, 7804, 4),
('29ktlsz2rzk', 'Pessoa de Contato', 1, 0, 0, 7805, 7805, 4),
('3vkx044phcs', 'Último nome', 1, 0, 0, 19247, 19247, 4),
('3vkx044phcs', 'Endereço', 1, 0, 0, 19248, 19248, 4),
('3vkx044phcs', 'CEP', 1, 0, 0, 19249, 19249, 4),
('3vkx044phcs', 'Cidade', 1, 0, 0, 19250, 19250, 4),
('6t7irqy6sm5', 'Nome completo', 1, 1, 0, 19266, 19266, 4),
('patxhkfym0q', ' nome', 1, 1, 1, 20697, 20697, 4),
('mxm9aau3eum', 'Pais', 1, 0, 0, 20862, 20862, 4),
('vbffevcc43c', ' nome', 1, 1, 1, 20178, 20178, 4),
('sybta7v4hd6', 'CONFIR.E-MAIL', 1, 1, 0, 20461, 20461, 4),
('sybta7v4hd6', 'RENDA LIQUIDA', 1, 1, 0, 20462, 20462, 4),
('ol1hojrz3bh', 'Comentários', 1, 0, 0, 19936, 19936, 4),
('ol1hojrz3bh', 'Pessoa de Contato', 1, 0, 0, 19935, 19935, 4),
('ol1hojrz3bh', 'Fax', 1, 0, 0, 19934, 19934, 4),
('ol1hojrz3bh', 'Pais', 1, 0, 0, 19933, 19933, 4),
('kbmr3qs9wv5', 'Comentários', 1, 0, 0, 19997, 19997, 4),
('kbmr3qs9wv5', 'Pessoa de Contato', 1, 0, 0, 19996, 19996, 4),
('kbmr3qs9wv5', 'Fax', 1, 0, 0, 19995, 19995, 4),
('kbmr3qs9wv5', 'Pais', 1, 0, 0, 19994, 19994, 4),
('kbmr3qs9wv5', 'Estado', 1, 0, 0, 19993, 19993, 4),
('kbmr3qs9wv5', 'Último nome', 1, 0, 0, 19992, 19992, 4),
('kbmr3qs9wv5', 'Primeiro nome', 1, 0, 0, 19991, 19991, 4),
('hir818dnc4s', 'Comentários', 5, 1, 1, 17843, 17843, 4),
('hir818dnc4s', 'E-mail', 4, 1, 1, 17842, 17842, 4),
('hir818dnc4s', 'UF', 1, 1, 1, 17841, 17841, 4),
('hir818dnc4s', ' nome', 1, 1, 1, 17839, 17839, 4),
('hir818dnc4s', 'Cidade', 1, 1, 1, 17840, 17840, 4),
('e6wdf8b87tz', 'NOME', 1, 1, 0, 14851, 14851, 4),
('e6wdf8b87tz', 'Pessoa de Contato', 1, 0, 0, 14863, 14863, 4),
('e6wdf8b87tz', 'Fax', 1, 0, 0, 14862, 14862, 4),
('e6wdf8b87tz', 'Pais', 1, 0, 0, 14861, 14861, 4),
('e6wdf8b87tz', 'Estado', 1, 0, 0, 14860, 14860, 4),
('e6wdf8b87tz', 'Cidade', 1, 0, 0, 14859, 14859, 4),
('e6wdf8b87tz', 'CEP', 1, 0, 0, 14858, 14858, 4),
('e6wdf8b87tz', 'Endereço', 1, 0, 0, 14857, 14857, 4),
('e6wdf8b87tz', 'Último nome', 1, 0, 0, 14856, 14856, 4),
('e6wdf8b87tz', 'Primeiro nome', 1, 0, 0, 14855, 14855, 4),
('e6wdf8b87tz', 'ASSUNTO', 2, 1, 0, 14854, 14854, 4),
('e6wdf8b87tz', 'TELEFONE', 1, 1, 0, 14853, 14853, 4),
('e6wdf8b87tz', 'E-mail', 4, 1, 0, 14852, 14852, 4),
('nu6sqpgo8az', 'Cidade', 1, 0, 0, 20893, 20893, 4),
('u8el9kqgrwz', 'Pessoa de Contato', 1, 0, 0, 20951, 20951, 4),
('u8el9kqgrwz', 'Fax', 1, 0, 0, 20950, 20950, 4),
('u8el9kqgrwz', 'Pais', 1, 0, 0, 20949, 20949, 4),
('u8el9kqgrwz', 'Estado', 1, 0, 0, 20948, 20948, 4),
('u8el9kqgrwz', 'Cidade', 1, 0, 0, 20947, 20947, 4),
('tu3lit8h9tg', 'Sua empresa', 1, 1, 0, 19230, 19230, 4),
('a8agdfyaw5t', 'CEP', 1, 0, 0, 21114, 21114, 4),
('hyoc4q6kevh', 'Pais', 1, 0, 0, 20651, 20651, 4),
('nf2kh1704cg', 'Primeiro nome', 1, 0, 0, 20784, 20784, 4),
('pedbfst63sp', 'Último nome', 1, 0, 0, 20586, 20586, 4),
('pedbfst63sp', 'Endereço', 1, 0, 0, 20587, 20587, 4),
('gzbn6smmdth', 'Comentários', 1, 0, 0, 19666, 19666, 4),
('gzbn6smmdth', 'Pessoa de Contato', 1, 0, 0, 19665, 19665, 4),
('gzbn6smmdth', 'Primeiro nome', 1, 0, 0, 19656, 19656, 4),
('gzbn6smmdth', 'Último nome', 1, 0, 0, 19657, 19657, 4),
('gzbn6smmdth', 'E-mail', 4, 0, 0, 19658, 19658, 4),
('gzbn6smmdth', 'Endereço', 1, 0, 0, 19659, 19659, 4),
('gzbn6smmdth', 'CEP', 1, 0, 0, 19660, 19660, 4),
('gzbn6smmdth', 'Cidade', 1, 0, 0, 19661, 19661, 4),
('gzbn6smmdth', 'Estado', 1, 0, 0, 19662, 19662, 4),
('gzbn6smmdth', 'Pais', 1, 0, 0, 19663, 19663, 4),
('a8agdfyaw5t', 'Endereço', 1, 0, 0, 21113, 21113, 4),
('a8agdfyaw5t', 'Primeiro nome', 1, 1, 0, 21109, 21109, 4),
('a8agdfyaw5t', 'E-mail', 4, 1, 0, 21110, 21110, 4),
('a8agdfyaw5t', 'Comentários', 2, 1, 0, 21111, 21111, 4),
('a8agdfyaw5t', 'Último nome', 1, 0, 0, 21112, 21112, 4),
('pedbfst63sp', 'CEP', 1, 0, 0, 20588, 20588, 4),
('pedbfst63sp', 'Cidade', 1, 0, 0, 20589, 20589, 4),
('np1cx3zovjq', 'Comentários', 1, 0, 0, 8795, 8795, 4),
('040by1ugd2c', 'Fax', 1, 0, 0, 8777, 8777, 4),
('040by1ugd2c', 'Pessoa de Contato', 1, 0, 0, 8778, 8778, 4),
('040by1ugd2c', 'Comentários', 1, 0, 0, 8779, 8779, 4),
('np1cx3zovjq', 'Pais', 1, 0, 0, 8792, 8792, 4),
('np1cx3zovjq', 'Fax', 1, 0, 0, 8793, 8793, 4),
('np1cx3zovjq', 'Pessoa de Contato', 1, 0, 0, 8794, 8794, 4),
('pedbfst63sp', 'Pais', 1, 0, 0, 20591, 20591, 4),
('040by1ugd2c', 'Pais', 1, 0, 0, 8776, 8776, 4),
('040by1ugd2c', 'Experiência Profissional', 2, 1, 1, 8775, 8775, 4),
('040by1ugd2c', 'Disponibilidade', 1, 1, 1, 8774, 8774, 4),
('040by1ugd2c', 'Pretenção Salarial', 1, 1, 1, 8773, 8773, 4),
('040by1ugd2c', 'Cargo Pretendido', 1, 1, 1, 8772, 8772, 4),
('040by1ugd2c', 'Telefone', 1, 1, 1, 8771, 8771, 4),
('040by1ugd2c', 'Estado', 1, 1, 1, 8770, 8770, 4),
('040by1ugd2c', 'Cidade', 1, 1, 1, 8769, 8769, 4),
('040by1ugd2c', 'Primeiro nome', 1, 1, 1, 8764, 8764, 4),
('040by1ugd2c', 'Último nome', 1, 1, 1, 8765, 8765, 4),
('040by1ugd2c', 'E-mail', 4, 1, 1, 8766, 8766, 4),
('040by1ugd2c', 'Endereço', 1, 1, 1, 8767, 8767, 4),
('040by1ugd2c', 'CEP', 1, 1, 0, 8768, 8768, 4),
('pedbfst63sp', 'Estado', 1, 0, 0, 20590, 20590, 4),
('kbmr3qs9wv5', 'Nome completo', 1, 1, 0, 19984, 19984, 4),
('kbmr3qs9wv5', 'E-mail', 4, 1, 0, 19985, 19985, 4),
('kbmr3qs9wv5', 'Telefone', 3, 1, 0, 19986, 19986, 4),
('kbmr3qs9wv5', 'Endereço', 1, 1, 0, 19987, 19987, 4),
('kbmr3qs9wv5', 'CEP', 1, 1, 0, 19988, 19988, 4),
('kbmr3qs9wv5', 'Cidade', 1, 1, 0, 19989, 19989, 4),
('kbmr3qs9wv5', 'Carta de apresentação', 2, 1, 0, 19990, 19990, 4),
('qaktnq1gdpn', 'Comentários', 1, 0, 0, 19910, 19910, 4),
('voq3daz53rv', 'Fax', 1, 0, 0, 20880, 20880, 4),
('voq3daz53rv', 'Pais', 1, 0, 0, 20879, 20879, 4),
('voq3daz53rv', 'Cidade', 1, 0, 0, 20877, 20877, 4),
('voq3daz53rv', 'Estado', 1, 0, 0, 20878, 20878, 4),
('bkmwjf2rq5s', 'E-mail', 4, 1, 1, 16963, 16963, 4),
('bkmwjf2rq5s', 'Nome', 1, 1, 1, 16961, 16961, 4),
('bkmwjf2rq5s', 'Telefone', 1, 1, 1, 16962, 16962, 4),
('6uz0kko6wlv', 'CEP', 1, 0, 0, 16201, 16201, 4),
('6uz0kko6wlv', 'Endereço', 1, 0, 0, 16200, 16200, 4),
('6uz0kko6wlv', 'Último nome', 1, 0, 0, 16199, 16199, 4),
('vwl4b0vde1x', 'Comentários', 1, 0, 0, 19226, 19226, 4),
('66d7k4z1p2e', 'Comentários', 1, 0, 0, 20764, 20764, 4),
('28fxvgn3a5u', 'Endereço completo', 1, 1, 0, 20979, 20979, 4),
('hz4mdyzuj93', 'Nome', 1, 1, 0, 20953, 20953, 4),
('hz4mdyzuj93', 'E-mail', 4, 1, 0, 20954, 20954, 4),
('hz4mdyzuj93', 'Comentários', 1, 1, 0, 20955, 20955, 4),
('hz4mdyzuj93', 'Primeiro nome', 1, 0, 0, 20956, 20956, 4),
('hz4mdyzuj93', 'Último nome', 1, 0, 0, 20957, 20957, 4),
('hz4mdyzuj93', 'Endereço', 1, 0, 0, 20958, 20958, 4),
('hz4mdyzuj93', 'CEP', 1, 0, 0, 20959, 20959, 4),
('hz4mdyzuj93', 'Cidade', 1, 0, 0, 20960, 20960, 4),
('hz4mdyzuj93', 'Estado', 1, 0, 0, 20961, 20961, 4),
('hz4mdyzuj93', 'Pais', 1, 0, 0, 20962, 20962, 4),
('hz4mdyzuj93', 'Fax', 1, 0, 0, 20963, 20963, 4),
('hz4mdyzuj93', 'Pessoa de Contato', 1, 0, 0, 20964, 20964, 4),
('f0lr1n8g7h9', 'Nome do Solicitante', 1, 1, 0, 20997, 20997, 4),
('f0lr1n8g7h9', 'RG do Solicitante', 1, 1, 0, 20998, 20998, 4),
('f0lr1n8g7h9', 'CPF do Solicitante', 1, 1, 0, 20999, 20999, 4),
('f0lr1n8g7h9', 'Razão Social ', 1, 1, 0, 21000, 21000, 4),
('f0lr1n8g7h9', 'CNPJ', 1, 1, 0, 21001, 21001, 4),
('f0lr1n8g7h9', 'Endereço  Completo da Empresa', 1, 1, 0, 21002, 21002, 4),
('f0lr1n8g7h9', 'Telefones', 1, 1, 0, 21003, 21003, 4),
('f0lr1n8g7h9', 'E-mail', 4, 1, 0, 21004, 21004, 4),
('wfewrr3ukse', 'Endereço', 1, 0, 0, 19373, 19373, 4),
('wfewrr3ukse', 'CEP', 1, 0, 0, 19374, 19374, 4),
('wfewrr3ukse', 'Cidade', 1, 0, 0, 19375, 19375, 4),
('wfewrr3ukse', 'Estado', 1, 0, 0, 19376, 19376, 4),
('sb0omid890v', 'E-mail', 4, 1, 1, 14136, 14136, 4),
('sb0omid890v', 'Assunto', 2, 1, 1, 14137, 14137, 4),
('sb0omid890v', 'Primeiro nome', 1, 0, 0, 14138, 14138, 4),
('amdhn29noub', 'Comentários', 1, 0, 0, 21141, 21141, 4),
('amdhn29noub', 'Pessoa de Contato', 1, 0, 0, 21140, 21140, 4),
('wfewrr3ukse', 'E-mail', 4, 1, 0, 19369, 19369, 4),
('vwl4b0vde1x', 'Último nome', 1, 0, 0, 19217, 19217, 4),
('vwl4b0vde1x', 'E-mail', 4, 0, 0, 19218, 19218, 4),
('vwl4b0vde1x', 'Endereço', 1, 0, 0, 19219, 19219, 4),
('bkmwjf2rq5s', 'Pessoa de Contato', 1, 0, 0, 16973, 16973, 4),
('bkmwjf2rq5s', 'Comentários', 1, 0, 0, 16974, 16974, 4),
('fhzls8ba29f', 'Nome', 1, 1, 0, 21051, 21051, 4),
('fhzls8ba29f', 'Telefone', 3, 1, 0, 21052, 21052, 4),
('fhzls8ba29f', 'E-mail', 4, 1, 0, 21053, 21053, 4),
('fhzls8ba29f', 'Comentário', 2, 1, 0, 21054, 21054, 4),
('fhzls8ba29f', 'Primeiro nome', 1, 0, 0, 21055, 21055, 4),
('fhzls8ba29f', 'Último nome', 1, 0, 0, 21056, 21056, 4),
('fhzls8ba29f', 'Endereço', 1, 0, 0, 21057, 21057, 4),
('fhzls8ba29f', 'CEP', 1, 0, 0, 21058, 21058, 4),
('fhzls8ba29f', 'Cidade', 1, 0, 0, 21059, 21059, 4),
('fhzls8ba29f', 'Estado', 1, 0, 0, 21060, 21060, 4),
('fhzls8ba29f', 'Pais', 1, 0, 0, 21061, 21061, 4),
('fhzls8ba29f', 'Fax', 1, 0, 0, 21062, 21062, 4),
('fhzls8ba29f', 'Pessoa de Contato', 1, 0, 0, 21063, 21063, 4),
('fhzls8ba29f', 'Comentários', 1, 0, 0, 21064, 21064, 4),
('amdhn29noub', 'Estado', 1, 0, 0, 21137, 21137, 4),
('amdhn29noub', 'Cidade', 1, 0, 0, 21136, 21136, 4),
('amdhn29noub', 'CEP', 1, 0, 0, 21135, 21135, 4),
('77qsdruaf4q', 'Primeiro nome', 5, 1, 0, 21120, 21120, 4),
('77qsdruaf4q', 'Último nome', 5, 1, 0, 21121, 21121, 4),
('77qsdruaf4q', 'E-mail', 4, 1, 0, 21122, 21122, 4),
('77qsdruaf4q', 'Comentários', 2, 1, 0, 21123, 21123, 4),
('77qsdruaf4q', 'Endereço', 1, 0, 0, 21124, 21124, 4),
('77qsdruaf4q', 'CEP', 1, 0, 0, 21125, 21125, 4),
('77qsdruaf4q', 'Cidade', 1, 0, 0, 21126, 21126, 4),
('77qsdruaf4q', 'Estado', 1, 0, 0, 21127, 21127, 4),
('77qsdruaf4q', 'Pais', 1, 0, 0, 21128, 21128, 4),
('77qsdruaf4q', 'Fax', 1, 0, 0, 21129, 21129, 4),
('77qsdruaf4q', 'Pessoa de Contato', 1, 0, 0, 21130, 21130, 4),
('bkmwjf2rq5s', 'Primeiro nome', 1, 0, 0, 16965, 16965, 4),
('ouf1bi9k3ug', 'Último nome', 1, 0, 0, 20843, 20843, 4),
('ouf1bi9k3ug', 'Primeiro nome', 1, 0, 0, 20842, 20842, 4),
('a3bzkbuy5ik', 'Pessoa de Contato', 1, 0, 0, 20722, 20722, 4),
('patxhkfym0q', 'Comentários', 1, 0, 0, 20710, 20710, 4),
('tx96f5gu0jr', 'Pessoa de Contato', 1, 0, 0, 19641, 19641, 4),
('jpf16te2uqm', 'Cidade', 1, 1, 1, 19939, 19939, 4),
('jpf16te2uqm', 'E-mail', 4, 1, 1, 19938, 19938, 4),
('jpf16te2uqm', 'nome', 1, 1, 1, 19937, 19937, 4),
('ouf1bi9k3ug', 'CEP', 1, 0, 0, 20845, 20845, 4),
('ouf1bi9k3ug', 'Endereço', 1, 0, 0, 20844, 20844, 4),
('jpf16te2uqm', 'Fax', 1, 0, 0, 19948, 19948, 4),
('jpf16te2uqm', 'Pais', 1, 0, 0, 19947, 19947, 4),
('oo27rzp43er', 'Fax', 1, 0, 0, 10542, 10542, 4),
('e17bv70fbfk', 'Cidade', 1, 0, 0, 16355, 16355, 4),
('oo27rzp43er', 'Empresa', 1, 1, 1, 10531, 10531, 4),
('oo27rzp43er', 'E-mail', 4, 1, 1, 10532, 10532, 4),
('oo27rzp43er', 'Telefone', 3, 1, 1, 10533, 10533, 4),
('oo27rzp43er', 'Comentários e Sugestões', 2, 1, 1, 10534, 10534, 4),
('oo27rzp43er', 'Primeiro nome', 1, 0, 0, 10535, 10535, 4),
('oo27rzp43er', 'Último nome', 1, 0, 0, 10536, 10536, 4),
('oo27rzp43er', 'Endereço', 1, 0, 0, 10537, 10537, 4),
('ml0q9px8zgc', 'CEP', 1, 0, 0, 19304, 19304, 4),
('ml0q9px8zgc', 'Endereço', 1, 0, 0, 19303, 19303, 4),
('ml0q9px8zgc', 'Último nome', 1, 0, 0, 19302, 19302, 4),
('ml0q9px8zgc', 'Primeiro nome', 1, 0, 0, 19301, 19301, 4),
('ml0q9px8zgc', 'Nome completo', 1, 1, 0, 19296, 19296, 4),
('ml0q9px8zgc', 'E-mail', 4, 1, 0, 19297, 19297, 4),
('ml0q9px8zgc', 'Telefones', 1, 1, 0, 19298, 19298, 4),
('ml0q9px8zgc', 'Assunto', 1, 1, 0, 19299, 19299, 4),
('ml0q9px8zgc', 'Sua mensagem', 2, 1, 0, 19300, 19300, 4),
('e7wv4ije8rz', 'Estado', 1, 0, 0, 19364, 19364, 4),
('e7wv4ije8rz', 'Pais', 1, 0, 0, 19365, 19365, 4),
('e7wv4ije8rz', 'Fax', 1, 0, 0, 19366, 19366, 4),
('e7wv4ije8rz', 'Pessoa de Contato', 1, 0, 0, 19367, 19367, 4),
('66d7k4z1p2e', 'ONDE NÔS CONHECEU', 1, 1, 1, 20753, 20753, 4),
('ey327ms0m8l', 'Telefones', 1, 1, 0, 19336, 19336, 4),
('ey327ms0m8l', 'E-mail', 4, 1, 0, 19337, 19337, 4),
('66d7k4z1p2e', 'Fax', 1, 0, 0, 20762, 20762, 4),
('66d7k4z1p2e', 'Pessoa de Contato', 1, 0, 0, 20763, 20763, 4),
('66d7k4z1p2e', 'Pais', 1, 0, 0, 20761, 20761, 4),
('66d7k4z1p2e', 'Estado', 1, 0, 0, 20760, 20760, 4),
('66d7k4z1p2e', 'Cidade', 1, 0, 0, 20759, 20759, 4),
('66d7k4z1p2e', 'CEP', 1, 0, 0, 20758, 20758, 4),
('hyoc4q6kevh', ' nome', 1, 1, 1, 20641, 20641, 4),
('hyoc4q6kevh', 'cidade/UF', 1, 1, 1, 20642, 20642, 4),
('u8el9kqgrwz', 'Primeiro nome', 1, 1, 0, 20941, 20941, 4),
('u8el9kqgrwz', 'Último nome', 1, 1, 0, 20942, 20942, 4),
('u8el9kqgrwz', 'E-mail', 4, 1, 0, 20943, 20943, 4),
('u8el9kqgrwz', 'Mensagem', 2, 1, 0, 20944, 20944, 4),
('yvhto7br4wf', 'E-mail', 4, 0, 0, 16316, 16316, 4),
('yvhto7br4wf', 'Último nome', 1, 0, 0, 16315, 16315, 4),
('7mqd8y6rfy2', 'Comentários', 1, 0, 0, 18830, 18830, 4),
('nf2kh1704cg', 'Último nome', 1, 0, 0, 20785, 20785, 4),
('yhyv24b225u', 'Estado', 1, 0, 0, 20565, 20565, 4),
('yhyv24b225u', 'CEP', 1, 0, 0, 20564, 20564, 4),
('yhyv24b225u', 'Último nome', 1, 0, 0, 20563, 20563, 4);
INSERT INTO `modules_Feedback_fields` (`moduleID`, `caption`, `type`, `included`, `required`, `position`, `sequence_state`, `storage_state`) VALUES
('yhyv24b225u', 'Mensagem', 2, 1, 0, 20562, 20562, 4),
('yhyv24b225u', 'Telefone', 3, 1, 0, 20561, 20561, 4),
('yhyv24b225u', 'Cidade', 1, 1, 0, 20560, 20560, 4),
('yhyv24b225u', 'Endereço', 1, 1, 0, 20559, 20559, 4),
('yhyv24b225u', 'E-mail', 4, 1, 0, 20558, 20558, 4),
('kfnuf7y6y9l', 'Cidade', 1, 0, 0, 10524, 10524, 4),
('kfnuf7y6y9l', 'CEP', 1, 0, 0, 10523, 10523, 4),
('r94dlwm865z', 'Primeiro nome', 1, 0, 0, 16370, 16370, 4),
('r94dlwm865z', 'Último nome', 1, 0, 0, 16371, 16371, 4),
('yvhto7br4wf', 'Pais', 1, 0, 0, 16321, 16321, 4),
('t4kwkskj6kp', 'Cidade', 1, 1, 1, 10571, 10571, 4),
('pedbfst63sp', 'mensagem', 2, 1, 1, 20584, 20584, 4),
('pedbfst63sp', 'Primeiro nome', 1, 0, 0, 20585, 20585, 4),
('sqb65xuuwcl', 'Nome', 1, 1, 0, 12412, 12412, 4),
('sqb65xuuwcl', 'E-mail', 4, 1, 0, 12413, 12413, 4),
('sqb65xuuwcl', 'Endereço', 1, 1, 0, 12414, 12414, 4),
('sqb65xuuwcl', 'Mensagem', 2, 1, 0, 12415, 12415, 4),
('ouf1bi9k3ug', 'Cidade', 1, 0, 0, 20846, 20846, 4),
('tx96f5gu0jr', 'Fax', 1, 0, 0, 19640, 19640, 4),
('tx96f5gu0jr', 'Pais', 1, 0, 0, 19639, 19639, 4),
('tx96f5gu0jr', 'Estado', 1, 0, 0, 19638, 19638, 4),
('29ktlsz2rzk', 'Descrição dos equipamentos', 2, 1, 1, 7801, 7801, 4),
('29ktlsz2rzk', 'Pais', 1, 1, 1, 7800, 7800, 4),
('29ktlsz2rzk', 'Estado', 1, 1, 1, 7799, 7799, 4),
('nu6sqpgo8az', 'TELEFONE', 1, 1, 1, 20883, 20883, 4),
('r94dlwm865z', 'Nome completo', 1, 1, 0, 16361, 16361, 4),
('r94dlwm865z', 'Telefones de contato', 1, 1, 0, 16362, 16362, 4),
('oo27rzp43er', 'Nome', 1, 1, 1, 10530, 10530, 4),
('bvbcwxggctk', 'Mensagem', 2, 1, 0, 19313, 19313, 4),
('bvbcwxggctk', 'Primeiro nome', 1, 0, 0, 19314, 19314, 4),
('oo27rzp43er', 'Comentários', 1, 0, 0, 10544, 10544, 4),
('oo27rzp43er', 'Pessoa de Contato', 1, 0, 0, 10543, 10543, 4),
('2f0ybulj9kq', 'Pessoa de Contato', 1, 0, 0, 20835, 20835, 4),
('2f0ybulj9kq', 'Fax', 1, 0, 0, 20834, 20834, 4),
('r94dlwm865z', 'Forma de pagamento', 1, 1, 0, 16367, 16367, 4),
('r94dlwm865z', 'Localização desejada', 2, 1, 0, 16368, 16368, 4),
('r94dlwm865z', 'Características desejadas para o imóvel', 2, 1, 0, 16369, 16369, 4),
('nf2kh1704cg', 'Comentários', 1, 0, 0, 20794, 20794, 4),
('nf2kh1704cg', 'Pessoa de Contato', 1, 0, 0, 20793, 20793, 4),
('nc259t11l9u', 'Fax', 1, 0, 0, 10966, 10966, 4),
('nc259t11l9u', 'Pessoa de Contato', 1, 0, 0, 10967, 10967, 4),
('ytpcl6nleh5', 'Nome completo', 1, 1, 0, 16453, 16453, 4),
('yvhto7br4wf', 'Endereço', 1, 0, 0, 16317, 16317, 4),
('yvhto7br4wf', 'CEP', 1, 0, 0, 16318, 16318, 4),
('yvhto7br4wf', 'Cidade', 1, 0, 0, 16319, 16319, 4),
('yvhto7br4wf', 'Estado', 1, 0, 0, 16320, 16320, 4),
('sybta7v4hd6', 'Comentários', 1, 0, 0, 20474, 20474, 4),
('sybta7v4hd6', 'Pessoa de Contato', 1, 0, 0, 20473, 20473, 4),
('sybta7v4hd6', 'Fax', 1, 0, 0, 20472, 20472, 4),
('sybta7v4hd6', 'Pais', 1, 0, 0, 20471, 20471, 4),
('yvhto7br4wf', 'Primeiro nome', 1, 0, 0, 16314, 16314, 4),
('yvhto7br4wf', 'Assunto', 1, 1, 0, 16313, 16313, 4),
('yvhto7br4wf', 'Nome completo', 1, 1, 0, 16311, 16311, 4),
('yvhto7br4wf', 'Telefones de contato', 1, 1, 0, 16312, 16312, 4),
('q9i9y17trj2', 'Primeiro nome', 1, 0, 0, 14058, 14058, 4),
('q9i9y17trj2', 'Último nome', 1, 0, 0, 14059, 14059, 4),
('q9i9y17trj2', 'Endereço', 1, 0, 0, 14060, 14060, 4),
('q9i9y17trj2', 'Pais', 1, 0, 0, 14061, 14061, 4),
('q9i9y17trj2', 'Fax', 1, 0, 0, 14062, 14062, 4),
('q9i9y17trj2', 'Pessoa de Contato', 1, 0, 0, 14063, 14063, 4),
('bkmwjf2rq5s', 'Pais', 1, 0, 0, 16971, 16971, 4),
('bkmwjf2rq5s', 'Fax', 1, 0, 0, 16972, 16972, 4),
('pl6ya8jnbcl', 'Último nome', 1, 0, 0, 16301, 16301, 4),
('pl6ya8jnbcl', 'Primeiro nome', 1, 0, 0, 16300, 16300, 4),
('e17bv70fbfk', 'Nome Completo', 1, 1, 0, 16336, 16336, 4),
('e17bv70fbfk', 'Telefone', 1, 1, 0, 16337, 16337, 4),
('e17bv70fbfk', 'E-mail', 4, 1, 0, 16338, 16338, 4),
('e17bv70fbfk', 'Vender ou Alugar', 1, 1, 0, 16339, 16339, 4),
('e17bv70fbfk', 'Residencial, Comercial ou Industrial? ', 1, 1, 0, 16340, 16340, 4),
('e17bv70fbfk', 'Área Total', 1, 1, 0, 16341, 16341, 4),
('e17bv70fbfk', 'Área útil', 1, 1, 0, 16342, 16342, 4),
('e17bv70fbfk', 'Dormitório/Salas', 1, 1, 0, 16343, 16343, 4),
('an185e7fm6r', 'Empresa', 1, 1, 0, 16225, 16225, 4),
('an185e7fm6r', 'Departamento', 1, 1, 0, 16226, 16226, 4),
('an185e7fm6r', 'Nome compelto', 1, 1, 0, 16227, 16227, 4),
('an185e7fm6r', 'E-mail', 4, 1, 0, 16228, 16228, 4),
('an185e7fm6r', 'Telefones de contato', 1, 1, 0, 16229, 16229, 4),
('an185e7fm6r', 'Descreva sua solicitação', 2, 1, 0, 16230, 16230, 4),
('an185e7fm6r', 'Primeiro nome', 1, 0, 0, 16231, 16231, 4),
('an185e7fm6r', 'Último nome', 1, 0, 0, 16232, 16232, 4),
('an185e7fm6r', 'Endereço', 1, 0, 0, 16233, 16233, 4),
('an185e7fm6r', 'CEP', 1, 0, 0, 16234, 16234, 4),
('6uz0kko6wlv', 'Cidade', 1, 0, 0, 16202, 16202, 4),
('7mqd8y6rfy2', 'Fax', 1, 0, 0, 18828, 18828, 4),
('7mqd8y6rfy2', 'Pais', 1, 0, 0, 18827, 18827, 4),
('oo27rzp43er', 'Pais', 1, 0, 0, 10541, 10541, 4),
('oo27rzp43er', 'Estado', 1, 0, 0, 10540, 10540, 4),
('oo27rzp43er', 'Cidade', 1, 0, 0, 10539, 10539, 4),
('oo27rzp43er', 'CEP', 1, 0, 0, 10538, 10538, 4),
('kfnuf7y6y9l', 'Comentários', 1, 0, 0, 10529, 10529, 4),
('kfnuf7y6y9l', 'Pessoa de Contato', 1, 0, 0, 10528, 10528, 4),
('kfnuf7y6y9l', 'Fax', 1, 0, 0, 10527, 10527, 4),
('kfnuf7y6y9l', 'Pais', 1, 0, 0, 10526, 10526, 4),
('kfnuf7y6y9l', 'Estado', 1, 0, 0, 10525, 10525, 4),
('29ktlsz2rzk', 'Nome', 1, 1, 1, 7793, 7793, 4),
('29ktlsz2rzk', 'Empresa', 1, 1, 1, 7794, 7794, 4),
('29ktlsz2rzk', 'E-mail', 4, 1, 1, 7795, 7795, 4),
('29ktlsz2rzk', 'Endereço', 1, 1, 1, 7796, 7796, 4),
('29ktlsz2rzk', 'CEP', 1, 1, 1, 7797, 7797, 4),
('29ktlsz2rzk', 'Cidade', 1, 1, 1, 7798, 7798, 4),
('0cc2kyc8fyw', 'Estado', 1, 0, 0, 19549, 19549, 4),
('0cc2kyc8fyw', 'Pais', 1, 0, 0, 19550, 19550, 4),
('0cc2kyc8fyw', 'Fax', 1, 0, 0, 19551, 19551, 4),
('0cc2kyc8fyw', 'Pessoa de Contato', 1, 0, 0, 19552, 19552, 4),
('0cc2kyc8fyw', 'Comentários', 1, 0, 0, 19553, 19553, 4),
('r9hljbvezif', 'Comentários', 1, 0, 0, 19540, 19540, 4),
('r9hljbvezif', 'Pessoa de Contato', 1, 0, 0, 19539, 19539, 4),
('r9hljbvezif', 'Fax', 1, 0, 0, 19538, 19538, 4),
('r9hljbvezif', 'Pais', 1, 0, 0, 19537, 19537, 4),
('r9hljbvezif', 'Estado', 1, 0, 0, 19536, 19536, 4),
('r9hljbvezif', 'Cidade', 1, 0, 0, 19535, 19535, 4),
('r9hljbvezif', 'Nome', 1, 1, 0, 19528, 19528, 4),
('r9hljbvezif', 'Telefone', 1, 1, 0, 19529, 19529, 4),
('r9hljbvezif', 'E-mail', 4, 1, 0, 19530, 19530, 4),
('r9hljbvezif', 'Primeiro nome', 1, 0, 0, 19531, 19531, 4),
('r9hljbvezif', 'Último nome', 1, 0, 0, 19532, 19532, 4),
('r9hljbvezif', 'Endereço', 1, 0, 0, 19533, 19533, 4),
('r9hljbvezif', 'CEP', 1, 0, 0, 19534, 19534, 4),
('bvbcwxggctk', 'Nome completo', 1, 1, 0, 19311, 19311, 4),
('bvbcwxggctk', 'E-mail', 4, 1, 0, 19312, 19312, 4),
('3vkx044phcs', 'Pessoa de Contato', 1, 0, 0, 19254, 19254, 4),
('3vkx044phcs', 'Fax', 1, 0, 0, 19253, 19253, 4),
('tu3lit8h9tg', 'Seu Nome', 1, 1, 1, 19227, 19227, 4),
('tu3lit8h9tg', 'E-mail', 4, 1, 1, 19228, 19228, 4),
('tx96f5gu0jr', 'Primeiro nome', 1, 0, 0, 19633, 19633, 4),
('tx96f5gu0jr', 'Último nome', 1, 0, 0, 19634, 19634, 4),
('63p3g1fmb2r', 'Pessoa de Contato', 1, 0, 0, 19581, 19581, 4),
('tx96f5gu0jr', 'Cidade', 1, 0, 0, 19637, 19637, 4),
('tx96f5gu0jr', 'CEP', 1, 0, 0, 19636, 19636, 4),
('tx96f5gu0jr', 'Endereço', 1, 0, 0, 19635, 19635, 4),
('ks1qzjvqxdx', 'Assunto', 2, 1, 1, 14176, 14176, 4),
('ks1qzjvqxdx', 'Primeiro nome', 1, 0, 0, 14177, 14177, 4),
('ks1qzjvqxdx', 'Último nome', 1, 0, 0, 14178, 14178, 4),
('ks1qzjvqxdx', 'Endereço', 1, 0, 0, 14179, 14179, 4),
('ks1qzjvqxdx', 'CEP', 1, 0, 0, 14180, 14180, 4),
('ks1qzjvqxdx', 'Cidade', 1, 0, 0, 14181, 14181, 4),
('ks1qzjvqxdx', 'Estado', 1, 0, 0, 14182, 14182, 4),
('ff7ixl5flxc', 'Comentários', 1, 0, 0, 14171, 14171, 4),
('ff7ixl5flxc', 'Pessoa de Contato', 1, 0, 0, 14170, 14170, 4),
('ff7ixl5flxc', 'Fax', 1, 0, 0, 14169, 14169, 4),
('ff7ixl5flxc', 'Pais', 1, 0, 0, 14168, 14168, 4),
('ff7ixl5flxc', 'CEP', 1, 0, 0, 14167, 14167, 4),
('ff7ixl5flxc', 'Endereço', 1, 0, 0, 14166, 14166, 4),
('ff7ixl5flxc', 'Último nome', 1, 0, 0, 14165, 14165, 4),
('ff7ixl5flxc', 'Primeiro nome', 1, 0, 0, 14164, 14164, 4),
('ff7ixl5flxc', 'Assunto', 2, 1, 1, 14163, 14163, 4),
('ff7ixl5flxc', 'E-mail', 4, 1, 1, 14162, 14162, 4),
('ff7ixl5flxc', 'Estado', 1, 1, 1, 14161, 14161, 4),
('ff7ixl5flxc', 'Nome', 1, 1, 1, 14157, 14157, 4),
('ff7ixl5flxc', 'Telefone com DDD', 3, 1, 1, 14158, 14158, 4),
('ff7ixl5flxc', 'Celular com DDD', 3, 1, 1, 14159, 14159, 4),
('ff7ixl5flxc', 'Cidade', 1, 1, 1, 14160, 14160, 4),
('mvz3nxcin95', 'Primeiro nome', 1, 1, 0, 21065, 21065, 4),
('mvz3nxcin95', 'Último nome', 1, 1, 0, 21066, 21066, 4),
('mvz3nxcin95', 'E-mail', 4, 1, 0, 21067, 21067, 4),
('mvz3nxcin95', 'Endereço', 1, 0, 0, 21068, 21068, 4),
('mvz3nxcin95', 'CEP', 1, 0, 0, 21069, 21069, 4),
('mvz3nxcin95', 'Cidade', 1, 0, 0, 21070, 21070, 4),
('mvz3nxcin95', 'Estado', 1, 0, 0, 21071, 21071, 4),
('mvz3nxcin95', 'Pais', 1, 0, 0, 21072, 21072, 4),
('mvz3nxcin95', 'Fax', 1, 0, 0, 21073, 21073, 4),
('mvz3nxcin95', 'Pessoa de Contato', 1, 0, 0, 21074, 21074, 4),
('mvz3nxcin95', 'Comentários', 1, 0, 0, 21075, 21075, 4),
('h13n2eqk6c7', 'Primeiro nome', 1, 1, 0, 21076, 21076, 4),
('h13n2eqk6c7', 'Último nome', 1, 1, 0, 21077, 21077, 4),
('h13n2eqk6c7', 'E-mail', 4, 1, 0, 21078, 21078, 4),
('sqb65xuuwcl', 'Primeiro nome', 1, 0, 0, 12416, 12416, 4),
('sqb65xuuwcl', 'Último nome', 1, 0, 0, 12417, 12417, 4),
('bkmwjf2rq5s', 'Reclame aqui ', 2, 1, 1, 16964, 16964, 4),
('0chyfokr2po', 'Pais', 1, 0, 0, 20323, 20323, 4),
('0chyfokr2po', 'Estado', 1, 0, 0, 20322, 20322, 4),
('0chyfokr2po', 'CEP', 1, 0, 0, 20321, 20321, 4),
('0chyfokr2po', 'Último nome', 1, 0, 0, 20320, 20320, 4),
('0chyfokr2po', 'Primeiro nome', 1, 0, 0, 20319, 20319, 4),
('0chyfokr2po', 'Comentários', 2, 1, 1, 20318, 20318, 4),
('0chyfokr2po', 'Cidade', 1, 1, 1, 20317, 20317, 4),
('0chyfokr2po', 'Endereço', 1, 1, 1, 20316, 20316, 4),
('0chyfokr2po', 'E-mail', 4, 1, 1, 20315, 20315, 4),
('0chyfokr2po', 'nome', 1, 1, 1, 20314, 20314, 4),
('o7kiypjht55', 'Primeiro nome', 1, 1, 0, 20348, 20348, 4),
('o7kiypjht55', 'Último nome', 1, 1, 0, 20349, 20349, 4),
('o7kiypjht55', 'Telefone', 1, 1, 0, 20350, 20350, 4),
('o7kiypjht55', 'E-mail', 4, 1, 0, 20351, 20351, 4),
('o7kiypjht55', 'Assunto', 1, 1, 0, 20352, 20352, 4),
('o7kiypjht55', 'Endereço', 1, 0, 0, 20353, 20353, 4),
('o7kiypjht55', 'CEP', 1, 0, 0, 20354, 20354, 4),
('o7kiypjht55', 'Cidade', 1, 0, 0, 20355, 20355, 4),
('o7kiypjht55', 'Estado', 1, 0, 0, 20356, 20356, 4),
('o7kiypjht55', 'Pais', 1, 0, 0, 20357, 20357, 4),
('o7kiypjht55', 'Fax', 1, 0, 0, 20358, 20358, 4),
('o7kiypjht55', 'Pessoa de Contato', 1, 0, 0, 20359, 20359, 4),
('o7kiypjht55', 'Comentários', 1, 0, 0, 20360, 20360, 4),
('patxhkfym0q', 'cidade/UF', 1, 1, 1, 20698, 20698, 4),
('p82mkfgeznu', 'Último nome', 1, 0, 0, 20661, 20661, 4),
('kxya7fsrjdp', 'Estado', 1, 0, 0, 11659, 11659, 4),
('kxya7fsrjdp', 'CEP', 1, 0, 0, 11658, 11658, 4),
('5rsflc8j57s', 'Comentários', 1, 0, 0, 11449, 11449, 4),
('5rsflc8j57s', 'Pessoa de Contato', 1, 0, 0, 11448, 11448, 4),
('5rsflc8j57s', 'Fax', 1, 0, 0, 11447, 11447, 4),
('kxya7fsrjdp', 'Comentários', 1, 0, 0, 11663, 11663, 4),
('nc259t11l9u', 'Estado', 1, 0, 0, 10964, 10964, 4),
('nc259t11l9u', 'Cidade', 1, 0, 0, 10963, 10963, 4),
('nc259t11l9u', 'CEP', 1, 0, 0, 10962, 10962, 4),
('nc259t11l9u', 'Endereço', 1, 0, 0, 10961, 10961, 4),
('nc259t11l9u', 'Nome', 1, 1, 0, 10956, 10956, 4),
('nc259t11l9u', 'Último nome', 1, 1, 0, 10957, 10957, 4),
('nc259t11l9u', 'E-mail', 4, 1, 0, 10958, 10958, 4),
('nc259t11l9u', 'Comentários', 2, 1, 0, 10959, 10959, 4),
('nc259t11l9u', 'Primeiro nome', 1, 0, 0, 10960, 10960, 4),
('7nj3x2ij6dx', 'Primeiro nome', 1, 0, 0, 10472, 10472, 4),
('7nj3x2ij6dx', 'Dados para orçamento', 2, 1, 1, 10471, 10471, 4),
('7nj3x2ij6dx', 'Empresa', 1, 1, 1, 10461, 10461, 4),
('7nj3x2ij6dx', 'Ramo', 1, 1, 0, 10462, 10462, 4),
('7nj3x2ij6dx', 'E-mail', 4, 1, 1, 10463, 10463, 4),
('7nj3x2ij6dx', 'Fone', 3, 1, 1, 10464, 10464, 4),
('7nj3x2ij6dx', 'Endereço', 1, 1, 0, 10465, 10465, 4),
('7nj3x2ij6dx', 'CEP', 1, 1, 0, 10466, 10466, 4),
('7nj3x2ij6dx', 'Cidade', 1, 1, 0, 10467, 10467, 4),
('7nj3x2ij6dx', 'Estado', 1, 1, 0, 10468, 10468, 4),
('7nj3x2ij6dx', 'Pais', 1, 1, 0, 10469, 10469, 4),
('7nj3x2ij6dx', 'Pessoa de Contato', 1, 1, 1, 10470, 10470, 4),
('nu6sqpgo8az', 'E-MAIL', 1, 1, 1, 20885, 20885, 4),
('b03tvf4uwyc', 'Estado', 1, 0, 0, 18282, 18282, 4),
('o2n4p32coup', 'Estado', 1, 0, 0, 8193, 8193, 4),
('sb0omid890v', 'Endereço', 1, 0, 0, 14140, 14140, 4),
('sb0omid890v', 'CEP', 1, 0, 0, 14141, 14141, 4),
('sb0omid890v', 'Pais', 1, 0, 0, 14142, 14142, 4),
('asft90fg4we', 'Nome', 1, 1, 0, 8223, 8223, 4),
('asft90fg4we', 'E-mail', 4, 1, 0, 8224, 8224, 4),
('asft90fg4we', 'Modalidade on-line (Sim ou Não)', 4, 1, 0, 8225, 8225, 4),
('t4kwkskj6kp', 'Primeiro nome', 1, 0, 0, 10574, 10574, 4),
('t4kwkskj6kp', 'Último nome', 1, 0, 0, 10575, 10575, 4),
('b03tvf4uwyc', 'Comentários', 1, 0, 0, 18286, 18286, 4),
('b03tvf4uwyc', 'Pessoa de Contato', 1, 0, 0, 18285, 18285, 4),
('b03tvf4uwyc', 'Pais', 1, 0, 0, 18283, 18283, 4),
('b03tvf4uwyc', 'Fax', 1, 0, 0, 18284, 18284, 4),
('sb0omid890v', 'Último nome', 1, 0, 0, 14139, 14139, 4),
('2861v5apmio', 'Estado', 1, 0, 0, 20913, 20913, 4),
('2861v5apmio', 'Nome', 1, 1, 0, 20899, 20899, 4),
('2861v5apmio', 'CPF', 1, 1, 0, 20900, 20900, 4),
('2861v5apmio', 'Endereço Completo', 1, 1, 0, 20901, 20901, 4),
('2861v5apmio', 'E-mail', 4, 1, 0, 20902, 20902, 4),
('2861v5apmio', 'Confirmar E-mail', 4, 1, 0, 20903, 20903, 4),
('2861v5apmio', 'Telefones (res.com.cel.)', 1, 1, 0, 20904, 20904, 4),
('2861v5apmio', 'Profissão', 1, 1, 0, 20905, 20905, 4),
('2861v5apmio', 'Renda líquida', 1, 1, 0, 20906, 20906, 4),
('2861v5apmio', 'Valor do empréstimo', 1, 1, 0, 20907, 20907, 4),
('2861v5apmio', 'Primeiro nome', 1, 0, 0, 20908, 20908, 4),
('2861v5apmio', 'Último nome', 1, 0, 0, 20909, 20909, 4),
('2861v5apmio', 'Endereço', 1, 0, 0, 20910, 20910, 4),
('2861v5apmio', 'CEP', 1, 0, 0, 20911, 20911, 4),
('2861v5apmio', 'Cidade', 1, 0, 0, 20912, 20912, 4),
('8cgs8uehmj1', 'Estado', 1, 0, 0, 16621, 16621, 4),
('8cgs8uehmj1', 'Cidade', 1, 0, 0, 16620, 16620, 4),
('8cgs8uehmj1', 'CEP', 1, 0, 0, 16619, 16619, 4),
('vbffevcc43c', 'Cidade', 1, 1, 1, 20182, 20182, 4),
('995ppge8t2g', 'Cidade', 1, 0, 0, 11522, 11522, 4),
('995ppge8t2g', 'Estado', 1, 0, 0, 11523, 11523, 4),
('995ppge8t2g', 'Pais', 1, 0, 0, 11524, 11524, 4),
('995ppge8t2g', 'Fax', 1, 0, 0, 11525, 11525, 4),
('995ppge8t2g', 'Pessoa de Contato', 1, 0, 0, 11526, 11526, 4),
('995ppge8t2g', 'Comentários', 1, 0, 0, 11527, 11527, 4),
('id45oa8p71i', 'Comentários', 2, 1, 0, 20931, 20931, 4),
('id45oa8p71i', 'Primeiro nome', 1, 0, 0, 20932, 20932, 4),
('id45oa8p71i', 'Último nome', 1, 0, 0, 20933, 20933, 4),
('id45oa8p71i', 'Endereço', 1, 0, 0, 20934, 20934, 4),
('id45oa8p71i', 'CEP', 1, 0, 0, 20935, 20935, 4),
('id45oa8p71i', 'Cidade', 1, 0, 0, 20936, 20936, 4),
('id45oa8p71i', 'Estado', 1, 0, 0, 20937, 20937, 4),
('id45oa8p71i', 'Pais', 1, 0, 0, 20938, 20938, 4),
('id45oa8p71i', 'Fax', 1, 0, 0, 20939, 20939, 4),
('id45oa8p71i', 'Pessoa de Contato', 1, 0, 0, 20940, 20940, 4),
('e17bv70fbfk', 'Endereço completo do imóvel', 1, 1, 0, 16345, 16345, 4),
('e17bv70fbfk', 'Vagas de garagem', 1, 1, 0, 16344, 16344, 4),
('ey327ms0m8l', 'Hora', 1, 1, 0, 19339, 19339, 4),
('ey327ms0m8l', 'Data', 8, 1, 0, 19338, 19338, 4),
('yh7ierjp99v', 'Comentários', 1, 1, 0, 14702, 14702, 4),
('vbffevcc43c', 'empresa', 1, 1, 1, 20179, 20179, 4),
('vbffevcc43c', 'E-mail', 4, 1, 1, 20180, 20180, 4),
('ol1hojrz3bh', 'Primeiro nome', 1, 1, 1, 19925, 19925, 4),
('ol1hojrz3bh', 'Último nome', 1, 1, 1, 19926, 19926, 4),
('ol1hojrz3bh', 'E-mail', 4, 1, 1, 19927, 19927, 4),
('ol1hojrz3bh', 'Cidade', 1, 1, 1, 19928, 19928, 4),
('ol1hojrz3bh', 'comentário', 2, 1, 1, 19929, 19929, 4),
('ol1hojrz3bh', 'Endereço', 1, 0, 0, 19930, 19930, 4),
('ol1hojrz3bh', 'CEP', 1, 0, 0, 19931, 19931, 4),
('ol1hojrz3bh', 'Estado', 1, 0, 0, 19932, 19932, 4),
('g05fjl5bt6q', 'Local chegada', 1, 1, 1, 16947, 16947, 4),
('g05fjl5bt6q', 'E-mail', 4, 1, 1, 16948, 16948, 4),
('g05fjl5bt6q', 'telefone com DDD', 1, 1, 1, 16949, 16949, 4),
('g05fjl5bt6q', 'Preço desejado', 1, 1, 1, 16950, 16950, 4),
('g05fjl5bt6q', 'Comentários', 2, 1, 0, 16951, 16951, 4),
('g05fjl5bt6q', 'Primeiro nome', 1, 0, 0, 16952, 16952, 4),
('g05fjl5bt6q', 'Último nome', 1, 0, 0, 16953, 16953, 4),
('g05fjl5bt6q', 'Endereço', 1, 0, 0, 16954, 16954, 4),
('g05fjl5bt6q', 'CEP', 1, 0, 0, 16955, 16955, 4),
('jpf16te2uqm', 'Pessoa de Contato', 1, 1, 1, 19940, 19940, 4),
('jpf16te2uqm', 'produto (s)', 2, 1, 1, 19941, 19941, 4),
('jpf16te2uqm', 'Primeiro nome', 1, 0, 0, 19942, 19942, 4),
('jpf16te2uqm', 'Último nome', 1, 0, 0, 19943, 19943, 4),
('jpf16te2uqm', 'Endereço', 1, 0, 0, 19944, 19944, 4),
('jpf16te2uqm', 'CEP', 1, 0, 0, 19945, 19945, 4),
('jpf16te2uqm', 'Estado', 1, 0, 0, 19946, 19946, 4),
('jnxe3nciprc', 'CEP', 1, 0, 0, 19563, 19563, 4),
('jnxe3nciprc', 'Endereço', 1, 0, 0, 19562, 19562, 4),
('jnxe3nciprc', 'Último nome', 1, 0, 0, 19561, 19561, 4),
('jnxe3nciprc', 'Primeiro nome', 1, 0, 0, 19560, 19560, 4),
('jnxe3nciprc', 'Cidade', 1, 1, 0, 19559, 19559, 4),
('jnxe3nciprc', 'Descrição do pedido', 2, 1, 0, 19558, 19558, 4),
('jnxe3nciprc', 'Teleforne', 3, 1, 0, 19557, 19557, 4),
('jnxe3nciprc', 'E-mail', 4, 1, 0, 19556, 19556, 4),
('jnxe3nciprc', 'Nº do comércio e Unidade', 1, 1, 0, 19555, 19555, 4),
('an185e7fm6r', 'Pessoa de Contato', 1, 0, 0, 16239, 16239, 4),
('an185e7fm6r', 'Comentários', 1, 0, 0, 16240, 16240, 4),
('hyoc4q6kevh', 'Pessoa de Contato', 1, 0, 0, 20653, 20653, 4),
('ojhgmwpqk4s', 'Telefone Cel. + Operadora', 1, 1, 0, 20429, 20429, 4),
('ojhgmwpqk4s', 'Profissão', 1, 1, 0, 20430, 20430, 4),
('ojhgmwpqk4s', 'Renda', 1, 1, 0, 20431, 20431, 4),
('ojhgmwpqk4s', 'Valor do Empréstimo', 1, 1, 0, 20432, 20432, 4),
('ojhgmwpqk4s', 'Como Conheceu Nossa Empresa?', 1, 1, 0, 20433, 20433, 4),
('ojhgmwpqk4s', 'Primeiro nome', 1, 0, 0, 20434, 20434, 4),
('ojhgmwpqk4s', 'Último nome', 1, 0, 0, 20435, 20435, 4),
('ojhgmwpqk4s', 'Endereço', 1, 0, 0, 20436, 20436, 4),
('ojhgmwpqk4s', 'Cidade', 1, 0, 0, 20437, 20437, 4),
('ojhgmwpqk4s', 'Estado', 1, 0, 0, 20438, 20438, 4),
('phguyqwjbhp', 'Último nome', 1, 0, 0, 6770, 6770, 4),
('phguyqwjbhp', 'Primeiro nome', 1, 0, 0, 6769, 6769, 4),
('phguyqwjbhp', 'Descreva os produtos para orçamento', 1, 1, 1, 6768, 6768, 4),
('phguyqwjbhp', 'Pessoa de Contato', 1, 1, 1, 6767, 6767, 4),
('phguyqwjbhp', 'E-mail', 4, 1, 1, 6760, 6760, 4),
('phguyqwjbhp', 'Endereço', 1, 1, 1, 6761, 6761, 4),
('phguyqwjbhp', 'CEP', 1, 1, 1, 6762, 6762, 4),
('phguyqwjbhp', 'Cidade', 1, 1, 1, 6763, 6763, 4),
('phguyqwjbhp', 'Estado', 1, 1, 1, 6764, 6764, 4),
('phguyqwjbhp', 'Pais', 1, 1, 1, 6765, 6765, 4),
('phguyqwjbhp', 'DDD + Telefone', 3, 1, 1, 6766, 6766, 4),
('nu6sqpgo8az', 'CONFR.E-MAIL', 1, 1, 1, 20886, 20886, 4),
('b03tvf4uwyc', 'Cidade', 1, 0, 0, 18281, 18281, 4),
('b03tvf4uwyc', 'CEP', 1, 0, 0, 18280, 18280, 4),
('b03tvf4uwyc', 'Endereço', 1, 0, 0, 18279, 18279, 4),
('b03tvf4uwyc', 'Último nome', 1, 0, 0, 18278, 18278, 4),
('b03tvf4uwyc', 'Primeiro nome', 1, 0, 0, 18277, 18277, 4),
('e17bv70fbfk', 'Comentários', 1, 0, 0, 16360, 16360, 4),
('hnkk78j4365', 'Pais', 1, 0, 0, 16332, 16332, 4),
('hnkk78j4365', 'Fax', 1, 0, 0, 16333, 16333, 4),
('hnkk78j4365', 'Pessoa de Contato', 1, 0, 0, 16334, 16334, 4),
('hnkk78j4365', 'Comentários', 1, 0, 0, 16335, 16335, 4),
('e17bv70fbfk', 'Pessoa de Contato', 1, 0, 0, 16359, 16359, 4),
('pl6ya8jnbcl', 'E-mail', 4, 0, 0, 16302, 16302, 4),
('pl6ya8jnbcl', 'Endereço', 1, 0, 0, 16303, 16303, 4),
('pl6ya8jnbcl', 'CEP', 1, 0, 0, 16304, 16304, 4),
('pl6ya8jnbcl', 'Cidade', 1, 0, 0, 16305, 16305, 4),
('pl6ya8jnbcl', 'Estado', 1, 0, 0, 16306, 16306, 4),
('pl6ya8jnbcl', 'Pais', 1, 0, 0, 16307, 16307, 4),
('pl6ya8jnbcl', 'Fax', 1, 0, 0, 16308, 16308, 4),
('pl6ya8jnbcl', 'Pessoa de Contato', 1, 0, 0, 16309, 16309, 4),
('pl6ya8jnbcl', 'Comentários', 1, 0, 0, 16310, 16310, 4),
('ne6p94ohsc6', 'Comentários', 1, 0, 0, 11623, 11623, 4),
('ne6p94ohsc6', 'Pessoa de Contato', 1, 0, 0, 11622, 11622, 4),
('ne6p94ohsc6', 'Fax', 1, 0, 0, 11621, 11621, 4),
('sb0omid890v', 'Cidade', 1, 1, 0, 14134, 14134, 4),
('sb0omid890v', 'Celular com DDD', 3, 1, 0, 14133, 14133, 4),
('sb0omid890v', 'Telefone com DDD', 3, 1, 0, 14132, 14132, 4),
('sb0omid890v', 'Nome', 1, 1, 1, 14131, 14131, 4),
('ne6p94ohsc6', 'Pais', 1, 0, 0, 11620, 11620, 4),
('ne6p94ohsc6', 'Estado', 1, 0, 0, 11619, 11619, 4),
('ne6p94ohsc6', 'Cidade', 1, 0, 0, 11618, 11618, 4),
('ne6p94ohsc6', 'CEP', 1, 0, 0, 11617, 11617, 4),
('i8u27eob8br', 'Endereço', 1, 0, 0, 10483, 10483, 4),
('i8u27eob8br', 'CEP', 1, 0, 0, 10484, 10484, 4),
('i8u27eob8br', 'Cidade', 1, 0, 0, 10485, 10485, 4),
('i8u27eob8br', 'Estado', 1, 0, 0, 10486, 10486, 4),
('i8u27eob8br', 'Pais', 1, 0, 0, 10487, 10487, 4),
('i8u27eob8br', 'Fax', 1, 0, 0, 10488, 10488, 4),
('i8u27eob8br', 'Pessoa de Contato', 1, 0, 0, 10489, 10489, 4),
('i8u27eob8br', 'Comentários', 1, 0, 0, 10490, 10490, 4),
('bkmwjf2rq5s', 'Estado', 1, 0, 0, 16970, 16970, 4),
('bkmwjf2rq5s', 'Cidade', 1, 0, 0, 16969, 16969, 4),
('bkmwjf2rq5s', 'CEP', 1, 0, 0, 16968, 16968, 4),
('bkmwjf2rq5s', 'Endereço', 1, 0, 0, 16967, 16967, 4),
('t4kwkskj6kp', 'Endereço', 1, 0, 0, 10576, 10576, 4),
('b03tvf4uwyc', 'E-mail', 4, 1, 0, 18275, 18275, 4),
('b03tvf4uwyc', 'Mensagem', 2, 1, 0, 18276, 18276, 4),
('e17bv70fbfk', 'Fax', 1, 0, 0, 16358, 16358, 4),
('e17bv70fbfk', 'Estado', 1, 0, 0, 16356, 16356, 4),
('e17bv70fbfk', 'Pais', 1, 0, 0, 16357, 16357, 4),
('p82mkfgeznu', 'Pessoa de Contato', 1, 0, 0, 20667, 20667, 4),
('p82mkfgeznu', ' nome', 1, 1, 1, 20655, 20655, 4),
('p82mkfgeznu', 'cidade', 1, 1, 1, 20656, 20656, 4),
('p82mkfgeznu', 'E-mail', 4, 1, 1, 20657, 20657, 4),
('p82mkfgeznu', 'Endereço', 1, 1, 1, 20658, 20658, 4),
('p82mkfgeznu', 'mensagem', 2, 1, 1, 20659, 20659, 4),
('hyoc4q6kevh', 'E-mail', 4, 1, 1, 20643, 20643, 4),
('yhyv24b225u', 'Primeiro nome', 1, 1, 0, 20556, 20556, 4),
('yhyv24b225u', 'Empresa', 1, 1, 0, 20557, 20557, 4),
('27hyyzlk4nw', 'Pessoa de Contato', 1, 0, 0, 20500, 20500, 4),
('e17bv70fbfk', 'CEP', 1, 0, 0, 16354, 16354, 4),
('at57ykcsexg', 'Comentários', 1, 0, 0, 19393, 19393, 4),
('at57ykcsexg', 'Primeiro nome', 1, 1, 0, 19381, 19381, 4),
('at57ykcsexg', 'Último nome', 1, 1, 0, 19382, 19382, 4),
('7nj3x2ij6dx', 'Último nome', 1, 0, 0, 10473, 10473, 4),
('7nj3x2ij6dx', 'Fax', 1, 0, 0, 10474, 10474, 4),
('7nj3x2ij6dx', 'Comentários', 1, 0, 0, 10475, 10475, 4),
('id45oa8p71i', 'Nome', 1, 1, 0, 20929, 20929, 4),
('id45oa8p71i', 'E-mail', 4, 1, 0, 20930, 20930, 4),
('nu6sqpgo8az', 'Comentários', 1, 0, 0, 20898, 20898, 4),
('nu6sqpgo8az', 'Pessoa de Contato', 1, 0, 0, 20897, 20897, 4),
('nu6sqpgo8az', 'NOME ', 1, 1, 1, 20882, 20882, 4),
('lr8r6qofqrr', 'Nome da Empresa', 1, 1, 1, 11677, 11677, 4),
('lr8r6qofqrr', 'CNPJ', 1, 1, 1, 11678, 11678, 4),
('lr8r6qofqrr', 'Ramo de Atividade', 2, 1, 1, 11679, 11679, 4),
('lr8r6qofqrr', 'Número de empregados', 1, 1, 1, 11680, 11680, 4),
('lr8r6qofqrr', 'Telefone', 3, 1, 1, 11681, 11681, 4),
('lr8r6qofqrr', 'E-mail', 4, 1, 1, 11682, 11682, 4),
('lr8r6qofqrr', 'Endereço', 1, 1, 1, 11683, 11683, 4),
('e7wv4ije8rz', 'CEP', 1, 0, 0, 19362, 19362, 4),
('e7wv4ije8rz', 'Endereço', 1, 0, 0, 19361, 19361, 4),
('e7wv4ije8rz', 'Último nome', 1, 0, 0, 19360, 19360, 4),
('e7wv4ije8rz', 'Nome Completo', 1, 1, 0, 19351, 19351, 4),
('e7wv4ije8rz', 'Telefones', 1, 1, 0, 19352, 19352, 4),
('e7wv4ije8rz', 'E-mail', 4, 1, 0, 19353, 19353, 4),
('e7wv4ije8rz', 'Cidade onde mora', 1, 1, 0, 19354, 19354, 4),
('e7wv4ije8rz', 'Investir ou morar?', 1, 1, 0, 19355, 19355, 4),
('e7wv4ije8rz', 'Empreendimento', 1, 1, 0, 19356, 19356, 4),
('e7wv4ije8rz', 'Imóvel de interesse', 1, 1, 0, 19357, 19357, 4),
('e7wv4ije8rz', 'Comentários', 2, 1, 0, 19358, 19358, 4),
('e7wv4ije8rz', 'Primeiro nome', 1, 0, 0, 19359, 19359, 4),
('ouf1bi9k3ug', 'Comentários', 1, 0, 0, 20851, 20851, 4),
('voq3daz53rv', 'Comentários', 1, 0, 0, 20881, 20881, 4),
('nf2kh1704cg', 'Fax', 1, 0, 0, 20792, 20792, 4),
('tu3lit8h9tg', 'Mensagem', 2, 1, 1, 19231, 19231, 4),
('tu3lit8h9tg', 'Primeiro nome', 1, 0, 0, 19232, 19232, 4),
('tu3lit8h9tg', 'Último nome', 1, 0, 0, 19233, 19233, 4),
('tu3lit8h9tg', 'Endereço', 1, 0, 0, 19234, 19234, 4),
('tu3lit8h9tg', 'CEP', 1, 0, 0, 19235, 19235, 4),
('tu3lit8h9tg', 'Cidade', 1, 0, 0, 19236, 19236, 4),
('tu3lit8h9tg', 'Estado', 1, 0, 0, 19237, 19237, 4),
('tu3lit8h9tg', 'Pais', 1, 0, 0, 19238, 19238, 4),
('tu3lit8h9tg', 'Fax', 1, 0, 0, 19239, 19239, 4),
('tu3lit8h9tg', 'Pessoa de Contato', 1, 0, 0, 19240, 19240, 4),
('lr8r6qofqrr', 'CEP', 1, 1, 0, 11684, 11684, 4),
('lr8r6qofqrr', 'Cidade', 1, 1, 1, 11685, 11685, 4),
('lr8r6qofqrr', 'Estado', 1, 1, 1, 11686, 11686, 4),
('lr8r6qofqrr', 'Pais', 1, 1, 0, 11687, 11687, 4),
('lr8r6qofqrr', 'Pessoa de Contato', 1, 1, 1, 11688, 11688, 4),
('lr8r6qofqrr', 'Comentários', 2, 1, 0, 11689, 11689, 4),
('lr8r6qofqrr', 'Primeiro nome', 1, 0, 0, 11690, 11690, 4),
('lr8r6qofqrr', 'Último nome', 1, 0, 0, 11691, 11691, 4),
('lr8r6qofqrr', 'Fax', 1, 0, 0, 11692, 11692, 4),
('ne6p94ohsc6', 'Endereço', 1, 0, 0, 11616, 11616, 4),
('ne6p94ohsc6', 'Último nome', 1, 0, 0, 11615, 11615, 4),
('ne6p94ohsc6', 'Primeiro nome', 1, 0, 0, 11614, 11614, 4),
('ne6p94ohsc6', 'Comentário', 2, 1, 0, 11613, 11613, 4),
('ne6p94ohsc6', 'Telefone', 3, 1, 0, 11612, 11612, 4),
('ne6p94ohsc6', 'E-mail', 4, 1, 0, 11611, 11611, 4),
('ne6p94ohsc6', 'Nome', 1, 1, 0, 11609, 11609, 4),
('ne6p94ohsc6', 'Empresa (opcional)', 1, 1, 0, 11610, 11610, 4),
('jnxe3nciprc', 'Fax', 1, 0, 0, 19566, 19566, 4),
('jnxe3nciprc', 'Pais', 1, 0, 0, 19565, 19565, 4),
('jnxe3nciprc', 'Estado', 1, 0, 0, 19564, 19564, 4),
('jnxe3nciprc', 'Cliente', 1, 1, 0, 19554, 19554, 4),
('ey327ms0m8l', 'Cidade', 1, 0, 0, 19346, 19346, 4),
('ey327ms0m8l', 'Estado', 1, 0, 0, 19347, 19347, 4),
('ey327ms0m8l', 'Pais', 1, 0, 0, 19348, 19348, 4),
('ey327ms0m8l', 'Fax', 1, 0, 0, 19349, 19349, 4),
('ey327ms0m8l', 'Pessoa de Contato', 1, 0, 0, 19350, 19350, 4),
('kxya7fsrjdp', 'Curso de interesse', 2, 1, 0, 11650, 11650, 4),
('kxya7fsrjdp', 'Cidade', 1, 1, 0, 11651, 11651, 4),
('kxya7fsrjdp', 'Bairro', 1, 1, 0, 11652, 11652, 4),
('kxya7fsrjdp', 'Comentário e dúvidas', 2, 1, 0, 11653, 11653, 4),
('2861v5apmio', 'Comentários', 1, 0, 0, 20917, 20917, 4),
('5rsflc8j57s', 'Nome', 1, 1, 0, 11436, 11436, 4),
('5rsflc8j57s', 'E-mail', 4, 1, 0, 11437, 11437, 4),
('5rsflc8j57s', 'Telefone', 3, 1, 0, 11438, 11438, 4),
('5rsflc8j57s', 'Assunto', 2, 1, 0, 11439, 11439, 4),
('5rsflc8j57s', 'Primeiro nome', 1, 0, 0, 11440, 11440, 4),
('5rsflc8j57s', 'Último nome', 1, 0, 0, 11441, 11441, 4),
('5rsflc8j57s', 'Endereço', 1, 0, 0, 11442, 11442, 4),
('5rsflc8j57s', 'CEP', 1, 0, 0, 11443, 11443, 4),
('5rsflc8j57s', 'Cidade', 1, 0, 0, 11444, 11444, 4),
('5rsflc8j57s', 'Estado', 1, 0, 0, 11445, 11445, 4),
('5rsflc8j57s', 'Pais', 1, 0, 0, 11446, 11446, 4),
('kxya7fsrjdp', 'Telefone do aluno', 3, 1, 0, 11649, 11649, 4),
('mkhxzcs71ks', 'Pais', 1, 0, 0, 19207, 19207, 4),
('mkhxzcs71ks', 'Seu nome', 1, 1, 1, 19196, 19196, 4),
('mkhxzcs71ks', 'E-mail', 4, 1, 1, 19197, 19197, 4),
('mkhxzcs71ks', 'Telefone', 3, 1, 1, 19198, 19198, 4),
('mkhxzcs71ks', 'Assunto', 1, 1, 1, 19199, 19199, 4),
('mkhxzcs71ks', 'Mensagem', 2, 1, 1, 19200, 19200, 4),
('mkhxzcs71ks', 'Primeiro nome', 1, 0, 0, 19201, 19201, 4),
('mkhxzcs71ks', 'Último nome', 1, 0, 0, 19202, 19202, 4),
('kfnuf7y6y9l', 'Endereço', 1, 0, 0, 10522, 10522, 4),
('kxya7fsrjdp', 'Primeiro nome', 1, 0, 0, 11654, 11654, 4),
('kxya7fsrjdp', 'Nome do aluno', 1, 1, 0, 11647, 11647, 4),
('kxya7fsrjdp', 'Email do aluno', 4, 1, 0, 11648, 11648, 4),
('hyoc4q6kevh', 'Fax', 1, 0, 0, 20652, 20652, 4),
('66d7k4z1p2e', 'VALOR DO CRÉDITO', 1, 1, 1, 20752, 20752, 4),
('nql8wknancu', 'Pessoa de Contato', 1, 0, 0, 19194, 19194, 4),
('nql8wknancu', 'Fax', 1, 0, 0, 19193, 19193, 4),
('nql8wknancu', 'Pais', 1, 0, 0, 19192, 19192, 4),
('nql8wknancu', 'Estado', 1, 0, 0, 19191, 19191, 4),
('nql8wknancu', 'Cidade', 1, 0, 0, 19190, 19190, 4),
('nql8wknancu', 'CEP', 1, 0, 0, 19189, 19189, 4),
('7wba8ztm9yx', 'Comentários', 1, 0, 0, 8093, 8093, 4),
('7wba8ztm9yx', 'Pessoa de Contato', 1, 0, 0, 8092, 8092, 4),
('7wba8ztm9yx', 'Fax', 1, 0, 0, 8091, 8091, 4),
('7wba8ztm9yx', 'Pais', 1, 0, 0, 8090, 8090, 4),
('7wba8ztm9yx', 'Estado', 1, 0, 0, 8089, 8089, 4),
('7wba8ztm9yx', 'Cidade', 1, 0, 0, 8088, 8088, 4),
('7wba8ztm9yx', 'CEP', 1, 0, 0, 8087, 8087, 4),
('7wba8ztm9yx', 'Endereço', 1, 0, 0, 8086, 8086, 4),
('7wba8ztm9yx', 'Empresa', 1, 1, 0, 8080, 8080, 4),
('7wba8ztm9yx', 'Descrição da vaga', 2, 1, 0, 8081, 8081, 4),
('7wba8ztm9yx', 'E-mail', 4, 1, 0, 8082, 8082, 4),
('7wba8ztm9yx', 'Telefone', 3, 1, 0, 8083, 8083, 4),
('7wba8ztm9yx', 'Primeiro nome', 1, 0, 0, 8084, 8084, 4),
('7wba8ztm9yx', 'Último nome', 1, 0, 0, 8085, 8085, 4),
('438emsa6djx', 'Comentários', 1, 0, 0, 8079, 8079, 4),
('438emsa6djx', 'Pessoa de Contato', 1, 0, 0, 8078, 8078, 4),
('438emsa6djx', 'Fax', 1, 0, 0, 8077, 8077, 4),
('438emsa6djx', 'Pais', 1, 0, 0, 8076, 8076, 4),
('438emsa6djx', 'Estado', 1, 0, 0, 8075, 8075, 4),
('438emsa6djx', 'Nome', 1, 1, 0, 8062, 8062, 4),
('438emsa6djx', 'Telefone', 3, 1, 0, 8063, 8063, 4),
('438emsa6djx', 'E-mail', 4, 1, 0, 8064, 8064, 4),
('438emsa6djx', 'Enedereço', 1, 1, 0, 8065, 8065, 4),
('438emsa6djx', 'Função', 1, 1, 0, 8066, 8066, 4),
('438emsa6djx', 'Experiências', 2, 1, 0, 8067, 8067, 4),
('438emsa6djx', 'Formação', 3, 1, 0, 8068, 8068, 4),
('438emsa6djx', 'Cursos', 2, 1, 0, 8069, 8069, 4),
('438emsa6djx', 'Primeiro nome', 1, 0, 0, 8070, 8070, 4),
('438emsa6djx', 'Último nome', 1, 0, 0, 8071, 8071, 4),
('438emsa6djx', 'Endereço', 1, 0, 0, 8072, 8072, 4),
('438emsa6djx', 'CEP', 1, 0, 0, 8073, 8073, 4),
('438emsa6djx', 'Cidade', 1, 0, 0, 8074, 8074, 4),
('deykk1202nh', 'Fax', 1, 0, 0, 8037, 8037, 4),
('deykk1202nh', 'Pais', 1, 0, 0, 8036, 8036, 4),
('deykk1202nh', 'Estado', 1, 0, 0, 8035, 8035, 4),
('deykk1202nh', 'Primeiro nome', 1, 1, 0, 8029, 8029, 4),
('deykk1202nh', 'Último nome', 1, 1, 0, 8030, 8030, 4),
('deykk1202nh', 'E-mail', 4, 1, 0, 8031, 8031, 4),
('deykk1202nh', 'Endereço', 1, 0, 0, 8032, 8032, 4),
('deykk1202nh', 'CEP', 1, 0, 0, 8033, 8033, 4),
('deykk1202nh', 'Cidade', 1, 0, 0, 8034, 8034, 4),
('vbffevcc43c', 'Pais', 1, 0, 0, 20188, 20188, 4),
('vbffevcc43c', 'Fax', 1, 0, 0, 20189, 20189, 4),
('vbffevcc43c', 'Pessoa de Contato', 1, 0, 0, 20190, 20190, 4),
('nu6sqpgo8az', 'Fax', 1, 0, 0, 20896, 20896, 4),
('nu6sqpgo8az', 'Pais', 1, 0, 0, 20895, 20895, 4),
('28fxvgn3a5u', 'Primeiro nome', 1, 0, 0, 20987, 20987, 4),
('28fxvgn3a5u', 'Nome', 1, 1, 0, 20976, 20976, 4),
('28fxvgn3a5u', 'RG.', 1, 1, 0, 20977, 20977, 4),
('28fxvgn3a5u', 'CPF', 1, 1, 0, 20978, 20978, 4),
('e7wv4ije8rz', 'Cidade', 1, 0, 0, 19363, 19363, 4),
('sybta7v4hd6', 'Estado', 1, 0, 0, 20470, 20470, 4),
('sybta7v4hd6', 'CEP', 1, 0, 0, 20468, 20468, 4),
('sybta7v4hd6', 'Cidade', 1, 0, 0, 20469, 20469, 4),
('vwl4b0vde1x', 'Pessoa de Contato', 1, 0, 0, 19225, 19225, 4),
('6uz0kko6wlv', 'Fax', 1, 0, 0, 16205, 16205, 4),
('ml0q9px8zgc', 'Cidade', 1, 0, 0, 19305, 19305, 4),
('ml0q9px8zgc', 'Estado', 1, 0, 0, 19306, 19306, 4),
('ml0q9px8zgc', 'Pais', 1, 0, 0, 19307, 19307, 4),
('ml0q9px8zgc', 'Fax', 1, 0, 0, 19308, 19308, 4),
('ml0q9px8zgc', 'Pessoa de Contato', 1, 0, 0, 19309, 19309, 4),
('ml0q9px8zgc', 'Comentários', 1, 0, 0, 19310, 19310, 4),
('bvbcwxggctk', 'Fax', 1, 0, 0, 19321, 19321, 4),
('bvbcwxggctk', 'Pessoa de Contato', 1, 0, 0, 19322, 19322, 4),
('bvbcwxggctk', 'Comentários', 1, 0, 0, 19323, 19323, 4),
('vbffevcc43c', 'Comentários', 2, 1, 1, 20183, 20183, 4),
('vbffevcc43c', 'Primeiro nome', 1, 0, 0, 20184, 20184, 4),
('vbffevcc43c', 'Último nome', 1, 0, 0, 20185, 20185, 4),
('vbffevcc43c', 'CEP', 1, 0, 0, 20186, 20186, 4),
('vbffevcc43c', 'Estado', 1, 0, 0, 20187, 20187, 4),
('nu6sqpgo8az', 'Endereço', 1, 0, 0, 20891, 20891, 4),
('nu6sqpgo8az', 'E-mail', 4, 0, 0, 20890, 20890, 4),
('nu6sqpgo8az', 'Último nome', 1, 0, 0, 20889, 20889, 4),
('nu6sqpgo8az', 'Primeiro nome', 1, 0, 0, 20888, 20888, 4),
('nu6sqpgo8az', 'VALOR DO EMPRÉSTIMO', 1, 1, 0, 20887, 20887, 4),
('66d7k4z1p2e', 'RENDA LIQUIDA', 1, 1, 1, 20751, 20751, 4),
('66d7k4z1p2e', 'CONFIR.E-MAIL', 1, 1, 1, 20750, 20750, 4),
('66d7k4z1p2e', 'E-MAIL', 1, 1, 1, 20749, 20749, 4),
('66d7k4z1p2e', 'TELEFONES DE CONTATO', 1, 1, 1, 20748, 20748, 4),
('66d7k4z1p2e', 'ENDERECO ', 1, 1, 1, 20747, 20747, 4),
('66d7k4z1p2e', 'CPF', 1, 1, 1, 20746, 20746, 4),
('66d7k4z1p2e', 'NOME', 1, 1, 1, 20745, 20745, 4),
('0cc2kyc8fyw', 'Cidade', 1, 0, 0, 19548, 19548, 4),
('0cc2kyc8fyw', 'CEP', 1, 0, 0, 19547, 19547, 4),
('0cc2kyc8fyw', 'Endereço', 1, 0, 0, 19546, 19546, 4),
('0cc2kyc8fyw', 'Último nome', 1, 0, 0, 19545, 19545, 4),
('0cc2kyc8fyw', 'Primeiro nome', 1, 0, 0, 19544, 19544, 4),
('0cc2kyc8fyw', 'Nome', 1, 1, 0, 19541, 19541, 4),
('0cc2kyc8fyw', 'Telefone', 1, 1, 0, 19542, 19542, 4),
('0cc2kyc8fyw', 'E-mail', 4, 1, 0, 19543, 19543, 4),
('ouf1bi9k3ug', ' nome', 1, 1, 1, 20837, 20837, 4),
('ouf1bi9k3ug', 'cidade/UF', 1, 1, 1, 20838, 20838, 4),
('ouf1bi9k3ug', 'E-mail', 4, 1, 1, 20839, 20839, 4),
('ouf1bi9k3ug', 'telefone', 1, 1, 1, 20840, 20840, 4),
('ouf1bi9k3ug', 'comentário', 2, 1, 1, 20841, 20841, 4),
('q9i9y17trj2', 'Endereço completo', 2, 1, 1, 14054, 14054, 4),
('q9i9y17trj2', 'Estado', 1, 1, 1, 14053, 14053, 4),
('q9i9y17trj2', 'Cidade', 1, 1, 1, 14052, 14052, 4),
('q9i9y17trj2', 'Nome completo', 1, 1, 1, 14049, 14049, 4),
('q9i9y17trj2', 'Telefone com DDD', 3, 1, 1, 14050, 14050, 4),
('q9i9y17trj2', 'Celular com DDD', 3, 1, 1, 14051, 14051, 4),
('6uz0kko6wlv', 'Telefones de Contato', 1, 1, 0, 16196, 16196, 4),
('6uz0kko6wlv', 'Assunto/Motivo', 1, 1, 0, 16197, 16197, 4),
('6uz0kko6wlv', 'Primeiro nome', 1, 0, 0, 16198, 16198, 4),
('t4kwkskj6kp', 'Descreva produtos ou serviços para orçamento:', 2, 1, 1, 10573, 10573, 4),
('t4kwkskj6kp', 'Estado', 1, 1, 0, 10572, 10572, 4),
('8cgs8uehmj1', 'Pais', 1, 0, 0, 16622, 16622, 4),
('27hyyzlk4nw', 'Fax', 1, 0, 0, 20499, 20499, 4),
('ojhgmwpqk4s', 'Comentários', 1, 0, 0, 20442, 20442, 4),
('24091sym61d', 'Cidade', 1, 0, 0, 19522, 19522, 4),
('24091sym61d', 'Estado', 1, 0, 0, 19523, 19523, 4),
('24091sym61d', 'Pais', 1, 0, 0, 19524, 19524, 4),
('24091sym61d', 'Fax', 1, 0, 0, 19525, 19525, 4),
('kfnuf7y6y9l', 'Empresa', 1, 1, 1, 10513, 10513, 4),
('kfnuf7y6y9l', 'Contato', 1, 1, 1, 10514, 10514, 4),
('kfnuf7y6y9l', 'E-mail', 4, 1, 1, 10515, 10515, 4),
('kfnuf7y6y9l', 'Telefone', 3, 1, 1, 10516, 10516, 4),
('kfnuf7y6y9l', 'Garantia (sim) ou (não)', 1, 1, 1, 10518, 10518, 4),
('kfnuf7y6y9l', 'Prioridade: (alta),(média)ou (baixa)', 1, 1, 1, 10519, 10519, 4),
('kfnuf7y6y9l', 'Primeiro nome', 1, 0, 0, 10520, 10520, 4),
('kfnuf7y6y9l', 'Último nome', 1, 0, 0, 10521, 10521, 4),
('9ihz2pnhvhm', 'Pessoa de Contato', 1, 0, 0, 15678, 15678, 4),
('9ihz2pnhvhm', 'Fax', 1, 0, 0, 15677, 15677, 4),
('9ihz2pnhvhm', 'Pais', 1, 0, 0, 15676, 15676, 4),
('9ihz2pnhvhm', 'Estado', 1, 0, 0, 15675, 15675, 4),
('9ihz2pnhvhm', 'Cidade', 1, 0, 0, 15674, 15674, 4),
('9ihz2pnhvhm', 'CEP', 1, 0, 0, 15673, 15673, 4),
('9ihz2pnhvhm', 'Endereço', 1, 0, 0, 15672, 15672, 4),
('9ihz2pnhvhm', 'Último nome', 1, 0, 0, 15671, 15671, 4),
('9ihz2pnhvhm', 'Primeiro nome', 1, 0, 0, 15670, 15670, 4),
('9ihz2pnhvhm', 'Comentários', 2, 1, 0, 15669, 15669, 4),
('9ihz2pnhvhm', 'Telefone', 3, 1, 0, 15668, 15668, 4),
('24091sym61d', 'Comentários', 1, 0, 0, 19527, 19527, 4),
('b03tvf4uwyc', 'Nome completo', 1, 1, 0, 18274, 18274, 4),
('e17bv70fbfk', 'Ponto de referência', 1, 1, 0, 16346, 16346, 4),
('e17bv70fbfk', 'Valor de venda', 1, 1, 0, 16347, 16347, 4),
('e17bv70fbfk', 'Valor de locação', 1, 1, 0, 16348, 16348, 4),
('e17bv70fbfk', 'Autorizar a intermediação de venda e/ou locação', 1, 1, 0, 16349, 16349, 4),
('e17bv70fbfk', 'Informações adicionais sobre o imóvel', 1, 1, 0, 16350, 16350, 4),
('7mqd8y6rfy2', 'Pessoa de Contato', 1, 0, 0, 18829, 18829, 4),
('an185e7fm6r', 'Cidade', 1, 0, 0, 16235, 16235, 4),
('an185e7fm6r', 'Estado', 1, 0, 0, 16236, 16236, 4),
('an185e7fm6r', 'Pais', 1, 0, 0, 16237, 16237, 4),
('yh7ierjp99v', 'Pessoa de Contato', 1, 0, 0, 14708, 14708, 4),
('yh7ierjp99v', 'Fax', 1, 0, 0, 14707, 14707, 4),
('yh7ierjp99v', 'Pais', 1, 0, 0, 14706, 14706, 4),
('yh7ierjp99v', 'CEP', 1, 0, 0, 14705, 14705, 4),
('yh7ierjp99v', 'Último nome', 1, 0, 0, 14704, 14704, 4),
('yh7ierjp99v', 'Primeiro nome', 1, 0, 0, 14703, 14703, 4),
('onw8edy0kdl', 'Comentários', 1, 0, 0, 20821, 20821, 4),
('r94dlwm865z', 'Valor', 1, 1, 0, 16366, 16366, 4),
('r94dlwm865z', 'Compra ou venda?', 1, 1, 0, 16365, 16365, 4),
('r94dlwm865z', 'Casa, apartamento, comercial, industrial ou terreno?', 1, 1, 0, 16364, 16364, 4),
('r94dlwm865z', 'E-mail', 4, 1, 0, 16363, 16363, 4),
('7mqd8y6rfy2', 'Endereço', 1, 0, 0, 18823, 18823, 4),
('7mqd8y6rfy2', 'Último nome', 1, 0, 0, 18822, 18822, 4),
('7mqd8y6rfy2', 'Primeiro nome', 1, 0, 0, 18821, 18821, 4),
('7mqd8y6rfy2', 'Deixe sua mensagem', 2, 1, 1, 18820, 18820, 4),
('7mqd8y6rfy2', 'E-mail', 4, 1, 1, 18819, 18819, 4),
('7mqd8y6rfy2', 'Telefone', 3, 1, 0, 18818, 18818, 4),
('7mqd8y6rfy2', 'Nome', 1, 1, 1, 18817, 18817, 4),
('bvbcwxggctk', 'Estado', 1, 0, 0, 19319, 19319, 4),
('bvbcwxggctk', 'Pais', 1, 0, 0, 19320, 19320, 4),
('nu6sqpgo8az', 'Estado', 1, 0, 0, 20894, 20894, 4),
('t4kwkskj6kp', 'Telefone', 3, 1, 1, 10570, 10570, 4),
('t4kwkskj6kp', 'E-mail', 4, 1, 1, 10569, 10569, 4),
('t4kwkskj6kp', 'Empresa', 1, 1, 1, 10568, 10568, 4),
('t4kwkskj6kp', 'Nome', 1, 1, 1, 10567, 10567, 4),
('t4kwkskj6kp', 'Pessoa de Contato', 1, 0, 0, 10580, 10580, 4),
('t4kwkskj6kp', 'Comentários', 1, 0, 0, 10581, 10581, 4),
('e17bv70fbfk', 'Endereço', 1, 0, 0, 16353, 16353, 4),
('27woc7wx100', 'Pessoa de Contato', 1, 0, 0, 19180, 19180, 4),
('27woc7wx100', 'Fax', 1, 0, 0, 19179, 19179, 4),
('27woc7wx100', 'Primeiro nome', 1, 1, 1, 19170, 19170, 4),
('27woc7wx100', 'Último nome', 1, 1, 1, 19171, 19171, 4),
('27woc7wx100', 'E-mail', 4, 1, 1, 19172, 19172, 4),
('z48jml9pmk2', 'Comentários', 1, 0, 0, 15498, 15498, 4),
('tu3lit8h9tg', 'Telefone', 3, 1, 1, 19229, 19229, 4),
('995ppge8t2g', 'CEP', 1, 0, 0, 11521, 11521, 4),
('995ppge8t2g', 'Endereço', 1, 0, 0, 11520, 11520, 4),
('995ppge8t2g', 'Último nome', 1, 0, 0, 11519, 11519, 4),
('995ppge8t2g', 'Primeiro nome', 1, 0, 0, 11518, 11518, 4),
('995ppge8t2g', 'Nome', 1, 1, 0, 11514, 11514, 4),
('995ppge8t2g', 'E-mail', 4, 1, 0, 11515, 11515, 4),
('995ppge8t2g', 'Telefone', 3, 1, 0, 11516, 11516, 4),
('995ppge8t2g', 'Mensagem', 2, 1, 0, 11517, 11517, 4),
('9ihz2pnhvhm', 'E-mail', 4, 1, 0, 15667, 15667, 4),
('kjzqp4913hy', 'CEP', 1, 1, 0, 17316, 17316, 4),
('kjzqp4913hy', 'Estado', 2, 1, 1, 17315, 17315, 4),
('kjzqp4913hy', 'Nome', 2, 1, 1, 17310, 17310, 4),
('kjzqp4913hy', 'Empresa', 2, 1, 0, 17311, 17311, 4),
('kjzqp4913hy', 'E-mail', 4, 1, 1, 17312, 17312, 4),
('kjzqp4913hy', 'Endereço', 2, 1, 0, 17313, 17313, 4),
('kjzqp4913hy', 'Fone', 3, 1, 1, 17314, 17314, 4),
('nf2kh1704cg', 'Pais', 1, 0, 0, 20791, 20791, 4),
('nf2kh1704cg', 'Estado', 1, 0, 0, 20790, 20790, 4),
('nf2kh1704cg', 'Cidade', 1, 0, 0, 20789, 20789, 4),
('nf2kh1704cg', 'CEP', 1, 0, 0, 20788, 20788, 4),
('sybta7v4hd6', 'ENDEREÇO', 1, 1, 0, 20458, 20458, 4),
('sybta7v4hd6', 'NOME', 1, 1, 0, 20455, 20455, 4),
('sybta7v4hd6', 'CPF:', 1, 1, 0, 20456, 20456, 4),
('sybta7v4hd6', 'DATANASC', 1, 1, 0, 20457, 20457, 4),
('n87ncsmv59s', 'Nome', 1, 1, 0, 20443, 20443, 4),
('n87ncsmv59s', 'E-mail', 4, 1, 0, 20444, 20444, 4),
('n87ncsmv59s', 'Comentários', 2, 1, 0, 20445, 20445, 4),
('n87ncsmv59s', 'Primeiro nome', 1, 0, 0, 20446, 20446, 4),
('n87ncsmv59s', 'Último nome', 1, 0, 0, 20447, 20447, 4),
('n87ncsmv59s', 'Endereço', 1, 0, 0, 20448, 20448, 4),
('n87ncsmv59s', 'CEP', 1, 0, 0, 20449, 20449, 4),
('n87ncsmv59s', 'Cidade', 1, 0, 0, 20450, 20450, 4),
('n87ncsmv59s', 'Estado', 1, 0, 0, 20451, 20451, 4),
('n87ncsmv59s', 'Pais', 1, 0, 0, 20452, 20452, 4),
('n87ncsmv59s', 'Fax', 1, 0, 0, 20453, 20453, 4),
('n87ncsmv59s', 'Pessoa de Contato', 1, 0, 0, 20454, 20454, 4),
('0chyfokr2po', 'Fax', 1, 0, 0, 20324, 20324, 4),
('nf2kh1704cg', 'Endereço', 1, 0, 0, 20787, 20787, 4),
('vwl4b0vde1x', 'CEP', 1, 0, 0, 19220, 19220, 4),
('voq3daz53rv', 'CEP', 1, 0, 0, 20876, 20876, 4),
('voq3daz53rv', 'Endereço', 1, 0, 0, 20875, 20875, 4),
('voq3daz53rv', 'Último nome', 1, 0, 0, 20874, 20874, 4),
('voq3daz53rv', 'Primeiro nome', 1, 0, 0, 20873, 20873, 4),
('voq3daz53rv', 'Celular', 3, 1, 0, 20872, 20872, 4),
('voq3daz53rv', 'Telefone', 3, 1, 0, 20871, 20871, 4),
('voq3daz53rv', 'observações', 2, 1, 0, 20870, 20870, 4),
('voq3daz53rv', 'E-mail', 4, 1, 0, 20869, 20869, 4),
('voq3daz53rv', 'Pessoa de Contato', 1, 1, 0, 20868, 20868, 4),
('voq3daz53rv', 'Nome ', 1, 1, 0, 20866, 20866, 4),
('voq3daz53rv', 'Sobrenome', 1, 1, 0, 20867, 20867, 4),
('patxhkfym0q', 'comentário', 2, 1, 1, 20700, 20700, 4),
('patxhkfym0q', 'Primeiro nome', 1, 0, 0, 20701, 20701, 4),
('patxhkfym0q', 'Último nome', 1, 0, 0, 20702, 20702, 4),
('patxhkfym0q', 'Endereço', 1, 0, 0, 20703, 20703, 4),
('patxhkfym0q', 'CEP', 1, 0, 0, 20704, 20704, 4),
('patxhkfym0q', 'Cidade', 1, 0, 0, 20705, 20705, 4),
('patxhkfym0q', 'Estado', 1, 0, 0, 20706, 20706, 4),
('patxhkfym0q', 'Pais', 1, 0, 0, 20707, 20707, 4),
('mxm9aau3eum', 'Comentários', 1, 0, 0, 20865, 20865, 4),
('mxm9aau3eum', 'Pessoa de Contato', 1, 0, 0, 20864, 20864, 4),
('mxm9aau3eum', 'Fax', 1, 0, 0, 20863, 20863, 4),
('vbffevcc43c', 'Endereço', 1, 1, 1, 20181, 20181, 4),
('66d7k4z1p2e', 'Endereço', 1, 0, 0, 20757, 20757, 4),
('66d7k4z1p2e', 'E-mail', 4, 0, 0, 20756, 20756, 4),
('nf2kh1704cg', 'NOME', 1, 1, 0, 20779, 20779, 4),
('nf2kh1704cg', 'ENDEREÇO', 1, 1, 0, 20780, 20780, 4),
('nf2kh1704cg', 'TELEFONES', 3, 1, 0, 20781, 20781, 4),
('nf2kh1704cg', 'E-MAIL', 4, 1, 0, 20782, 20782, 4),
('nf2kh1704cg', 'ORÇAMENTO  ou  PEDIDO', 1, 1, 0, 20783, 20783, 4),
('66d7k4z1p2e', 'Primeiro nome', 1, 0, 0, 20754, 20754, 4),
('66d7k4z1p2e', 'Último nome', 1, 0, 0, 20755, 20755, 4),
('jnxe3nciprc', 'Comentários', 1, 0, 0, 19568, 19568, 4),
('sqb65xuuwcl', 'Comentários', 1, 0, 0, 12424, 12424, 4),
('sqb65xuuwcl', 'Pessoa de Contato', 1, 0, 0, 12423, 12423, 4),
('sqb65xuuwcl', 'Fax', 1, 0, 0, 12422, 12422, 4),
('sqb65xuuwcl', 'Pais', 1, 0, 0, 12421, 12421, 4),
('sqb65xuuwcl', 'Estado', 1, 0, 0, 12420, 12420, 4),
('sqb65xuuwcl', 'Cidade', 1, 0, 0, 12419, 12419, 4),
('sqb65xuuwcl', 'CEP', 1, 0, 0, 12418, 12418, 4),
('3tv5ka28ced', 'Comments', 1, 0, 0, 21174, 21174, 4),
('3tv5ka28ced', 'Contact person', 1, 0, 0, 21173, 21173, 4),
('3tv5ka28ced', 'Fax', 1, 0, 0, 21172, 21172, 4),
('3tv5ka28ced', 'Country', 1, 0, 0, 21171, 21171, 4),
('n58uo68885l', 'Primeiro nome', 7, 1, 0, 21142, 21142, 4),
('n58uo68885l', 'Último nome', 1, 1, 0, 21143, 21143, 4),
('n58uo68885l', 'E-mail', 4, 1, 0, 21144, 21144, 4),
('n58uo68885l', 'Endereço', 1, 0, 0, 21145, 21145, 4),
('n58uo68885l', 'CEP', 1, 0, 0, 21146, 21146, 4),
('n58uo68885l', 'Cidade', 1, 0, 0, 21147, 21147, 4),
('n58uo68885l', 'Estado', 1, 0, 0, 21148, 21148, 4),
('n58uo68885l', 'Pais', 1, 0, 0, 21149, 21149, 4),
('n58uo68885l', 'Fax', 1, 0, 0, 21150, 21150, 4),
('n58uo68885l', 'Pessoa de Contato', 1, 0, 0, 21151, 21151, 4),
('n58uo68885l', 'Comentários', 1, 0, 0, 21152, 21152, 4),
('faejvavx9a5', 'Primeiro nome', 1, 1, 0, 21153, 21153, 4),
('faejvavx9a5', 'Último nome', 1, 1, 0, 21154, 21154, 4),
('faejvavx9a5', 'E-mail', 4, 1, 0, 21155, 21155, 4),
('faejvavx9a5', 'Endereço', 1, 0, 0, 21156, 21156, 4),
('faejvavx9a5', 'CEP', 1, 0, 0, 21157, 21157, 4),
('faejvavx9a5', 'Cidade', 1, 0, 0, 21158, 21158, 4),
('faejvavx9a5', 'Estado', 1, 0, 0, 21159, 21159, 4),
('faejvavx9a5', 'Pais', 1, 0, 0, 21160, 21160, 4),
('faejvavx9a5', 'Fax', 1, 0, 0, 21161, 21161, 4),
('faejvavx9a5', 'Pessoa de Contato', 1, 0, 0, 21162, 21162, 4),
('faejvavx9a5', 'Comentários', 1, 0, 0, 21163, 21163, 4),
('3tv5ka28ced', 'First name', 1, 1, 0, 21164, 21164, 4),
('3tv5ka28ced', 'Last name', 1, 1, 0, 21165, 21165, 4),
('3tv5ka28ced', 'E-mail', 4, 1, 0, 21166, 21166, 4),
('3tv5ka28ced', 'Address', 1, 0, 0, 21167, 21167, 4),
('3tv5ka28ced', 'ZIP', 1, 0, 0, 21168, 21168, 4),
('3tv5ka28ced', 'City', 1, 0, 0, 21169, 21169, 4),
('3tv5ka28ced', 'State', 1, 0, 0, 21170, 21170, 4),
('hyoc4q6kevh', 'Estado', 1, 0, 0, 20650, 20650, 4),
('hyoc4q6kevh', 'Cidade', 1, 0, 0, 20649, 20649, 4),
('hyoc4q6kevh', 'CEP', 1, 0, 0, 20648, 20648, 4),
('hyoc4q6kevh', 'Endereço', 1, 0, 0, 20647, 20647, 4),
('hyoc4q6kevh', 'Último nome', 1, 0, 0, 20646, 20646, 4),
('hyoc4q6kevh', 'Primeiro nome', 1, 0, 0, 20645, 20645, 4),
('hyoc4q6kevh', 'texto', 2, 1, 1, 20644, 20644, 4),
('yhyv24b225u', 'Comentários', 1, 0, 0, 20569, 20569, 4),
('yhyv24b225u', 'Pessoa de Contato', 1, 0, 0, 20568, 20568, 4),
('yhyv24b225u', 'Fax', 1, 0, 0, 20567, 20567, 4),
('yhyv24b225u', 'Pais', 1, 0, 0, 20566, 20566, 4),
('odai8trgz8w', 'Primeiro nome', 1, 1, 0, 20545, 20545, 4),
('odai8trgz8w', 'Último nome', 1, 1, 0, 20546, 20546, 4),
('odai8trgz8w', 'E-mail', 4, 1, 0, 20547, 20547, 4),
('odai8trgz8w', 'Cidade', 1, 1, 0, 20548, 20548, 4),
('odai8trgz8w', 'Estado', 1, 1, 0, 20549, 20549, 4),
('odai8trgz8w', 'Endereço', 1, 0, 0, 20550, 20550, 4),
('odai8trgz8w', 'CEP', 1, 0, 0, 20551, 20551, 4),
('odai8trgz8w', 'Pais', 1, 0, 0, 20552, 20552, 4),
('odai8trgz8w', 'Fax', 1, 0, 0, 20553, 20553, 4),
('odai8trgz8w', 'Pessoa de Contato', 1, 0, 0, 20554, 20554, 4),
('odai8trgz8w', 'Comentários', 1, 0, 0, 20555, 20555, 4),
('nou4nic5smb', 'Pais', 1, 0, 0, 18711, 18711, 4),
('nou4nic5smb', 'Estado', 1, 0, 0, 18710, 18710, 4),
('nou4nic5smb', 'Cidade', 1, 0, 0, 18709, 18709, 4),
('nou4nic5smb', 'CEP', 1, 0, 0, 18708, 18708, 4),
('nou4nic5smb', 'Endereço', 1, 0, 0, 18707, 18707, 4),
('nou4nic5smb', 'Último nome', 1, 0, 0, 18706, 18706, 4),
('nou4nic5smb', 'Primeiro nome', 1, 0, 0, 18705, 18705, 4),
('nou4nic5smb', 'Comentários', 2, 1, 0, 18704, 18704, 4),
('nou4nic5smb', 'E-mail', 4, 1, 0, 18703, 18703, 4),
('nou4nic5smb', 'Telefone', 3, 1, 0, 18702, 18702, 4),
('nou4nic5smb', 'Seu Nome', 1, 1, 0, 18701, 18701, 4),
('nou4nic5smb', 'Fax', 1, 0, 0, 18712, 18712, 4),
('nou4nic5smb', 'Pessoa de Contato', 1, 0, 0, 18713, 18713, 4),
('f0lr1n8g7h9', 'Fax', 1, 0, 0, 21014, 21014, 4),
('f0lr1n8g7h9', 'Pessoa de Contato', 1, 0, 0, 21015, 21015, 4),
('f0lr1n8g7h9', 'Comentários', 1, 0, 0, 21016, 21016, 4),
('f0lr1n8g7h9', 'Pais', 1, 0, 0, 21013, 21013, 4),
('f0lr1n8g7h9', 'Estado', 1, 0, 0, 21012, 21012, 4),
('f0lr1n8g7h9', 'Cidade', 1, 0, 0, 21011, 21011, 4),
('f0lr1n8g7h9', 'CEP', 1, 0, 0, 21010, 21010, 4),
('f0lr1n8g7h9', 'Endereço', 1, 0, 0, 21009, 21009, 4),
('f0lr1n8g7h9', 'Último nome', 1, 0, 0, 21008, 21008, 4),
('f0lr1n8g7h9', 'Primeiro nome', 1, 0, 0, 21007, 21007, 4),
('f0lr1n8g7h9', 'Valor do Empréstimo (até 400 mil)', 1, 1, 0, 21006, 21006, 4),
('28fxvgn3a5u', 'Comentários', 1, 0, 0, 20996, 20996, 4),
('28fxvgn3a5u', 'Pessoa de Contato', 1, 0, 0, 20995, 20995, 4),
('28fxvgn3a5u', 'Fax', 1, 0, 0, 20994, 20994, 4),
('28fxvgn3a5u', 'Estado', 1, 0, 0, 20992, 20992, 4),
('28fxvgn3a5u', 'Pais', 1, 0, 0, 20993, 20993, 4);

-- --------------------------------------------------------

--
-- Estrutura da tabela `modules_Feedback_properties`
--

CREATE TABLE IF NOT EXISTS `modules_Feedback_properties` (
  `moduleID` varchar(20) NOT NULL,
  `caption` varchar(255) NOT NULL,
  `address` varchar(255) NOT NULL,
  `subject` varchar(255) NOT NULL,
  `response` text NOT NULL,
  `response_images` text NOT NULL,
  `storage_state` int(1) unsigned NOT NULL,
  PRIMARY KEY  (`moduleID`,`storage_state`)
) ENGINE=MyISAM DEFAULT CHARSET=utf8;

--
-- Extraindo dados da tabela `modules_Feedback_properties`
--

INSERT INTO `modules_Feedback_properties` (`moduleID`, `caption`, `address`, `subject`, `response`, `response_images`, `storage_state`) VALUES
('wytxgwssw07', 'Formulário', 'malcate@malcate.com', 'Assunto da mensagem de feedback', 'Obrigado! entraremos em contato...<br />', 's:0:"";', 4),
('ff7ixl5flxc', 'REPRESENTANTE', 'ADELANTE_contato_site@confadelante.com.br', 'REPRESENTANTE', '<p><span style="font-size: medium"><span style="font-family: Arial">Agradecemos seu interesse em se tornar nosso representante.</span></span></p>\r\n<p><span style="font-size: medium"><span style="font-family: Arial">Vamos encaminhar sua mensagem para a pessoa que atender&aacute; sua solicita&ccedil;&atilde;o e entraremos em contato.</span></span></p>\r\n<p><span style="font-size: medium"><span style="font-family: Arial">Se voc&ecirc; quiser adiantar o processo, por favor nos informe os seguintes dados adicionais:</span></span></p>\r\n<p><span style="font-size: medium"><span style="font-family: Arial">- h&aacute; quanto tempo trabalha com representa&ccedil;&atilde;o;<br />\r\n- quanto tempo atua com moda feminina;<br />\r\n- tipo de roupa que representa;<br />\r\n- quantidade de lojas atendidas por local;<br />\r\n- cidades atendidas;<br />\r\n- refer&ecirc;ncias com nome e telefone de contato.</span></span></p>\r\n<p><span style="font-size: medium"><span style="font-family: Arial">Atenciosamente,</span></span></p>\r\n<p><span style="font-size: medium"><span style="font-family: Arial">Confec&ccedil;&otilde;es Adelante</span></span></p>', 's:0:"";', 4),
('8ce6f5gec5x', 'Ficha de Contato', 'contato@marmitaexpress.com.br', 'Contato do Site! MarmitaExpress', '<div style="text-align: center;"><strong><em><span style="font-size: medium;"><span style="font-family: Tahoma;">J&aacute; estamos &agrave; caminho!</span></span></em></strong><br />\r\n<br />\r\n<img height="225" width="218" align="absmiddle" src="data/settings/attachments/72ad9a908b80de565f369f9b9a74ce99.jpg" alt="" /><br />\r\n<br />\r\n<strong><span style="font-size: medium;"><span style="font-family: Tahoma;">Bom Apetite...</span></span></strong></div>', 'a:1:{i:0;a:1:{s:9:"file_name";s:62:"data/settings/attachments/72ad9a908b80de565f369f9b9a74ce99.jpg";}}', 4),
('20lsm015675', 'COMENTÁRIOS', 'ADELANTE_contato_site@confadelante.com.br', 'COMENTÁRIOS', '<p><span style="font-size: medium"><span style="font-family: Arial">Agradecemos seu contato.</span></span></p>\r\n<p><span style="font-size: medium"><span style="font-family: Arial">Vamos encaminhar sua mensagem para a pessoa que atender&aacute; sua solicita&ccedil;&atilde;o e entraremos em contato.</span></span></p>\r\n<p><span style="font-size: medium"><span style="font-family: Arial">Atenciosamente,</span></span></p>\r\n<p><span style="font-size: medium"><span style="font-family: Arial">Confec&ccedil;&otilde;es Adelante</span></span></p>', 's:0:"";', 4),
('040by1ugd2c', 'Preencha com seus dados.', 'atendimento@lvsoft.com.br', 'Curriculun de Candidatos - Enviado pelo Site.', '<strong>Obrigado por enviar seus dados</strong>. As informa&ccedil;&otilde;es ser&atilde;o utilizadas <u>exclusivamente</u> pela LVSoft com o objetivo de selecionar futuros colaboradores!', 's:0:"";', 4),
('q1aft0totn2', 'Contato', 'suporte@hospedesites.com.br', 'Contato Hospede Site', 'Obrigado pelo seu contato!', 's:0:"";', 4),
('lfxs09sftve', 'Abertura de chamado técnico', 'comercial@planese-nativa.com.br', 'abertura de chamado técnico', 'Obrigado pelas informa&ccedil;&otilde;es !', 's:0:"";', 4),
('lr8r6qofqrr', 'Orçamento', 'comercial@emfas.com.br', 'Assunto ', '<p>Prezados,<br />\r\n<br />\r\nEstaremos enviando a sua proposta o mais r&aacute;pido possivel<br />\r\n<br />\r\nGrato!<br />\r\n<br />\r\nAtenciosamente<br />\r\nEMFAS Servi&ccedil;os Especializados LTDA<br />\r\n&#160;</p>', 's:0:"";', 4),
('5rsflc8j57s', 'Fale conosco.', 'visual.vidracaria@hotmail.com', 'contato pelo site', 'Obrigado pela sua visita.<br />\r\n<br />\r\n&#160;&#160;&#160;&#160;&#160;&#160;&#160;&#160; Mensagem enviada com sucesso !', 's:0:"";', 4),
('wfewrr3ukse', 'Preencha o formulário e entre em contato rapidamente conosco', 'sindivaloresrs@sindivaloresrs.com.br', 'Deixe sua mensagem aqui', '<span style="color: rgb(204, 0, 0); "><span style="font-size: larger; "><em><strong>Muito obrigado pela sua mensagem! Responderemos o mais breve poss&iacute;vel.</strong></em></span></span>', 's:0:"";', 4),
('yhyv24b225u', 'Deixe sua mensagem, prontamente responderemos.', 'cassula@cassulaautoeletrico.com.br', 'Assunto da mensagem de feedback', 'Obrigado pelo seu contato, nossa equipe de atendimento entrar&aacute; em contato o mais breve poss&iacute;vel!', 's:0:"";', 4),
('k988wykmqra', 'Se quiser fazer contato, tirar dúvida, ter acesso a portifólio, preencha os campos abaixo, que assim que possível entraremos em contato.', 'contato@ghazale.adv.br', 'É muito importante o seu contato. Obrigado.', 'Obrigado pelo seu contato! Estaremos entrando em contato em breve.', 's:0:"";', 4),
('np1cx3zovjq', 'Por favor entre com os dados solicitados no formulário.', 'ti@lvsoft.com.br', 'Curriculum de Candidato - Enviado pelo Site L2 Tecnology', 'Obrigado pelas Informa&ccedil;&otilde;es! Boa Sorte!', 's:0:"";', 4),
('63p3g1fmb2r', 'Entre em contato conosco', 'imobiliaria@focoos.com.br', 'Contato imobiliária', 'Obrigado pelo seu feedback!', 's:0:"";', 4),
('02xsjfgfv00', 'Orçamento Atacado Pavan', 'atacado@atacadopavan.com', 'Orçamento', '<p>Muito brigado por solicitar nosso or&ccedil;amento. Entraremos em contato em breve.</p>', 's:0:"";', 4),
('jpf16te2uqm', 'Por favor preencha o formulária abaixo', 'eletricaccterrafioscabos@gmail.com', 'produtos', 'Obrigado pelo seu feedback!', 's:0:"";', 4),
('gzbn6smmdth', 'Formulário de envio', 'focoos@focoos.com.br', 'Nova sugestão de link site Marcus Douglas', '<p style="text-align: center">Obrigado pela sugest&atilde;o!!!<br />\r\n<img alt="" src="/images/modules/smiley/wink_smile.gif" /></p>', 's:0:"";', 4),
('tx96f5gu0jr', 'Entre em Contato pelo ou email ou pelo telefone 15-3234-2712', 'secretaria@colegiocenep.com.br', 'Assunto da mensagem do site', '<div style="text-align: center;"><em><strong>Obrigado pelo seu contato, estaremos entrando em contato em breve.</strong></em></div>', 's:0:"";', 4),
('asft90fg4we', 'Protocolo de inscrição', 'atendimento@focoos.com.br', 'Nova inscrição curso grátis', 'Obrigado pelo seu feedback!', 's:0:"";', 4),
('hz4mdyzuj93', 'formulário de contato.', 'analise.bmcsa@hotmail.com', 'Formulário de Contato.', 'Obrigado pelo seu feedback!', 's:0:"";', 4),
('ey327ms0m8l', 'Informe os dados para agendamento de sua visita', 'contato@mixim.com.br', 'Agendamento de visita - Mixim', '<div style="text-align: center;">Obrigado por sua solicita&ccedil;&atilde;o!!!<br />\r\n<br />\r\nPor favor aguarde a confirma&ccedil;&atilde;o da agenda de sua visita!<br />\r\n<br />\r\nEquipe Mixim</div>', 's:0:"";', 4),
('q9i9y17trj2', 'Para você que tem interesse em fazer parte de nossa equipe.', 'ADELANTE_contato_site@confadelante.com.br', 'CV', '<p><span style="font-size: medium"><span style="font-family: Arial">Agradecemos seu interesse em fazer parte de nossa equipe.</span></span></p>\r\n<p><span style="font-size: medium"><span style="font-family: Arial">Vamos encaminhar seu CV para o departamento de RH que vai anotar sua experi&ecirc;ncia profissional e entraremos em contato quando surgir uma oportunidade que v&aacute; de encontro com seu conhecimento e experi&ecirc;ncia.</span></span></p>\r\n<p><span style="font-size: medium"><span style="font-family: Arial">Atenciosamente,</span></span></p>\r\n<p><span style="font-size: medium"><span style="font-family: Arial">Confec&ccedil;&otilde;es Adelante</span></span></p>', 's:0:"";', 4),
('bsrnm463t6b', 'Contato', 'atendimento@focoos.com.br', 'Novo contato no focoossystem', 'Obrigado pelo seu feedback!', 's:0:"";', 4),
('deykk1202nh', 'Saber sobre projetos ciêntificos', 'atendimento@focoos.com.br', 'Saber sobre projetos ciêntificos', 'Obrigado pelo seu feedback!', 's:0:"";', 4),
('kxya7fsrjdp', 'Protocolo de inscrição', 'atendimento@focoos.com.br', 'Nova inscrição - Site Focoos Escola Técnica', '<br />\r\n<br />\r\n<span style="font-size: large"><span style="color: #0000ff"><strong><img height="65" width="118" align="left" alt="" src="data/settings/attachments/183705930a1c4c32bfdfebff3180f740.png" />Focoos Escola T&eacute;cnica<br />\r\n</strong><span style="font-size: small"><strong>De olho no futuro<br />\r\n<br />\r\n</strong></span></span></span>\r\n<div style="text-align: center"><span style="font-size: large"><span style="color: #339966"><span><span><span><strong>Inscri&ccedil;&atilde;o feita com sucesso!!!!!</strong></span></span></span></span></span><span style="font-size: large"><span style="color: #0000ff"><span style="font-size: small"><strong><br />\r\n<br />\r\nEm breve retornaremos<br />\r\n<br />\r\n<img alt="" src="/images/modules/smiley/thumbs_up.gif" />Obrigado!!!!</strong></span></span></span></div>', 'a:1:{i:0;a:1:{s:9:"file_name";s:62:"data/settings/attachments/183705930a1c4c32bfdfebff3180f740.png";}}', 4),
('7wba8ztm9yx', 'Cadastro de Vagas de Emprego por Empresas', 'atendimento@focoos.com.br', 'Nova Vaga Cadastrada no site', '<p style="text-align: center"><span style="color: #800000">Vaga cadastrada com sucesso !!!<br />\r\n</span><br />\r\n<span style="color: #800000">Obrigado!!!</span><br />\r\n<br />\r\n<img alt="" src="/images/modules/smiley/teeth_smile.gif" /><br />\r\n<span style="color: #0000ff"><strong><br />\r\nFocoos Escola T&eacute;cnica</strong></span></p>\r\n<hr />\r\n<div style="text-align: center">Promovendo o desenvolvimento</div>', 's:0:"";', 4),
('438emsa6djx', 'Cadastro de currículo', 'atendimento@focoos.com.br', 'Novo currículo - Cadastrado no site Focoos', '<p style="text-align: center"><span style="color: #0000ff"><strong>Curr&iacute;culo&#160; cadastrado <br />\r\ncom sucesso!!!<img alt="" src="/images/modules/smiley/thumbs_up.gif" /><br />\r\n<br />\r\nObrigado!!!<br />\r\n<br />\r\n<img alt="" src="/images/modules/smiley/wink_smile.gif" /><br />\r\n<br />\r\n</strong><span style="color: #ff6600"><strong>Focoos Escola T&eacute;cnica</strong></span></span></p>', 's:0:"";', 4),
('ytpcl6nleh5', 'Envie-nos sua mensagem:', 'contato@gms.adv.br', 'Mensagem enviada via site GMS', 'Muito obrigado por sua mensagem! Entraremos em contato em breve.', 's:0:"";', 4),
('g05fjl5bt6q', 'busca preços', 'contato@criciumataxi.com.br', 'busca preços', '<p>Obrigado por utilizar nosso Busca Pre&ccedil;os, entraremos em contato o mais breve poss&iacute;vel...</p>', 's:0:"";', 4),
('o2n4p32coup', 'Fale conosco', 'atendimento@focoos.com.br', 'Novo contato página de contato', 'Obrigado pelo seu feedback!', 's:0:"";', 4),
('ml0q9px8zgc', 'Mande-nos uma mensagem', 'contato@mixim.com.br', 'Fale conosco - Mixim', 'Obrigado pelo seu contato e interesse em nossos servi&ccedil;os, responderemos assim que poss&iacute;vel!!!<br />', 's:0:"";', 4),
('b03tvf4uwyc', 'Entre em contato rapidamente conosco.', 'sindirefrs@sindirefeicoes-rs.com.br', 'Deixe aqui a sua mensagem', 'Muito obrigado pela sua mensagem! Em breve responderemos.', 's:0:"";', 4),
('5yfnkwqex59', 'Protocolo de Matricula', 'matricula@focoos.com.br', 'Nova matricula -Site', '<p style="text-align: center"><span style="font-size: x-large"><span style="color: #ff6600"><strong>Protoco de Matricula foi enviado com sucesso!!<br />\r\n<img alt="" src="/images/modules/smiley/thumbs_up.gif" /><br />\r\n</strong><span style="color: #0000ff"><span style="font-size: small"><strong>Em 24 horas enviaremos seu <br />\r\nlogin/usu&aacute;rio e senha/password<br />\r\n<br />\r\nFocoos Escola T&eacute;cnica<br />\r\n<br />\r\nwww.focoos.com.br<br />\r\natendimento@focoos.com.br<br />\r\n<br />\r\n</strong><em><span style="font-size: x-small"><span style="color: #808000"><strong>Sujeito &aacute; aprova&ccedil;&atilde;o de cadastro!</strong></span></span></em></span></span></span></span></p>', 's:0:"";', 4),
('bgtlkvnj3v3', 'Protocolo de envio de dúvidas', 'atendimento@focoos.com.br', 'Nova dúvida postada no site', '<div style="text-align: center"><span style="font-size: medium"><span><strong>Pesquisa enviada com sucesso !!!!<br />\r\n<br />\r\n<img alt="" src="/images/modules/smiley/wink_smile.gif" /><br />\r\n<br />\r\nEm 24 horas te responderemos<br />\r\n<br />\r\nObrigado.</strong></span></span></div>', 's:0:"";', 4),
('28fxvgn3a5u', 'Pessoa Física - Formulário de Análise', 'analise.bmcsa@hotmail.com', 'Pessoa Física - Formulário de Análise', 'Obrigado pelo seu contato, sua resposta chegar&aacute; o mais breve poss&iacute;vel.<br />', 's:0:"";', 4),
('pedbfst63sp', 'Por favor entre com os dados abaixo', 'marcosrasoppi@gmail.com', 'aluguel de chácara', 'Obrigado pelo contato. Retornaremos seu e-mail em breve.', 's:0:"";', 4),
('0chyfokr2po', 'Por favor entre os dados abaixo', 'artbarrosocorro@gmail.com', 'contato', 'Obrigado pelo seu contato. Retornaremos assim que poss&iacute;vel', 's:0:"";', 4),
('e7wv4ije8rz', 'Por favor informe os dados para a preparação de sua proposta.', 'contato@mixim.com.br', 'Solicitação de Proposta - Mixim', '<div style="text-align: center;">Obrigado por seu interesse e pela oportunidade de lhe enviarmos uma proposta! Por favor aguarde e logo a enviaremos e entraremos em contato para tirarmos suas d&uacute;vidas para o fechamento do neg&oacute;cio.<br />\r\n<br />\r\nEquipe Mixim.</div>', 's:0:"";', 4),
('z48jml9pmk2', 'Faça seu Pedido de Oração', 'adm@igrejaemsertaozinho.org.br', 'Pedido de Oração', 'Oraremos pelo seu pedido, A Paz seja contigo! Deus o aben&ccedil;oe.<br />', 's:0:"";', 4),
('hyoc4q6kevh', 'Por favor preencha o s dados abaixo', 'portaldasaguassp1@gmail.com', 'cotação Rancho Country', 'Obrigado pelo seu feedback!', 's:0:"";', 4),
('6t7irqy6sm5', 'Informe seus dados de contato via telefone', 'contato@mixim.com.br', 'Solicitação de contato via telefone - Mixim', 'Obrigado por sua solicita&ccedil;&atilde;o, entreremos em contato assim que poss&iacute;vel!!!<br />', 's:0:"";', 4),
('a8agdfyaw5t', 'Seja o mas detalhista possivel do seu problema', 'your@email.com', 'Assunto da mensagem de feedback', 'Obrigado pelo seu feedback!', 's:0:"";', 4),
('77qsdruaf4q', 'Entre com seus dados e reclamações', 'your@email.com', 'Assunto da mensagem de feedback', 'Obrigado pelo seu feedback!', 's:0:"";', 4),
('kjzqp4913hy', 'formulário', 'comercial@emfaston.com.br', 'feedback', 'Obrigado!<br />\r\n<br />\r\nRetornaremos em breve!!', 's:0:"";', 4),
('kfnuf7y6y9l', 'Abertura de chamado técnico', 'comercial@sedco.com.br', 'chamado técnico pelo site', 'Obrigado, responderemos o mais r&aacute;pido poss&iacute;vel!', 's:0:"";', 4),
('995ppge8t2g', 'Fale Conosco', 'sorvetesreal@gmail.com', 'Contato Pelo Site', '<div style="text-align: center">Mesagem enviada com sucesso!<br />\r\nObrigado pelo seu Contato!<br />\r\nBreve entraremos em contato</div>', 's:0:"";', 4),
('7mqd8y6rfy2', 'Entre em contato conosco utilizando o formulario abaixo ou pelos telefones 51 3225-5157 / 3406-4288', 'glitzhairestetica@glitzhair.com.br', 'Contato via site', 'Obrigado pelo seu contato, em breve retornaremos.<br />\r\n<br />\r\nEquipe Glitz Hair<br />', 's:0:"";', 4),
('2jspxqwumrf', 'Informe os dados para agendamento de sua visita', 'marivaldo@techwaybr.com.br', 'Agendamento de visita - Techway', '<div style="text-align: center;">Obrigado por sua solicita&ccedil;&atilde;o!!!<br />\r\nPor favor, aguarde a confirma&ccedil;&atilde;o de sua visita por e-mail ou um contato por&#160; telefone!</div>', 's:0:"";', 4),
('qaktnq1gdpn', 'Escreva sua mensagem. ', 'gutemberg@luz.eng.br', 'Mensagem enviada do SITE', '<p>Ol&aacute;,<br />\r\n<br />\r\nAgradecemos sua mensagem, em breve retornaremos com o atendimento de sua solicita&ccedil;&atilde;o.<br />\r\n<br />\r\n<span style="line-height: 115%; color: black; font-size: 8pt">LUZ </span><span style="line-height: 115%; background: white; color: green; font-size: 8pt">Engenharia </span><span style="background: white; color: black">| </span><a href="mailto:luz@luz.eng.br"><span style="line-height: 115%; font-size: 8pt"><font color="#0000ff">luz@luz.eng.br</font></span></a></p>', 's:0:"";', 4),
('kbmr3qs9wv5', 'Preencha o formulário para liberar o acesso ao seu currículo enviado', 'recrutamento@luz.eng.br', 'Currículo enviado via SITE', '<p>Obrigado pelo envio.<br />\r\n<br />\r\n<span style="line-height: 115%; color: black; font-size: 8pt">LUZ </span><span style="line-height: 115%; background: white; color: green; font-size: 8pt">Engenharia </span><span style="background: white; color: black">|</span><span style="color: black"> </span><a href="mailto:luz@luz.eng.br"><span style="line-height: 115%; font-size: 8pt"><font color="#0000ff">luz@luz.eng.br</font></span></a></p>', 's:0:"";', 4),
('ol1hojrz3bh', 'contato', 'eletricaccterrafioscabos@gmail.com', 'contato', 'Obrigado pelo seu contato, retornaremos assim que poss&iacute;vel', 's:0:"";', 4),
('u8el9kqgrwz', 'Entre em Contato', 'atendimento@multimidiamt.com.br', 'Site', 'Recebemos sua mensagem e entraremos em contato o mais rapido possivel.<br />\r\nAgrade&ccedil;emos o contato', 's:0:"";', 4),
('f0lr1n8g7h9', 'Pessoa Jurídica - Formulário de Análise', 'analise.bmcsa@hotmail.com', 'Pessoa Jurídica - Formulário de Análise', 'Obrigado pelo seu feedback!', 's:0:"";', 4),
('patxhkfym0q', 'Por favor entre os  dados abaixo', 'portaldasaguassp1@gmail.com', 'chacara salone', 'Obrigado pelo seu contato, retornaremos assim que poss&iacute;vel', 's:0:"";', 4),
('nf2kh1704cg', 'Envie seu Contato:', 'consertoportablindex@hotmail.com', 'Contato do SITE:', '<div style="text-align: center;"><span style="color: rgb(0, 0, 128);"><strong><span style="font-size: medium;">Obrigado pelo seu Contato!<br />\r\n<br />\r\nEm Breve Retornaremos!</span></strong></span></div>', 's:0:"";', 4),
('a3bzkbuy5ik', 'Preencha os campos e clique "Enviar"', 'your@email.com', 'Contato - SITE Alarmtek Br', '<div style="text-align: center;">Obrigado pelo seu contato!</div>', 's:0:"";', 4),
('66d7k4z1p2e', 'ficha de análise de crédito', 'douglascostafinanceiro@bol.com.br', 'ficha', 'Obrigado pelo seu feedback!', 's:0:"";', 4),
('amdhn29noub', 'Por favor entre a lengenda do formulário de feedback', 'your@email.com', 'Assunto da mensagem de feedback', 'Obrigado pelo seu feedback!', '', 4),
('n58uo68885l', 'Por favor entre a lengenda do formulário de feedback', 'your@email.com', 'Assunto da mensagem de feedback', 'Obrigado pelo seu feedback!', '', 4),
('faejvavx9a5', 'Por favor entre a lengenda do formulário de feedback', 'your@email.com', 'Assunto da mensagem de feedback', 'Obrigado pelo seu feedback!', '', 4),
('3tv5ka28ced', 'Feedback form', 'your@email.com', 'Feedback message subject', 'Thank you for your feedback!', '', 4),
('pl6ya8jnbcl', 'Cadastro de candidatos a colaboradores', 'marivaldo888@gmail.com', 'Cadastro de candidatos a colaboradores - MSEmp', 'Obrigado por fazer seu cadastro na MS Empreendimentos!!!<br />', 's:0:"";', 4),
('e17bv70fbfk', 'Cadastre aqui o seu de Imóvel', 'marivaldo888@gmail.com', 'Cadastro de imóvel no Site MSemp', 'Obrigado por anunciar seu im&oacute;vel na MS Empreendimentos, em breve ele est&aacute; dispon&iacute;vel em nosso site!!!<br />', 's:0:"";', 4),
('t4kwkskj6kp', 'Por favor preencha as informações para orçamento:', 'comercial@sedcol.com.br', 'orçamento via site (suporte)', 'Obrigado pelas informa&ccedil;&otilde;es, responderemos o mais r&aacute;pido poss&iacute;vel!', 's:0:"";', 4),
('37fyp0ktx52', 'Protocolo de inscrição na promoção', 'atendimento@focoos.com.br', 'novo cadastro em promoções focoos escola tecnica', 'Obrigado pelo seu feedback!', 's:0:"";', 4),
('h13n2eqk6c7', 'Por favor entre a lengenda do formulário de feedback', 'your@email.com', 'Assunto da mensagem de feedback', 'Obrigado pelo seu feedback!', '', 4),
('mvz3nxcin95', 'Por favor entre a lengenda do formulário de feedback', 'your@email.com', 'Assunto da mensagem de feedback', 'Obrigado pelo seu feedback!', '', 4),
('dpi5rar8cq9', 'Por favor entre com seus dados e assunto', 'contato@prodacsp.com.br', 'Mensagem site', 'Obrigado pelo seu contato!', 's:0:"";', 4),
('na5pn2vow64', 'PONTO ELETRÔNICO', 'pontoeletronico@focoos.com.br', 'Presença-ok', '<div style="text-align: center"><span style="font-size: large"><span><span><strong>PONTO EXECUTADO COM SUCESSO<br />\r\n<br />\r\n<img alt="" src="/images/modules/smiley/thumbs_up.gif" /><br />\r\n<br />\r\n....BOM TRABALHO...</strong></span></span></span></div>', 's:0:"";', 4),
('27woc7wx100', 'Envie uma mensagem para e-mail', 'adm@igrejaemsertaozinho.org.br', 'Envie uma mensagem para e-mail', 'Obrigado por enviar, responderemos em breve. Que o <strong>SENHOR </strong>seja contigo!<br />', 's:0:"";', 4),
('ouf1bi9k3ug', 'Por favor entre os dados abaixo', 'portaldasaguassp1@gmail.com', 'chácara lavras de cima', 'Obrigado pelo seu feedback!', 's:0:"";', 4),
('voq3daz53rv', 'Fale conosco.', 'contato@tech-consultt.com.br', 'Assunto da mensagem', '<h1><span style="font-family: Arial;"><span style="font-size: medium;">Obrigado pelo seu contato, entraremos em contato o mais rapido possivel.</span></span></h1>', 's:0:"";', 4),
('nc259t11l9u', 'Contato', 'marcus.douglas@focoos.com.br', 'novo contato site', '<div style="text-align: center"><span style="color: #ff0000"><strong>Obrigado pelo contato<br />\r\n</strong></span><br />\r\n<span style="font-size: medium"><strong>Marcus Douglas</strong></span><br />\r\n<span style="color: #3366ff">Especialista em Seguran&ccedil;a e Gest&atilde;o<br />\r\n</span></div>', 's:0:"";', 4),
('r9hljbvezif', 'Contato', 'contato.centrocomercial@focoos.com.br', 'Contato - Centro Comercial Focoos', '<p style="text-align: center"><span style="font-size: medium"><span style="color: #0000ff"><strong>Mensagem enviada com sucesso!!!!<br />\r\n<br />\r\n<img alt="" src="/images/modules/smiley/thumbs_up.gif" /></strong></span></span></p>', 's:0:"";', 4),
('0cc2kyc8fyw', 'Entre em contato', 'marcus.douglas@focoos.com.br', 'Contato focoos empreendimentos', 'Obrigado pelo seu feedback!', 's:0:"";', 4),
('9ihz2pnhvhm', 'FeedBack', 'juliana@jabregercenci.eng.br', 'Assunto da mensagem de feedback', 'Obrigado pelo seu feedback!', 's:0:"";', 4),
('hir818dnc4s', 'FALE CONOSCO', 'michelegatoline@hotmail.com', 'contato', 'Obrigado pelo seu contato, retornaremos em breve<br />', 's:0:"";', 4),
('7nj3x2ij6dx', 'Por favor preencha os campos abaixo:', 'comercial@sedco.com.br', 'orçamento pelo site', 'Obrigado pelo seu contato!', 's:0:"";', 4),
('yvhto7br4wf', 'Informe seus dados de contato via telefone', 'marivaldo888@gmail.com', 'Solicitação de contato via telefone - MSEmp', '<div style="text-align: center;">Obrigado por sua solicita&ccedil;&atilde;o!!!<br />\r\nPor favor, aguarde nosso contato por telefone!!!</div>', 's:0:"";', 4),
('an185e7fm6r', 'Solicitação de informaçao sobre produtos e serviços:', 'marivaldo@techwaybr.com.br', 'Solicitação de informaçao sobre produtos e serviços - Site Techway', '<div style="text-align: center;">Obrigado por sua solicita&ccedil;&atilde;o!<br />\r\nPor favor aguarde nossa resposta!</div>', 's:0:"";', 4),
('6uz0kko6wlv', 'Informe seus dados de contato via telefone', 'marivaldo@techwaybr.com.br', 'Solicitação de contato via telefone - Techway', 'Obrigado por sua solicita&ccedil;&atilde;o, por favor aguarde nosso contato por telefone!<br />', 's:0:"";', 4),
('bkmwjf2rq5s', 'RECLAME AQUI', 'ouvidoria@criciumataxi.com.br', 'reclame aqui', 'Obrigado!!!', 's:0:"";', 4),
('2f0ybulj9kq', 'CONTATOS', 'vsgmc@hotmail.com.br', 'site:www.veronyk.in', '<span style="font-size: medium"><span style="color: #800000">Obrigado pelo sua msg... entraremos em contato em breve</span>.</span>', 's:0:"";', 4),
('8cgs8uehmj1', 'ENTRE COM OS SEUS DADOS', 'prandini2006@hotmail.com', 'CONTATO', 'Obrigado pelo seu contato. Retornaremos em breve.<br />', 's:0:"";', 4),
('hnkk78j4365', 'Informe os dados para agendamento de sua visita', 'marivaldo888@gmail.com', 'Agendamento de visita - MSEmp', 'Obrigado pelo seu feedback!', 's:0:"";', 4),
('r94dlwm865z', 'Informações para busca de imóvel', 'marivaldo888@gmail.com', 'Busca de Imóvel - MSEmp', '<div style="text-align: center;">Obrigado por sua solicita&ccedil;&atilde;o!!!<br />\r\nPor favor aguarde um contato de um de nossos corretores!!!</div>', 's:0:"";', 4),
('24091sym61d', 'Fale com o 5y', 'contato@5ysite.com.br', 'Assunto ', '<span style="font-family: Comic Sans MS;">Mensagem enviada com sucesso!</span><br />\r\n<br />', 's:0:"";', 4),
('sb0omid890v', 'CLIENTE', 'ADELANTE_contato_site@confadelante.com.br', 'CLIENTE', '<p><span style="font-size: medium"><span style="font-family: Arial">Agradecemos seu interesse em se tornar nosso cliente.</span></span></p>\r\n<p><span style="font-size: medium"><span style="font-family: Arial">Vamos encaminhar sua mensagem para a pessoa que atender&aacute; sua solicita&ccedil;&atilde;o e entraremos em contato.</span></span></p>\r\n<p><span style="font-size: medium"><span style="font-family: Arial">Atenciosamente,</span></span></p>\r\n<p><span style="font-size: medium"><span style="font-family: Arial">Confec&ccedil;&otilde;es Adelante</span></span></p>', 's:0:"";', 4),
('ne6p94ohsc6', 'Tira dúvidas on line - Focoos', 'atendimento@focoos.com.br', 'Contato - Tira dúvidas - Cursos sobre medida', 'Obrigado pelo seu feedback!', 's:0:"";', 4),
('oo27rzp43er', 'Por favor preencha as informações:', 'comercial@sedco.com', 'contato pelo site(suporte)', 'Obrigado pelo contato, responderemos o mais r&aacute;pido poss&iacute;vel!<br />\r\n<br />\r\nPlanese Nativa Com&eacute;rcio de Equipamentos Eletro-Eletr&ocirc;nicos e Servi&ccedil;os Ltda.<br />\r\nRua Dr&ordf; Joana Zanaga Aboim Gomes, 365 * Campinas-SP CEP 13060-628<br />\r\nE-mail:<br />\r\n<a href="mailto:comercial@planese-nativa.com.br">comercial@planese-nativa.com.br</a><br />\r\n<a href="mailto:comercial@sedco.com.br">comercial@sedco.com.br</a><br />', 's:0:"";', 4),
('wa7js1tkseq', 'Entre em contato conosco rapidamente:', 'sincaprs@sincaprs.org.br', 'E-mail vindo do site', 'Obrigado pelo seu feedback!', 's:0:"";', 4),
('ks1qzjvqxdx', 'FORNECEDOR', 'ADELANTE_contato_site@confadelante.com.br', 'FORNECEDOR', '<p><span style="font-size: medium"><span style="font-family: Arial">Agradecemos seu interesse em se tornar nosso fornecedor.</span></span></p>\r\n<p><span style="font-size: medium"><span style="font-family: Arial">Vamos encaminhar sua mensagem para a pessoa que atender&aacute; sua solicita&ccedil;&atilde;o e entraremos em contato.</span></span></p>\r\n<p><span style="font-size: medium"><span style="font-family: Arial">Atenciosamente,</span></span></p>\r\n<p><span style="font-size: medium"><span style="font-family: Arial">Confec&ccedil;&otilde;es Adelante</span></span></p>', 's:0:"";', 4),
('e6wdf8b87tz', 'Preencha o formulário abaixo. Responderemos em breve.', 'vrrcomunicacao@bol.com.br', 'Assunto da mensagem de feedback', '<span style="color: #000080"><span style="font-family: Verdana">Obrigado pelo seu contato !<br />\r\nRetornaremos em breve.<br />\r\n</span><strong><span style="font-family: Verdana">SE PREFERIR LIGUE (21) 3251-7632</span></strong></span>', 's:0:"";', 4),
('vbffevcc43c', 'Por favor entre os dados abaixo', 'portaldasaguassp1@gmail.com', 'quero anunciar', 'Obrigado pelo seu contato, retornaremos assim que poss&iacute;vel.', 's:0:"";', 4),
('jnxe3nciprc', 'Suporte', 'centrocomercial@focoos.com.br', 'Pedido de suporte', '<div style="text-align: center">Pedido enviado com sucesso!!!<br />\r\n<img alt="" src="/images/modules/smiley/thumbs_up.gif" /></div>', 's:0:"";', 4),
('i8u27eob8br', 'Por favor preencha os campos abaixo', 'comercial@sedco.com.br', 'contato pelo site', 'Obrigado pelo contato, responderemos assim que poss&iacute;vel!', 's:0:"";', 4),
('2861v5apmio', 'Preencha o fomulário abaixo para fazer sua análise de crédito.', 'mcfinanciamentos.analise@hotmail.com', 'Análise de crédito', '<span style="font-size: medium;"><strong>Obrigado pelo seu contato, A resposta da sua an&aacute;lise chegar&aacute; no E-mail cadastrado na ficha no prazo de 1 hora no hor&aacute;rio comercial em dias &uacute;teis. </strong></span><span style="color: rgb(255, 0, 0);"><span style="font-size: medium;"><strong>Caso n&atilde;o chegue sua resposta dentro deste prazo ligue em nossa central de atendimento e confira o resultado da sua an&aacute;lise.</strong></span></span><br />', 's:0:"";', 4),
('sqb65xuuwcl', 'Entre em Contato', 'sysvale@sysvale.com.br', 'Contato pelo Site', 'Obrigado pelo seu contato.<br />\r\n<br />\r\nEm breve entraremos em contato.<br />', 's:0:"";', 4),
('id45oa8p71i', 'formulário de contato', 'mcfinanciamentos.analise@hotmail.com', 'Mensagem de contato.', '<strong><span style="font-size: medium;">Obrigado pelo seu contato.</span></strong>', 's:0:"";', 4),
('bvbcwxggctk', 'Entre em contato rapidamente conosco preenchendo e enviando o formulário a seguir:', 'geral@metalurgicosgravatai.com.br', 'Mensagem do site', '<span style="font-size: larger; "><span style="color: rgb(255, 102, 0); "><em><strong>Muito obrigado pela sua mensagem. Responderemos em breve!</strong></em></span></span>', 's:0:"";', 4),
('29ktlsz2rzk', 'Por favor, preencha os dados para orçamento:', 'comercial@planese-nativa.com.br', 'orçamento', 'Obrigado pelo seu contato!', 's:0:"";', 4),
('phguyqwjbhp', 'Orçamentos', 'comercial@planese-nativa.com.br', 'orçamentos', 'Obrigado pelas informa&ccedil;&otilde;es, responderemos em breve.', 's:0:"";', 4),
('ladc7lun3al', 'INFORMAÇÕES GERAIS', 'ADELANTE_contato_site@confadelante.com.br', 'INFORMAÇÕES GERAIS', '<p><span style="font-size: medium"><span style="font-family: Arial">Agradecemos seu contato.</span></span></p>\r\n<p><span style="font-size: medium"><span style="font-family: Arial">Vamos encaminhar sua mensagem para a pessoa que atender&aacute; sua solicita&ccedil;&atilde;o e entraremos em contato.</span></span></p>\r\n<p><span style="font-size: medium"><span style="font-family: Arial">Atenciosamente,</span></span></p>\r\n<p><span style="font-size: medium"><span style="font-family: Arial">Confec&ccedil;&otilde;es Adelante</span></span></p>', 's:0:"";', 4),
('yh7ierjp99v', 'Sinta-se à vontade para sugerir, criticar, elogiar ou para esclarecer uma dúvida.', 'unidunitefestasinfantis@hotmail.com', 'Participe!', '<p>Obrigado por participar! Entraremos em contato.</p>', 's:0:"";', 4),
('fhzls8ba29f', 'Entrem contato', 'six@six.focoos.com.br', 'Novo contato pelo site', '<div style="text-align: center;"><span style="color: rgb(0, 0, 255);"><span style="font-size: x-large;">Obrigado pelo seu retorno!!!<br />\r\n<img src="/images/modules/smiley/wink_smile.gif" alt="" /><br />\r\n<br type="_moz" />\r\n</span></span></div>', 's:0:"";', 4),
('at57ykcsexg', 'Entre em contato', 'julioribeiro.adv@hotmail.com', 'Assunto', 'Obrigado por deixar sua mensagem.<br />\r\nEm breve entraremos em contato.<br />\r\n<br />\r\nS. Campos Advogados<br />\r\n<br type="_moz" />', 's:0:"";', 4),
('odai8trgz8w', 'seu nome ', 'Seuemail@email', 'Sua mensagem', 'OBRIGADO PELO SEU CONTATO, EM BREVE LHE RESPONDEREMOS .', 's:0:"";', 4),
('mxm9aau3eum', 'Por favor entre com os dados abaixo', 'portaldasaguassp1@gmail.com', 'contato chacara monte verde', 'Obrigado pelo seu contato, retornaremos assim que poss&iacute;vel.', 's:0:"";', 4),
('ojhgmwpqk4s', 'formulário de análise de crédito', 'dptoanalise.multicredi@hotmail.com', 'Analise de crédito', 'Obrigado pelo seu feedback!', 's:0:"";', 4),
('n87ncsmv59s', 'formulário de contato', 'analise.bmcsa@hotmail.com', 'Mensagem de contato.', 'Obrigado pelo seu feedback!', 's:0:"";', 4),
('p82mkfgeznu', 'Por favor entre com os dados abaixo', 'portaldasaguassp1@gmail.com', 'contato chacara colonial', 'Obrigado pelo seu feedback!', 's:0:"";', 4),
('o7kiypjht55', 'Entre em contato', 'peritoavaliadorjudicial@yahoo.com.br', 'Contato', 'Obrigado pelo seu contato!!', 's:0:"";', 4),
('27hyyzlk4nw', 'entre com os dados abaixo', 'laerciobs2008@gmail.com', 'consulta sobre a chácara', 'Obrigado pelo seu contato, retornaremos seu e-mail em breve.', 's:0:"";', 4),
('nou4nic5smb', 'Cadastre no Site da loja rosacravo.com e receba nossas promoções e lançamentos.', 'contato@rosacravo.com', 'Obrigado, a rosacravo.com logo lhe dará retorno', 'Obrigado pelo seu contato! rosacravo.com<br />\r\n<img width="170" height="80" src="data/settings/attachments/4d9eb3bcf1bea75d69efb3ae0ff1ce76.png" alt="" /><br />', 'a:1:{i:0;a:1:{s:9:"file_name";s:62:"data/settings/attachments/4d9eb3bcf1bea75d69efb3ae0ff1ce76.png";}}', 4),
('nql8wknancu', 'Por favor informe seus dados.', 'marivaldo888@gmail.com', 'BrCorretor - Oportunidades', '<div style="text-align: center;"><span style="font-size: small;"><span style="font-family: Tahoma;">Muito obigado por seu cadastro!<br />\r\nPor favor aguarde, em breve voc&ecirc; receber&aacute; informa&ccedil;&otilde;es sobre os lan&ccedil;amentos de im&oacute;veis para o seu melhor investimento!</span></span></div>', 's:0:"";', 4),
('mkhxzcs71ks', 'Fale conosco! Solicite Orçamento', 'atendimento@texambiental.com', 'Contato pelo site', '<div style="text-align: center; "><span style="font-family: Arial; "><strong>Obrigado por sua mensagem! Em breve entraremos em contato com voc&ecirc;.</strong></span></div>', 's:0:"";', 4),
('vwl4b0vde1x', 'Fale conosco! Solicite Orçamento', 'atendimento@texambiental.com', 'Contato pelo site', 'Obrigado pelo seu feedback!', 's:0:"";', 4),
('tu3lit8h9tg', 'Formulário de Contato', 'atendimento@texambiental.com', 'Contato', '<div style="text-align: center; "><strong>Obrigado pela sua mensagem! Em breve um de nossos consultores entrar&aacute; em contato com voc&ecirc;.</strong></div>', 's:0:"";', 4),
('3vkx044phcs', 'Para entrar em contato com o ICAP e o Grupo Viola Gaúcha, preencha o formulário abaixo:', 'violagaucha@violagaucha.com.br', 'Assunto', '<span style="color: rgb(153, 51, 0); "><em><strong>Obrigado pelo seu contato!<br />\r\nResponderemos o mais breve poss&iacute;vel.</strong></em></span>', 's:0:"";', 4),
('nu6sqpgo8az', 'obrigado por seu contato', 'douglascostafinanceiro@bol.com.br', 'obrigado por seu contato', 'Obrigado pelo seu feedback!', 's:0:"";', 4),
('onw8edy0kdl', 'Por favor entre com os dados abaixo', 'portaldasaguassp1@gmail.com', ' cotação chácara do sossego', 'Obrigado pelo seu contato, retornaremos assim que poss&iacute;vel', 's:0:"";', 4),
('sybta7v4hd6', 'Ficha de Análise', 'atendimento.investcredfinanciamentos@hotmail.com', 'Ficha de Análise', 'Obrigado pelo seu feedback!', 's:0:"";', 4);

-- --------------------------------------------------------

--
-- Estrutura da tabela `modules_FlashIntro_settings`
--

CREATE TABLE IF NOT EXISTS `modules_FlashIntro_settings` (
  `moduleID` varchar(20) NOT NULL,
  `flash_code` varchar(20) NOT NULL,
  `background` varchar(20) NOT NULL,
  `scheme` varchar(20) NOT NULL,
  `flash_binary_file` text NOT NULL,
  `header_text` varchar(255) NOT NULL,
  `body_text` varchar(255) NOT NULL,
  `storage_state` int(1) unsigned NOT NULL,
  PRIMARY KEY  (`moduleID`,`storage_state`)
) ENGINE=MyISAM DEFAULT CHARSET=utf8;

--
-- Extraindo dados da tabela `modules_FlashIntro_settings`
--

INSERT INTO `modules_FlashIntro_settings` (`moduleID`, `flash_code`, `background`, `scheme`, `flash_binary_file`, `header_text`, `body_text`, `storage_state`) VALUES
('r15kpwjctx0', 'Flash1', '1', '1', 's:0:"";', 'Droga Iracema', '53 anos com você', 4),
('54384jvwyw1', 'Default', '1', '1', 'a:0:{}', 'Home Oficce', 'Seu negócio em sua casa', 4),
('pzlx6uyqcgm', 'Default', '1', '2', 'a:0:{}', 'Fazenda web', 'Bem vindos a fazenda web, aqui vocês iram conhecer tudo sobre fazendas', 4),
('2tln0a88bp2', 'Flash1', '1', '1', 's:0:"";', 'Bem-vindos à Vício Games!', '', 4),
('16lfxyn4l6m', 'Flash3', '3', '1', 's:0:"";', 'CONSERTO DE VAPORETTO', 'Aqui você encontra tudo o que precisa em vaporetto polti', 4),
('1g94w5uwbul', 'Flash1', '1', '1', 's:0:"";', 'L2 Tecnology', 'Embarque nessa Tecnologia!', 4),
('eomiu4s6q5t', 'Default', '2', '1', 'a:0:{}', 'Bem Vindos', 'ao maior show da capital', 4),
('ss6i16wizi5', 'Flash3', '3', '1', 's:0:"";', 'MultiMídia Comunicação Visual', 'Seja Bem-Vindo ao nosso novo site!', 4),
('bv4hpwtk2l4', 'Default', '1', '1', 'a:0:{}', 'Analisys Informática', 'Analisys Informática', 4),
('c4hpni58e1e', 'Flash1', '2', '3', 's:0:"";', 'Igreja em Sertãozinho', 'Bem-Aventurados são os que ouvem a palavra de Deus e a guardam!', 4),
('lhd1f8mpmdi', 'Flash4', '1', '1', 's:0:"";', 'MARINGASI - A disposição da Área Pública', 'Software para Área Pública', 4),
('34fo36hwk2w', 'Flash4', '3', '3', 's:0:"";', 'Centro Comercial Focoos', 'Facilitando sua vida', 4),
('nv1qfeqhrez', 'Flash2', '2', '1', 's:0:"";', 'LOLA MALHAS', 'SUA MODA, SUA LOJA', 4),
('qnb1tl585uf', 'Flash1', '1', '1', 's:0:"";', 'EMFASTON ', '', 4),
('7r34od7j99w', 'Default', '1', '1', 'a:0:{}', 'ommo TEC: a tecnologia da informação...', '...parceira do seu negócio!', 4),
('a8nngdqpyx0', 'Default', '1', '3', 's:0:"";', 'Qualivision clínica de Olhos na Zona Leste ITAQUERA', 'CIRUGIAS DE: Cataratas, Miopia, Hipermetropia, Laser, Lasik * e-mail: contato@qualivision.com.br* fone (11)2072-4406', 4),
('mg5m56bz1ov', 'Flash3', '2', '1', 's:0:"";', 'Counter Striker 1.8', 'Melhores jogos do Mundo', 4),
('6uin6ekfvou', 'Default', '1', '3', 'a:0:{}', 'ANGRA RIO IMÓVEIS', 'Compra, Venda, Avaliação e Administração Anual ou Temporada.Fazemos a legalização de imóveis e serviços de Despachante imobilário.', 4),
('od5yq8goyfo', 'Flash3', '1', '1', 's:0:"";', 'Título da página da Introdução Flash', 'Texto do corpo da Introdução em Flash', 4),
('2fd001f0gdc', 'Default', '1', '3', 'a:0:{}', 'Perito Avaliador Patrimonial', 'Consultoria Patrimonial e Negócios Imobiliários', 4),
('96ivavm1rfq', 'Flash3', '2', '1', 's:0:"";', 'Consultoria e Manutenção em Informática', 'Cristiam Matos', 4),
('f3o5tqa80dm', 'Default', '3', '1', 's:0:"";', 'BOX 44', 'Seu site de compras coletivas na odontologia', 4),
('6ta5rgk709z', 'Default', '2', '1', 'a:0:{}', 'Ghazale Advogados', 'Soluções Jurídicas', 4),
('htqxk3i3cc3', 'Default', '1', '1', 'a:0:{}', 'MAP - Contabilidade', 'Seja bem vindo, Aretusa e Celso  a sua disposição', 4),
('q3rbo5mj5gq', 'Default', '2', '1', 's:0:"";', 'Planese Nativa - SEDCO', 'Sistemas de Segurança por Fibra Óptica --- Vídeo, Dados e Sinalização-----', 4),
('5tgj0t61a1m', 'Default', '3', '2', 's:0:"";', 'IAP - IGREJA ADORAÇÃO PLENA', 'A igreja que ama você!!    TEMOS MAIS NOVIDADES, CLIQUE EM NOVO TEMPLO E CONFIRA !!!', 4),
('s1lidm2ezbu', 'Flash3', '2', '1', 's:0:"";', 'EMFASTON ', 'SOLUÇÕES QUE SUPERAM SUAS ESPECTATIVAS!', 4),
('iuflrclzh1e', 'Flash1', '1', '1', 's:0:"";', 'Alexandre Porto de França', 'Especialista em Tecnologia da Informação', 4),
('v24n9gp11ck', 'Default', '2', '2', 'a:0:{}', 'A.D.T.P.', 'Master em Tênis Profissional', 4),
('00nn8wvh1hn', 'Flash1', '1', '2', 's:0:"";', 'FOCOOS ESCOLA TÉCNICA', 'De olho no futuro                                                         click em pular introdução em flash para entrar no site', 4),
('uyprp3uy9b6', 'Flash1', '2', '1', 's:0:"";', 'TAXI REGIÃO DAS HORTENSIAS', 'AGENCIA ZIDANE TURISMO', 4);

-- --------------------------------------------------------

--
-- Estrutura da tabela `modules_Forum_main`
--

CREATE TABLE IF NOT EXISTS `modules_Forum_main` (
  `moduleID` varchar(20) NOT NULL,
  `topics_per_page` int(5) NOT NULL,
  `replies_per_page` int(5) NOT NULL,
  `storage_state` int(1) unsigned NOT NULL,
  KEY `forum_settings_index` (`moduleID`,`storage_state`)
) ENGINE=MyISAM DEFAULT CHARSET=utf8;

--
-- Extraindo dados da tabela `modules_Forum_main`
--

INSERT INTO `modules_Forum_main` (`moduleID`, `topics_per_page`, `replies_per_page`, `storage_state`) VALUES
('d9etpoppuep', 10, 10, 4),
('9wd901mfupi', 10, 10, 4),
('ytwzgesqg6p', 1000, 1000, 4),
('nreu8p1ra4s', 10, 10, 4),
('7jaz59wqsxe', 10, 10, 4),
('9np0bnfpujk', 10, 10, 4),
('ngsosuc4aq7', 10, 10, 4),
('mh5ulg84q2y', 10, 10, 4),
('a3atx1k8pfm', 10, 10, 4),
('efsyepr40o3', 10, 20, 4);

-- --------------------------------------------------------

--
-- Estrutura da tabela `modules_Guestbook_main`
--

CREATE TABLE IF NOT EXISTS `modules_Guestbook_main` (
  `moduleID` varchar(20) NOT NULL,
  `lifetime` int(5) unsigned NOT NULL,
  `pagesize` int(5) unsigned NOT NULL,
  `showEmail` int(1) unsigned NOT NULL,
  `description` text NOT NULL,
  `description_images` text NOT NULL,
  `storage_state` int(1) unsigned NOT NULL,
  PRIMARY KEY  (`moduleID`,`storage_state`)
) ENGINE=MyISAM DEFAULT CHARSET=utf8;

--
-- Extraindo dados da tabela `modules_Guestbook_main`
--

INSERT INTO `modules_Guestbook_main` (`moduleID`, `lifetime`, `pagesize`, `showEmail`, `description`, `description_images`, `storage_state`) VALUES
('pfdglb0ok4f', 365, 10, 1, '<br type="_moz" />', 's:0:"";', 4),
('u98s0yzqv3w', 365, 10, 1, '', '', 4),
('z9e109amfwf', 90, 10, 0, '<p align="center"><font face="Verdana" color="#000000"><strong><font size="3"><span style="color: rgb(0,0,0)">Atendimento online:</span><br style="color: rgb(192,192,192)" />\r\n<br style="color: rgb(192,192,192)" />\r\n<span style="color: rgb(128,128,128)"><span style="color: rgb(0,0,0)">MSN:</span> </span></font><font size="3" face="Verdana" color="#0000ff" style="color: rgb(255,255,255)">sebohadassa@hotmail.com</font><br style="color: rgb(255,255,255)" />\r\n<br style="color: rgb(128,128,128)" />\r\n</strong></font><font face="Verdana" color="#000000"><strong><font size="3"><span style="color: rgb(0,0,0)">Email<span style="font-style: italic">:</span></span><span style="font-style: italic"> </span><span style="color: rgb(255,255,255)">sebohadassa@hotmail.com</span></font><br style="text-decoration: underline" />\r\n<br style="color: rgb(0,0,0)" />\r\n</strong></font><font size="3" face="Verdana" color="#000000" style="color: rgb(192,192,192)"><strong><span style="color: rgb(0,0,0)">Fa&ccedil;a aqui&#160;seus:</span><br />\r\n</strong></font><font size="3" face="Verdana" color="#000000" style="color: rgb(192,192,192)"><strong><span style="color: rgb(255,255,255)">pedidos&#160;</span><font style="color: rgb(255,255,255)">imposs&iacute;veis</font><span style="color: rgb(0,0,0)">,&#160;</span><br style="color: rgb(0,0,0)" />\r\n<span style="color: rgb(0,0,0)">cr&iacute;ticas, sugest&otilde;es e </span><br style="color: rgb(0,0,0)" />\r\n<span style="color: rgb(0,0,0)">elogios.</span></strong></font></p>', 's:0:"";', 4),
('tnp3156ezhm', 365, 20, 1, '<br type="_moz" />', 's:0:"";', 4),
('7mxfahd12s5', 365, 20, 1, '<br type="_moz" />', 's:0:"";', 4),
('8k2s6v210qy', 365, 10, 1, '<br />\r\nCaros irm&atilde;os. Atrav&eacute;s deste espa&ccedil;o voc&ecirc;s podem enviar suas mensagens &agrave; nossa igreja. Ficaremos felizes em receber sua participa&ccedil;&atilde;o.', 's:0:"";', 4),
('18tr95p7nsr', 365, 10, 1, '<br />\r\n<span style="color: #ffffff"><span style="font-size: larger">D&uacute;vidas? Novidades? Curiosidades? Sugest&otilde;es?<br />\r\n<br />\r\nDeixe a sua mensagem e compartilhe. <br />\r\n<br />\r\n</span></span>', 's:0:"";', 4),
('ml2m54oebse', 365, 10, 1, '', 's:0:"";', 4),
('xm8qm3yxi6h', 10000, 1000, 1, '<div style="text-align: left"><span style="font-size: medium"><span style="font-family: Comic Sans MS"><font color="#ffffff">Deixe aqui seus coment&aacute;rios sobre a Cachoeira Po&ccedil;o Encantado.</font></span></span></div>', 's:0:"";', 4),
('uvfkz1r1wpq', 1000, 10, 1, '', 's:0:"";', 4);

-- --------------------------------------------------------

--
-- Estrutura da tabela `modules_ImageGallery_settings`
--

CREATE TABLE IF NOT EXISTS `modules_ImageGallery_settings` (
  `moduleID` varchar(20) NOT NULL,
  `categoryWidth` int(4) unsigned NOT NULL,
  `categoryHeight` int(4) unsigned NOT NULL,
  `imageWidth` int(4) unsigned NOT NULL,
  `imageHeight` int(4) unsigned NOT NULL,
  `previewWidth` int(4) unsigned NOT NULL,
  `previewHeight` int(4) unsigned NOT NULL,
  `imagePerPage` int(3) unsigned NOT NULL,
  `storage_state` int(1) unsigned NOT NULL,
  KEY `settings_index` (`moduleID`,`storage_state`)
) ENGINE=MyISAM DEFAULT CHARSET=utf8;

--
-- Extraindo dados da tabela `modules_ImageGallery_settings`
--

INSERT INTO `modules_ImageGallery_settings` (`moduleID`, `categoryWidth`, `categoryHeight`, `imageWidth`, `imageHeight`, `previewWidth`, `previewHeight`, `imagePerPage`, `storage_state`) VALUES
('fni98rfiqqr', 200, 150, 160, 160, 400, 300, 8, 4),
('lh8wononuzi', 200, 150, 160, 160, 400, 300, 8, 4),
('g1ptqaqovv9', 200, 150, 160, 160, 400, 300, 8, 4),
('fqd08nltxk9', 200, 150, 160, 160, 400, 300, 8, 4),
('iwmnpcnw8bt', 200, 150, 160, 160, 400, 300, 5, 4),
('mmwi270j0ik', 200, 150, 160, 160, 400, 300, 8, 4),
('zgovud2990g', 200, 150, 160, 160, 400, 300, 10, 4),
('j31nhvfkobd', 200, 150, 160, 160, 400, 300, 8, 4),
('043xazfh8q7', 200, 150, 160, 160, 400, 300, 20, 4),
('8yv71hmxwks', 200, 160, 160, 160, 400, 300, 8, 4),
('4rzklph3oll', 200, 160, 160, 160, 400, 300, 8, 4),
('ox5xopv4yt1', 200, 160, 160, 160, 400, 300, 8, 4),
('j15lj8hscgu', 200, 160, 160, 160, 400, 300, 8, 4),
('vp6o8lu1m1w', 200, 150, 160, 160, 400, 300, 8, 4),
('g0pv0bxjjt6', 200, 160, 160, 160, 400, 300, 8, 4),
('ay0nb983v1g', 200, 160, 160, 160, 400, 300, 8, 4),
('1uhijeysetw', 200, 160, 160, 160, 400, 300, 8, 4),
('hp5g51sqm8r', 200, 160, 160, 160, 400, 300, 8, 4),
('mdfu5dn61qj', 200, 160, 160, 160, 400, 300, 8, 4),
('cgtwnzy01g5', 200, 150, 160, 160, 400, 300, 8, 4),
('iryyikoioaq', 200, 160, 160, 160, 400, 300, 8, 4),
('zmcwvarlmzf', 200, 150, 160, 160, 400, 300, 8, 4),
('ohwawpfsxeq', 200, 160, 160, 160, 400, 300, 8, 4),
('06durvlrd9t', 200, 160, 160, 160, 400, 300, 8, 4),
('fo1xfhv2goy', 200, 150, 160, 160, 400, 300, 8, 4),
('8a0vvycfucf', 200, 160, 160, 160, 400, 300, 8, 4),
('a31phkddbhj', 200, 160, 160, 160, 400, 300, 8, 4),
('rc92azr30oo', 200, 160, 160, 160, 400, 300, 8, 4),
('fst4iatbfct', 200, 150, 160, 160, 400, 300, 8, 4),
('emi9mpijh5i', 200, 160, 160, 160, 400, 300, 8, 4),
('2za0td6p8uv', 200, 160, 160, 160, 400, 300, 8, 4),
('pqf0g3jpa1r', 200, 160, 160, 160, 400, 300, 8, 4),
('5kzm9vk3t1u', 200, 150, 160, 160, 400, 300, 8, 4),
('wojy8oiwz81', 200, 160, 160, 160, 400, 300, 8, 4),
('ti8genrmh0d', 200, 160, 160, 160, 400, 300, 8, 4),
('jee1lfrzboe', 200, 160, 160, 160, 400, 300, 8, 4),
('987b65wnh07', 200, 160, 160, 160, 400, 300, 8, 4),
('ruu03ab4iql', 200, 160, 160, 160, 400, 300, 8, 4),
('3wbd28blgpo', 200, 150, 160, 160, 400, 300, 8, 4),
('ezy79tctjek', 200, 150, 160, 160, 400, 300, 8, 4),
('nhltapjjv4q', 200, 150, 160, 160, 400, 300, 8, 4),
('m1exhlhf209', 200, 150, 160, 160, 400, 300, 8, 4),
('egvuf4wmmpp', 200, 150, 160, 160, 400, 300, 8, 4),
('vftw5yvbl5s', 200, 150, 160, 160, 400, 300, 10, 4),
('tpfrgzg6upc', 200, 160, 160, 160, 400, 300, 8, 4),
('6kv9rf2yp5n', 200, 150, 160, 160, 400, 300, 8, 4),
('npj8z5pa9xh', 200, 150, 160, 160, 400, 300, 8, 4),
('bcj24vqkgth', 200, 160, 160, 160, 400, 300, 8, 4),
('68hyi5ehigo', 200, 150, 160, 160, 400, 300, 99, 4),
('mlwom424vp9', 200, 150, 160, 160, 400, 300, 10, 4),
('q0myhaf2ej9', 200, 150, 160, 160, 400, 300, 20, 4),
('t3klme5dzbz', 200, 150, 160, 160, 400, 300, 8, 4),
('uo4cb5xwtkn', 200, 150, 160, 160, 400, 300, 99, 4),
('va0odfr9aif', 200, 150, 160, 160, 400, 300, 8, 4),
('li7gna57sbc', 200, 150, 160, 160, 400, 300, 99, 4),
('rkymjpz1b49', 200, 160, 160, 160, 400, 300, 8, 4),
('snta5b74be9', 200, 160, 160, 160, 400, 300, 8, 4),
('rw93h6n0ai1', 200, 160, 160, 160, 400, 300, 8, 4),
('cit6f3xsk9h', 200, 160, 160, 160, 400, 300, 8, 4),
('8sfef0hin8k', 200, 160, 160, 160, 400, 300, 8, 4),
('mj1ouc0azpc', 200, 160, 160, 160, 400, 300, 8, 4),
('5guzzmbqh95', 200, 160, 160, 160, 400, 300, 8, 4),
('mhsmumfx331', 200, 160, 160, 160, 400, 300, 8, 4),
('aju9q5bxaar', 200, 150, 160, 160, 400, 300, 8, 4),
('llawhy70von', 200, 150, 160, 160, 400, 300, 8, 4),
('frxxywbtqac', 200, 150, 160, 160, 400, 300, 8, 4),
('al269jvpnjn', 200, 160, 160, 160, 400, 300, 8, 4),
('10wzq45dp8u', 200, 160, 160, 160, 400, 300, 8, 4),
('dmghm4i7h3p', 200, 160, 160, 160, 400, 300, 8, 4),
('9tc3rfzs51b', 200, 150, 160, 160, 400, 300, 8, 4),
('1lprlgymszj', 200, 150, 160, 160, 400, 300, 8, 4),
('zhcnrvau7eh', 200, 160, 160, 160, 400, 300, 8, 4),
('2rc5fafwmt2', 200, 160, 160, 160, 400, 300, 8, 4),
('9u9egtvvzsk', 200, 160, 160, 160, 400, 300, 8, 4),
('2x3kgetwiqq', 200, 160, 160, 160, 400, 300, 8, 4),
('fvf4yys2rz1', 200, 160, 160, 160, 400, 300, 8, 4),
('pmmkga0w631', 200, 160, 160, 160, 400, 300, 8, 4),
('qrer3iddn3h', 200, 160, 160, 160, 400, 300, 8, 4),
('ate5yt4ptzk', 200, 150, 160, 160, 400, 300, 8, 4),
('xe1ugba5i01', 200, 160, 160, 160, 400, 300, 8, 4),
('calvigq2hmu', 200, 160, 160, 160, 400, 300, 8, 4),
('awim8cotka8', 200, 160, 160, 160, 400, 300, 8, 4),
('rcsv7rmxn1f', 200, 150, 160, 160, 400, 300, 8, 4),
('6iev3zt5tjb', 200, 160, 160, 160, 400, 300, 8, 4),
('ntgxhzyovgt', 200, 160, 160, 160, 400, 300, 8, 4),
('vyhqnzjrddw', 200, 150, 160, 160, 400, 300, 8, 4),
('t1gthkx2y6s', 200, 150, 160, 160, 400, 300, 8, 4),
('dakrldbpahg', 200, 150, 160, 160, 400, 300, 8, 4),
('ptym8ogdj19', 200, 150, 160, 160, 400, 300, 99, 4),
('lgnej7sp00e', 200, 150, 160, 160, 400, 300, 99, 4),
('anj18vh50co', 200, 160, 160, 160, 400, 300, 8, 4),
('jkty0w83cgm', 200, 160, 160, 160, 400, 300, 8, 4),
('tbscgh0aktn', 200, 160, 160, 160, 400, 300, 8, 4),
('zb1azb8l7jk', 200, 160, 160, 160, 400, 300, 8, 4),
('qisve4m2ysx', 200, 160, 160, 160, 400, 300, 8, 4),
('6e944r7fff3', 200, 150, 160, 160, 400, 300, 8, 4),
('1vhvspsy8fc', 200, 150, 160, 160, 400, 300, 20, 4),
('fn3qhbmx9k1', 200, 150, 160, 160, 400, 300, 8, 4),
('z2mgweyv3bp', 200, 160, 160, 160, 400, 300, 8, 4),
('c6mpfpxbz9z', 200, 160, 160, 160, 400, 300, 8, 4),
('gaw61mzebu5', 200, 160, 160, 160, 400, 300, 8, 4),
('de9201m1ct3', 200, 160, 160, 160, 400, 300, 8, 4),
('qzvvlr5kj0b', 200, 150, 160, 160, 400, 300, 8, 4),
('6b0vgkkhcpz', 200, 160, 160, 160, 400, 300, 8, 4),
('732q8ph1bmz', 400, 300, 200, 200, 800, 600, 12, 4),
('u2earezlo4x', 200, 150, 200, 200, 640, 480, 40, 4),
('fyaqrkck2aj', 200, 150, 160, 160, 400, 300, 8, 4),
('o4ts0ijscyu', 200, 150, 160, 160, 400, 300, 8, 4),
('2estc56s3go', 200, 150, 160, 160, 400, 300, 8, 4),
('mtoexfhbb4p', 200, 150, 160, 160, 400, 300, 8, 4),
('0t9slxhr21f', 200, 150, 160, 160, 400, 300, 8, 4),
('2rg10pq6kvj', 200, 160, 160, 160, 400, 300, 8, 4),
('k0ckpx77ads', 200, 160, 160, 160, 400, 300, 8, 4),
('qphnvjalpht', 200, 160, 160, 160, 400, 300, 8, 4),
('7m4c8j17k2z', 200, 150, 160, 160, 400, 300, 8, 4),
('tx2ugc9pskt', 200, 150, 160, 160, 400, 300, 99, 4),
('t9xe8ne9hvs', 200, 150, 160, 160, 400, 300, 8, 4),
('3xrk3kghmtt', 200, 160, 160, 160, 400, 300, 8, 4),
('xdteqxs7msj', 200, 160, 160, 160, 400, 300, 8, 4),
('e8blqtl15ie', 200, 150, 160, 160, 400, 300, 8, 4),
('lfy3aqhoreg', 200, 160, 160, 160, 400, 300, 8, 4),
('9xw8y435g34', 200, 160, 160, 160, 400, 300, 8, 4),
('8ak4h30di0v', 200, 150, 160, 160, 400, 300, 8, 4),
('84ykrulwbga', 200, 150, 160, 160, 400, 300, 8, 4),
('30e1w0jq80d', 200, 160, 160, 160, 400, 300, 8, 4),
('f28v7s5mol1', 200, 160, 160, 160, 400, 300, 8, 4),
('unlbfpr8hhb', 200, 150, 160, 160, 400, 300, 8, 4),
('n2ym88cvx0x', 200, 160, 160, 160, 400, 300, 8, 4),
('w2tu18ki2hl', 200, 160, 160, 160, 400, 300, 8, 4),
('kti7m497l71', 200, 150, 160, 160, 400, 300, 8, 4),
('qrgrta47g9o', 200, 160, 160, 160, 400, 300, 8, 4),
('yc8u5kz3mb3', 200, 150, 160, 160, 400, 300, 8, 4),
('0knut2uwldl', 800, 600, 160, 160, 400, 300, 8, 4),
('pcl92u1qkdu', 200, 150, 160, 160, 800, 600, 30, 4),
('k2qjwgcw2wt', 200, 160, 160, 160, 400, 300, 8, 4),
('158jhr38krf', 200, 160, 160, 160, 400, 300, 8, 4),
('c7qfxz87si9', 200, 160, 160, 160, 400, 300, 8, 4),
('a55re4bq6mv', 200, 160, 160, 160, 400, 300, 8, 4),
('zjhdm7prgay', 200, 160, 160, 160, 400, 300, 8, 4),
('p91in60i5l7', 200, 160, 160, 160, 400, 300, 8, 4),
('npimy1lkrtl', 200, 160, 160, 160, 400, 300, 8, 4),
('j2vszq9x1un', 200, 150, 160, 160, 400, 300, 8, 4),
('sdyxyvlcae1', 200, 150, 160, 160, 400, 300, 99, 4),
('eatlif3mba4', 200, 150, 160, 160, 400, 300, 8, 4),
('7q2563f3wrb', 200, 150, 160, 160, 400, 300, 12, 4),
('xjr3noh1d19', 200, 160, 160, 160, 400, 300, 8, 4),
('chue1kdc9ma', 200, 150, 160, 160, 400, 300, 20, 4),
('4tu1202yp2t', 200, 150, 160, 160, 400, 300, 8, 4),
('nss0xoi2oym', 200, 150, 160, 160, 400, 300, 10, 4),
('01ec0txtzxh', 200, 150, 160, 160, 400, 300, 8, 4),
('ivu4u62u076', 200, 150, 160, 160, 400, 300, 99, 4),
('x396pvx3r40', 200, 150, 80, 80, 500, 375, 8, 4),
('ju7l6dr2lqj', 200, 150, 160, 160, 400, 300, 8, 4),
('gtsydqmzpim', 200, 150, 160, 160, 400, 300, 8, 4),
('ffagemccvcc', 200, 150, 160, 160, 400, 300, 99, 4),
('m6susiovkoq', 200, 160, 160, 160, 400, 300, 8, 4),
('9kb3ar6f4ib', 200, 150, 160, 160, 400, 300, 8, 4),
('f15cvr5t5y3', 200, 150, 160, 160, 400, 300, 50, 4),
('z4gy93wefwh', 200, 150, 160, 160, 400, 300, 8, 4),
('1tbvg425t6t', 200, 150, 160, 160, 400, 300, 8, 4),
('gxndey57uf2', 200, 150, 160, 160, 400, 300, 8, 4),
('0syvy2syj50', 200, 150, 160, 160, 400, 300, 12, 4),
('xn6lyy4qhzu', 200, 150, 160, 160, 400, 300, 8, 4),
('23puc492ylh', 200, 150, 160, 160, 400, 300, 8, 4),
('dv8xlqz4usi', 200, 150, 160, 160, 400, 300, 8, 4),
('fpaksr5kihf', 200, 150, 160, 160, 400, 300, 99, 4),
('b9074ib8dqn', 200, 150, 160, 160, 400, 300, 10, 4),
('mn2q70vza1d', 200, 150, 160, 160, 400, 300, 8, 4),
('s0ldyb3aakx', 200, 150, 160, 160, 400, 300, 8, 4),
('j5i24gwkail', 200, 150, 160, 160, 400, 300, 99, 4),
('anmawzpahl0', 200, 160, 160, 160, 400, 300, 8, 4),
('eve35yn1us3', 200, 150, 160, 160, 400, 300, 8, 4),
('843fjfgaqre', 200, 150, 160, 160, 400, 300, 8, 4),
('v1lf0gs8a2s', 200, 150, 160, 160, 400, 300, 8, 4),
('wjfi3sg3szh', 200, 150, 160, 160, 400, 300, 99, 4),
('enho7emv5wm', 200, 150, 160, 160, 400, 300, 8, 4),
('4i623pb1kcy', 200, 150, 160, 160, 700, 525, 50, 4),
('d2lqp7dn41c', 200, 160, 160, 160, 400, 300, 8, 4),
('btbknvuym8d', 200, 160, 160, 160, 400, 300, 8, 4),
('k51kbp1e4d2', 200, 150, 160, 160, 400, 300, 8, 4),
('7a9l8p75dh0', 200, 150, 160, 160, 400, 300, 8, 4),
('q2kye3cwidf', 200, 150, 160, 160, 400, 300, 8, 4),
('ux9ckfh1q7a', 200, 160, 160, 160, 400, 300, 8, 4),
('c8vmai9lroo', 200, 160, 160, 160, 400, 300, 8, 4),
('o42ko8ij0cd', 200, 160, 160, 160, 400, 300, 8, 4),
('2evgs7k40r5', 200, 160, 160, 160, 400, 300, 8, 4),
('washkw3pgxd', 200, 160, 160, 160, 400, 300, 8, 4),
('hfvdf5bqc4p', 200, 150, 160, 160, 400, 300, 8, 4),
('7pshngg4xyc', 200, 160, 160, 160, 400, 300, 8, 4),
('srk3hc6bwsb', 200, 160, 160, 160, 400, 300, 8, 4),
('cbiytr7hrxa', 200, 160, 160, 160, 400, 300, 8, 4),
('kutrp6fuk5u', 300, 225, 300, 300, 400, 300, 20, 4),
('kiy8ty0w85x', 200, 150, 160, 160, 400, 300, 8, 4),
('xmj6h0jrpod', 200, 160, 160, 160, 400, 300, 8, 4),
('ji34pnudua8', 200, 150, 160, 160, 400, 300, 8, 4),
('7zcpxdmeg6m', 200, 150, 160, 160, 400, 300, 99, 4),
('9m7ya41jvrk', 200, 150, 160, 160, 400, 300, 8, 4),
('zce9ctch2kv', 200, 160, 160, 160, 400, 300, 8, 4),
('l71s60hijmd', 200, 150, 160, 160, 400, 300, 8, 4),
('ej8y8drlw4k', 200, 150, 160, 160, 400, 300, 8, 4),
('z3ysa96m5mz', 200, 150, 160, 160, 400, 300, 8, 4),
('fsi5i3mcjj4', 200, 150, 160, 160, 400, 300, 8, 4),
('d6oyexlib7z', 200, 150, 160, 160, 400, 300, 8, 4),
('kn1be8my3y8', 200, 160, 160, 160, 400, 300, 8, 4);

-- --------------------------------------------------------

--
-- Estrutura da tabela `modules_Login_common`
--

CREATE TABLE IF NOT EXISTS `modules_Login_common` (
  `moduleID` varchar(20) NOT NULL,
  `to_remember_password` int(1) NOT NULL default '1',
  `to_enable_registration` int(1) NOT NULL default '1',
  `storage_state` int(1) unsigned NOT NULL,
  PRIMARY KEY  (`moduleID`,`storage_state`)
) ENGINE=MyISAM DEFAULT CHARSET=utf8;

--
-- Extraindo dados da tabela `modules_Login_common`
--

INSERT INTO `modules_Login_common` (`moduleID`, `to_remember_password`, `to_enable_registration`, `storage_state`) VALUES
('2owauy9vkf7', 1, 1, 4),
('znfghpsahps', 1, 1, 4),
('es5ertdebf1', 1, 1, 4),
('t0o5qywbwqm', 1, 1, 4),
('l86kh2s2dvc', 1, 1, 4),
('7vp4wc3blbr', 1, 1, 4),
('e484u9onwqu', 1, 1, 4),
('f5x6qjwzbvz', 1, 1, 4),
('oj9t533lklw', 1, 1, 4),
('u0l02c2i4fh', 1, 1, 4),
('ikulok5s2mc', 1, 1, 4),
('9whvcwkpa2u', 1, 0, 4),
('e489a39elj6', 1, 1, 4),
('rbn8g0nxnik', 1, 1, 4),
('gwinwkc21su', 1, 1, 4),
('k1kit2w7pvr', 1, 0, 4),
('w6x6fcpwn1b', 1, 1, 4),
('j8x5auc05qi', 1, 1, 4),
('dpjz4zdqyp4', 1, 1, 4),
('pugefcy0cph', 1, 1, 4),
('6z91xem7bzc', 1, 1, 4),
('bvuniaieqb2', 1, 1, 4),
('f0smcs3pech', 1, 1, 4),
('2i05sln665n', 1, 1, 4),
('bo7vjii0ad5', 1, 1, 4),
('pxou2rdhy8b', 1, 1, 4),
('z9bywp4sx4s', 1, 1, 4),
('6nndwf4z3g8', 1, 1, 4),
('g0vr9yd4a8k', 1, 1, 4),
('5rmsojngyzb', 1, 1, 4),
('uls1dupyj0m', 1, 1, 4),
('rknyk4a82s7', 1, 0, 4),
('tmfdgswvien', 1, 1, 4),
('atmht8b88ar', 1, 1, 4),
('15ctz928b0s', 1, 1, 4),
('eyikfr3wcap', 1, 1, 4);

-- --------------------------------------------------------

--
-- Estrutura da tabela `modules_Login_contact_info`
--

CREATE TABLE IF NOT EXISTS `modules_Login_contact_info` (
  `moduleID` varchar(20) NOT NULL,
  `from_name` varchar(255) NOT NULL,
  `from_email` varchar(255) NOT NULL,
  `storage_state` int(1) unsigned NOT NULL,
  PRIMARY KEY  (`moduleID`,`storage_state`)
) ENGINE=MyISAM DEFAULT CHARSET=utf8;

--
-- Extraindo dados da tabela `modules_Login_contact_info`
--

INSERT INTO `modules_Login_contact_info` (`moduleID`, `from_name`, `from_email`, `storage_state`) VALUES
('eyikfr3wcap', '', 'hospeda@hospedaonline.com.br', 4),
('l86kh2s2dvc', '', 'email@email.com', 4),
('ikulok5s2mc', '', 'atacado@atacadopavan.com', 4),
('dpjz4zdqyp4', 'Administrador do SiteBuilder', 'email@email.com', 4),
('bvuniaieqb2', '', 'email@email.com', 4),
('znfghpsahps', 'Administrador do SiteBuilder', 'email@email.com', 4),
('f0smcs3pech', '', 'email@email.com', 4),
('9whvcwkpa2u', '', 'email@email.com', 4),
('2i05sln665n', 'Administrador do SiteBuilder', 'email@email.com', 4),
('bo7vjii0ad5', 'Plesk Sitebuilder Administrator', 'email@email.com', 4),
('pxou2rdhy8b', 'Administrador do SiteBuilder', 'email@email.com', 4),
('pugefcy0cph', '', 'contato@graficavitoriaonline.com.br', 4),
('rbn8g0nxnik', 'Administrador do SiteBuilder', 'email@email.com', 4),
('oj9t533lklw', '', 'Nandogohan@hotmail.com', 4),
('u0l02c2i4fh', 'Administrador do SiteBuilder', 'email@email.com', 4),
('j8x5auc05qi', '', 'email@email.com', 4),
('7vp4wc3blbr', 'Administrador do SiteBuilder', 'email@email.com', 4),
('g0vr9yd4a8k', 'Administrador do SiteBuilder', 'email@email.com', 4),
('e484u9onwqu', '', 'email@email.com', 4),
('e489a39elj6', '', 'Marivaldo888@gmail.com', 4),
('atmht8b88ar', '', 'marcus.douglas@focoos.com.br', 4),
('2owauy9vkf7', '', 'fabidasilva@netsite.com', 4),
('15ctz928b0s', 'Administrador do SiteBuilder', 'email@email.com', 4),
('es5ertdebf1', '', 'email@email.com', 4),
('uls1dupyj0m', '', 'unidunitefestasinfantis@hotmail.com', 4),
('t0o5qywbwqm', '', 'contato@residencialsantarita.com.br', 4),
('k1kit2w7pvr', '', 'pauloferreira1@ig.com.br', 4),
('gwinwkc21su', 'Administrador do SiteBuilder', 'email@email.com', 4),
('tmfdgswvien', '', 'email@email.com', 4),
('5rmsojngyzb', 'Administrador do SiteBuilder', 'email@email.com', 4),
('rknyk4a82s7', '', 'email@email.com', 4),
('f5x6qjwzbvz', '', 'email@email.com', 4),
('6z91xem7bzc', '', 'gutemberg@luz.eng.br', 4),
('w6x6fcpwn1b', '', 'andersonmarony@hotmail.com', 4),
('6nndwf4z3g8', 'Administrador do SiteBuilder', 'email@email.com', 4),
('z9bywp4sx4s', '', 'email@email.com', 4);

-- --------------------------------------------------------

--
-- Estrutura da tabela `modules_Login_notifications`
--

CREATE TABLE IF NOT EXISTS `modules_Login_notifications` (
  `moduleID` varchar(20) NOT NULL,
  `issue` int(1) unsigned NOT NULL,
  `subject` varchar(255) NOT NULL,
  `body` text NOT NULL,
  `storage_state` int(1) unsigned NOT NULL,
  PRIMARY KEY  (`moduleID`,`issue`,`storage_state`)
) ENGINE=MyISAM DEFAULT CHARSET=utf8;

--
-- Extraindo dados da tabela `modules_Login_notifications`
--

INSERT INTO `modules_Login_notifications` (`moduleID`, `issue`, `subject`, `body`, `storage_state`) VALUES
('e484u9onwqu', 0, 'Obrigado por seu registro!', 'Hello! <br />\r\n<br />\r\nAntes de tudo, nos queremos agradecer por ter escolhido nosso site. <br />\r\n<br />\r\nAbaixo os dados de sua conta: <br />\r\n<br />\r\nNome de usu&aacute;rio: %userLogin <br />\r\nSenha: %userpassword <br />\r\n<br />\r\nPor favor informe nos se voc&ecirc; precisar de ajuda.', 4),
('dpjz4zdqyp4', 1, 'Senha para o site', 'Oi! Esta mensagem foi enviada para você pois alguém esqueceu a opção de sua senha no site %siteUrl As credenciais para acessar este site são as seguintes: Nome de usuário: %userLogin Senha: %userpassword', 4),
('2i05sln665n', 1, 'Senha para o site', 'Oi! Esta mensagem foi enviada para você pois alguém esqueceu a opção de sua senha no site %siteUrl As credenciais para acessar este site são as seguintes: Nome de usuário: %userLogin Senha: %userpassword', 4),
('l86kh2s2dvc', 1, 'Senha para o site', 'Oi! Esta mensagem foi enviada para você pois alguém esqueceu a opção de sua senha no site %siteUrl As credenciais para acessar este site são as seguintes: Nome de usuário: %userLogin Senha: %userpassword', 4),
('t0o5qywbwqm', 0, 'Obrigado por seu registro!', 'Ol&aacute; <strong><span style="font-family: Verdana;">%userFirstname</span></strong>!  <br />\r\n<br />\r\nAntes de tudo, nos queremos agradecer por ter escolhido nosso site. <br />\r\n<br />\r\nAbaixo os dados de sua conta:  <br />\r\n<br />\r\nNome de usu&aacute;rio: %userLogin <br />\r\nSenha: %userpassword  <br />\r\n<br />\r\nPor favor informe nos se voc&ecirc; precisar de ajuda.', 4),
('k1kit2w7pvr', 0, 'Obrigado por seu registro!', 'Hello! <br />\r\n<br />\r\nAntes de tudo, nos queremos agradecer por ter escolhido nosso site. <br />\r\n<br />\r\nAbaixo os dados de sua conta: <br />\r\n<br />\r\nNome de usu&aacute;rio: %userLogin <br />\r\nSenha: %userpassword <br />\r\n<br />\r\nPor favor informe nos se voc&ecirc; precisar de ajuda.', 4),
('pugefcy0cph', 0, 'Obrigado por seu registro!', 'Hello!  <br />\r\n<br />\r\nAntes de tudo, nos queremos agradecer por ter escolhido nosso site. <br />\r\n<br />\r\nAbaixo os dados de sua conta:  <br />\r\n<br />\r\nNome de usu&aacute;rio: %userLogin <br />\r\nSenha: %userpassword  <br />\r\n<br />\r\nPor favor informe nos se voc&ecirc; precisar de ajuda.', 4),
('2owauy9vkf7', 0, 'Obrigado por seu registro!', 'Hello!  <br />\r\n<br />\r\nAntes de tudo, nos queremos agradecer por ter escolhido nosso site. <br />\r\n<br />\r\nAbaixo os dados de sua conta:  <br />\r\n<br />\r\nNome de usu&aacute;rio: %userLogin <br />\r\nSenha: %userpassword  <br />\r\n<br />\r\nPor favor informe nos se voc&ecirc; precisar de ajuda.', 4),
('j8x5auc05qi', 1, 'Senha para o site', 'Oi! Esta mensagem foi enviada para voc&ecirc; pois algu&eacute;m esqueceu a op&ccedil;&atilde;o de sua senha no site %siteUrl As credenciais para acessar este site s&atilde;o as seguintes: Nome de usu&aacute;rio: %userLogin Senha: %userpassword', 4),
('ikulok5s2mc', 0, 'Obrigado por seu registro!', 'Hello! <br />\r\n<br />\r\nAntes de tudo, nos queremos agradecer por ter escolhido nosso site. <br />\r\n<br />\r\nAbaixo os dados de sua conta: <br />\r\n<br />\r\nNome de usu&aacute;rio: %userLogin <br />\r\nSenha: %userpassword <br />\r\n<br />\r\nPor favor informe nos se voc&ecirc; precisar de ajuda.', 4),
('ikulok5s2mc', 1, 'Senha para o site', 'Oi! Esta mensagem foi enviada para voc&ecirc; pois algu&eacute;m esqueceu a op&ccedil;&atilde;o de sua senha no site %siteUrl As credenciais para acessar este site s&atilde;o as seguintes: Nome de usu&aacute;rio: %userLogin Senha: %userpassword', 4),
('9whvcwkpa2u', 1, 'Senha para o site', 'Oi! Esta mensagem foi enviada para voc&ecirc; pois algu&eacute;m esqueceu a op&ccedil;&atilde;o de sua senha no site %siteUrl As credenciais para acessar este site s&atilde;o as seguintes: Nome de usu&aacute;rio: %userLogin Senha: %userpassword', 4),
('dpjz4zdqyp4', 0, 'Obrigado por seu registro!', 'Hello!  <br />\n<br />\nAntes de tudo, nos queremos agradecer por ter escolhido nosso site. <br />\n<br />\nAbaixo os dados de sua conta:  <br />\n<br />\nNome de usuário: %userLogin <br />\nSenha: %userpassword  <br />\n<br />\nPor favor informe nos se você precisar de ajuda.', 4),
('w6x6fcpwn1b', 1, 'Senha para o site', 'Oi! Esta mensagem foi enviada para voc&ecirc; pois algu&eacute;m esqueceu a op&ccedil;&atilde;o de sua senha no site %siteUrl As credenciais para acessar este site s&atilde;o as seguintes: Nome de usu&aacute;rio: %userLogin Senha: %userpassword', 4),
('f0smcs3pech', 0, 'Obrigado por seu registro!', 'Hello!  <br />\r\n<br />\r\nAntes de tudo, nos queremos agradecer por ter escolhido nosso site. <br />\r\n<br />\r\nAbaixo os dados de sua conta:  <br />\r\n<br />\r\nNome de usu&aacute;rio: %userLogin <br />\r\nSenha: %userpassword  <br />\r\n<br />\r\nPor favor informe nos se voc&ecirc; precisar de ajuda.', 4),
('15ctz928b0s', 1, 'Senha para o site', 'Oi! Esta mensagem foi enviada para você pois alguém esqueceu a opção de sua senha no site %siteUrl As credenciais para acessar este site são as seguintes: Nome de usuário: %userLogin Senha: %userpassword', 4),
('15ctz928b0s', 0, 'Obrigado por seu registro!', 'Hello!  <br />\n<br />\nAntes de tudo, nos queremos agradecer por ter escolhido nosso site. <br />\n<br />\nAbaixo os dados de sua conta:  <br />\n<br />\nNome de usuário: %userLogin <br />\nSenha: %userpassword  <br />\n<br />\nPor favor informe nos se você precisar de ajuda.', 4),
('es5ertdebf1', 0, 'Obrigado por seu registro!', 'Hello!  <br />\r\n<br />\r\nAntes de tudo, nos queremos agradecer por ter escolhido nosso site. <br />\r\n<br />\r\nAbaixo os dados de sua conta:  <br />\r\n<br />\r\nNome de usuário: %userLogin <br />\r\nSenha: %userpassword  <br />\r\n<br />\r\nPor favor informe nos se você precisar de ajuda.', 4),
('2owauy9vkf7', 1, 'Senha para o site', 'Oi! Esta mensagem foi enviada para voc&ecirc; pois algu&eacute;m esqueceu a op&ccedil;&atilde;o de sua senha no site %siteUrl As credenciais para acessar este site s&atilde;o as seguintes: Nome de usu&aacute;rio: %userLogin Senha: %userpassword', 4),
('7vp4wc3blbr', 0, 'Obrigado por seu registro!', 'Hello!  <br />\n<br />\nAntes de tudo, nos queremos agradecer por ter escolhido nosso site. <br />\n<br />\nAbaixo os dados de sua conta:  <br />\n<br />\nNome de usuário: %userLogin <br />\nSenha: %userpassword  <br />\n<br />\nPor favor informe nos se você precisar de ajuda.', 4),
('e489a39elj6', 1, 'Senha para o site', 'Oi! Esta mensagem foi enviada para voc&ecirc; pois algu&eacute;m esqueceu a op&ccedil;&atilde;o de sua senha no site %siteUrl As credenciais para acessar este site s&atilde;o as seguintes: Nome de usu&aacute;rio: %userLogin Senha: %userpassword', 4),
('f5x6qjwzbvz', 0, 'Obrigado por seu registro!', 'Hello!  <br />\r\n<br />\r\nAntes de tudo, nos queremos agradecer por ter escolhido nosso site. <br />\r\n<br />\r\nAbaixo os dados de sua conta:  <br />\r\n<br />\r\nNome de usu&aacute;rio: %userLogin <br />\r\nSenha: %userpassword  <br />\r\n<br />\r\nPor favor informe nos se voc&ecirc; precisar de ajuda.', 4),
('u0l02c2i4fh', 0, 'Obrigado por seu registro!', 'Hello!  <br />\n<br />\nAntes de tudo, nos queremos agradecer por ter escolhido nosso site. <br />\n<br />\nAbaixo os dados de sua conta:  <br />\n<br />\nNome de usuário: %userLogin <br />\nSenha: %userpassword  <br />\n<br />\nPor favor informe nos se você precisar de ajuda.', 4),
('u0l02c2i4fh', 1, 'Senha para o site', 'Oi! Esta mensagem foi enviada para você pois alguém esqueceu a opção de sua senha no site %siteUrl As credenciais para acessar este site são as seguintes: Nome de usuário: %userLogin Senha: %userpassword', 4),
('tmfdgswvien', 1, 'Senha para o site', 'Oi! Esta mensagem foi enviada para você pois alguém esqueceu a opção de sua senha no site %siteUrl As credenciais para acessar este site são as seguintes: Nome de usuário: %userLogin Senha: %userpassword', 4),
('tmfdgswvien', 0, 'Obrigado por seu registro!', 'Hello!  <br />\r\n<br />\r\nAntes de tudo, nos queremos agradecer por ter escolhido nosso site. <br />\r\n<br />\r\nAbaixo os dados de sua conta:  <br />\r\n<br />\r\nNome de usuário: %userLogin <br />\r\nSenha: %userpassword  <br />\r\n<br />\r\nPor favor informe nos se você precisar de ajuda.', 4),
('7vp4wc3blbr', 1, 'Senha para o site', 'Oi! Esta mensagem foi enviada para você pois alguém esqueceu a opção de sua senha no site %siteUrl As credenciais para acessar este site são as seguintes: Nome de usuário: %userLogin Senha: %userpassword', 4),
('atmht8b88ar', 0, 'Obrigado por seu registro!', 'Obrigado por efetuar seu cadastro como nosso parceiro!!!', 4),
('atmht8b88ar', 1, 'Senha para o site', '<p>Segue sua senha e usu&aacute;rio, obrigado!!</p>', 4),
('k1kit2w7pvr', 1, 'Senha para o site', 'Oi! Esta mensagem foi enviada para voc&ecirc; pois algu&eacute;m esqueceu a op&ccedil;&atilde;o de sua senha no site %siteUrl As credenciais para acessar este site s&atilde;o as seguintes: Nome de usu&aacute;rio: %userLogin Senha: %userpassword', 4),
('5rmsojngyzb', 0, 'Obrigado por seu registro!', 'Hello!  <br />\n<br />\nAntes de tudo, nos queremos agradecer por ter escolhido nosso site. <br />\n<br />\nAbaixo os dados de sua conta:  <br />\n<br />\nNome de usuário: %userLogin <br />\nSenha: %userpassword  <br />\n<br />\nPor favor informe nos se você precisar de ajuda.', 4),
('5rmsojngyzb', 1, 'Senha para o site', 'Oi! Esta mensagem foi enviada para você pois alguém esqueceu a opção de sua senha no site %siteUrl As credenciais para acessar este site são as seguintes: Nome de usuário: %userLogin Senha: %userpassword', 4),
('6z91xem7bzc', 0, 'Agradecemos seu registro na LUZ Engenharia', 'Ol&aacute;! <br />\r\n<br />\r\nGostar&iacute;amos de agradecer o seu cadastro,&nbsp;a partir de agora&nbsp;voc&ecirc; receber&aacute; novidades exclusivas.<br />\r\n<br />\r\nAbaixo os dados de acesso:<br />\r\n<br />\r\nNome de usu&aacute;rio: %userLogin<br />\r\nSenha: %userpassword <br />\r\n<br />\r\nSe necess&aacute;rio, estamos a disposi&ccedil;&atilde;o.<br />\r\n<br />\r\nLUZ Engenharia<br />\r\n<a href="mailto:luz@luz.eng.br">luz@luz.eng.br</a><br />', 4),
('6z91xem7bzc', 1, 'Dadso de caesso', 'Ol&aacute;! <br />\r\n<br />\r\nEsta mensagem foi enviada, pois algu&eacute;m usou a op&ccedil;&atilde;o &quot;Esqueceu&nbsp;a senha&quot;.<br />\r\n<br />\r\nDados de acesso:<br />\r\n<br />\r\nNome de usu&aacute;rio: %userLogin <br />\r\nSenha: %userpassword<br />\r\n<br />\r\nAtenciosamente,<br />\r\nLUZ <span style="color: #339966">Engenharia</span><br />\r\nluz@luz.eng.br<br />', 4),
('f0smcs3pech', 1, 'Senha para o site', 'Oi! Esta mensagem foi enviada para voc&ecirc; pois algu&eacute;m esqueceu a op&ccedil;&atilde;o de sua senha no site %siteUrl As credenciais para acessar este site s&atilde;o as seguintes: Nome de usu&aacute;rio: %userLogin Senha: %userpassword', 4),
('e489a39elj6', 0, 'Obrigado por seu registro!', 'Hello!  <br />\r\n<br />\r\nAntes de tudo, nos queremos agradecer por ter escolhido nosso site. <br />\r\n<br />\r\nAbaixo os dados de sua conta:  <br />\r\n<br />\r\nNome de usu&aacute;rio: %userLogin <br />\r\nSenha: %userpassword  <br />\r\n<br />\r\nPor favor informe nos se voc&ecirc; precisar de ajuda.', 4),
('w6x6fcpwn1b', 0, 'Obrigado por seu registro!', 'Hello! <br />\r\n<br />\r\nAntes de tudo, nos queremos agradecer por ter escolhido nosso site. <br />\r\n<br />\r\nAbaixo os dados de sua conta: <br />\r\n<br />\r\nNome de usu&aacute;rio: %userLogin <br />\r\nSenha: %userpassword <br />\r\n<br />\r\nPor favor informe nos se voc&ecirc; precisar de ajuda.', 4),
('j8x5auc05qi', 0, 'Obrigado por seu registro!', 'Hello!  <br />\r\n<br />\r\nAntes de tudo, nos queremos agradecer por ter escolhido nosso site. <br />\r\n<br />\r\nAbaixo os dados de sua conta:  <br />\r\n<br />\r\nNome de usu&aacute;rio: %userLogin <br />\r\nSenha: %userpassword  <br />\r\n<br />\r\nPor favor informe nos se voc&ecirc; precisar de ajuda.', 4),
('l86kh2s2dvc', 0, 'Obrigado por seu registro!', 'Hello!  <br />\r\n<br />\r\nAntes de tudo, nos queremos agradecer por ter escolhido nosso site. <br />\r\n<br />\r\nAbaixo os dados de sua conta:  <br />\r\n<br />\r\nNome de usuário: %userLogin <br />\r\nSenha: %userpassword  <br />\r\n<br />\r\nPor favor informe nos se você precisar de ajuda.', 4),
('rknyk4a82s7', 1, 'Senha para o site', 'Oi! Esta mensagem foi enviada para você pois alguém esqueceu a opção de sua senha no site %siteUrl As credenciais para acessar este site são as seguintes: Nome de usuário: %userLogin Senha: %userpassword', 4),
('rknyk4a82s7', 0, 'Obrigado por seu registro!', 'Hello!  <br />\r\n<br />\r\nAntes de tudo, nos queremos agradecer por ter escolhido nosso site. <br />\r\n<br />\r\nAbaixo os dados de sua conta:  <br />\r\n<br />\r\nNome de usuário: %userLogin <br />\r\nSenha: %userpassword  <br />\r\n<br />\r\nPor favor informe nos se você precisar de ajuda.', 4),
('oj9t533lklw', 1, 'Password for the site', 'Hello!<br />\r\n<br />\r\nThis letter was sent to you because someone used the Forgot your password option on site<br />\r\n%siteUrl<br />\r\nThe credentials for accessing this site are the following:<br />\r\nUser name: %userLogin<br />\r\nPassword: %userPassword', 4),
('oj9t533lklw', 0, 'Thank you for registration!', 'Hello!<br />\r\n<br />\r\nFirst and foremost, we would like to thank you for choosing our web site.<br />\r\n<br />\r\nBelow is your account information:<br />\r\n<br />\r\nUser name: %userLogin<br />\r\nPassword: %userPassword<br />\r\n<br />\r\nPlease inform us if you need our assistance.', 4),
('f5x6qjwzbvz', 1, 'Senha para o site', '%userLogin%userLastname%userPassword%userFirstnameOi! Esta mensagem foi enviada para voc&ecirc; pois algu&eacute;m esqueceu a op&ccedil;&atilde;o de sua senha no site %siteUrl As credenciais para acessar este site s&atilde;o as seguintes: Nome de usu&aacute;rio: %userLogin Senha: %userpassword', 4),
('eyikfr3wcap', 0, 'Obrigado por seu registro!', 'Ol&aacute;! <br />\r\n<br />\r\nAbaixo os dados de sua conta: <br />\r\n<br />\r\nNome de usu&aacute;rio: %userLogin <br />\r\nSenha: %userpassword <br />\r\n<br />\r\nPor favor informe nos se voc&ecirc; precisar de ajuda.', 4),
('eyikfr3wcap', 1, 'Senha para o site', 'Oi! Esta mensagem foi enviada para voc&ecirc; pois algu&eacute;m esqueceu a op&ccedil;&atilde;o de sua senha no site %siteUrl As credenciais para acessar este site s&atilde;o as seguintes: Nome de usu&aacute;rio: %userLogin Senha: %userpassword', 4),
('9whvcwkpa2u', 0, 'Obrigado por seu registro!', 'Hello! <br />\r\n<br />\r\nAntes de tudo, nos queremos agradecer por ter escolhido nosso site. <br />\r\n<br />\r\nAbaixo os dados de sua conta: <br />\r\n<br />\r\nNome de usu&aacute;rio: %userLogin <br />\r\nSenha: %userpassword <br />\r\n<br />\r\nPor favor informe nos se voc&ecirc; precisar de ajuda.', 4),
('znfghpsahps', 0, 'Obrigado por seu registro!', 'Hello!  <br />\n<br />\nAntes de tudo, nos queremos agradecer por ter escolhido nosso site. <br />\n<br />\nAbaixo os dados de sua conta:  <br />\n<br />\nNome de usuário: %userLogin <br />\nSenha: %userpassword  <br />\n<br />\nPor favor informe nos se você precisar de ajuda.', 4),
('6nndwf4z3g8', 1, 'Senha para o site', 'Oi! Esta mensagem foi enviada para você pois alguém esqueceu a opção de sua senha no site %siteUrl As credenciais para acessar este site são as seguintes: Nome de usuário: %userLogin Senha: %userpassword', 4),
('2i05sln665n', 0, 'Obrigado por seu registro!', 'Hello!  <br />\n<br />\nAntes de tudo, nos queremos agradecer por ter escolhido nosso site. <br />\n<br />\nAbaixo os dados de sua conta:  <br />\n<br />\nNome de usuário: %userLogin <br />\nSenha: %userpassword  <br />\n<br />\nPor favor informe nos se você precisar de ajuda.', 4),
('6nndwf4z3g8', 0, 'Obrigado por seu registro!', 'Hello!  <br />\n<br />\nAntes de tudo, nos queremos agradecer por ter escolhido nosso site. <br />\n<br />\nAbaixo os dados de sua conta:  <br />\n<br />\nNome de usuário: %userLogin <br />\nSenha: %userpassword  <br />\n<br />\nPor favor informe nos se você precisar de ajuda.', 4),
('z9bywp4sx4s', 0, 'Obrigado por seu registro!', 'Hello! <br />\r\n<br />\r\nAntes de tudo, nos queremos agradecer por ter escolhido nosso site. <br />\r\n<br />\r\nAbaixo os dados de sua conta: <br />\r\n<br />\r\nNome de usu&aacute;rio: %userLogin <br />\r\nSenha: %userpassword <br />\r\n<br />\r\nPor favor informe nos se voc&ecirc; precisar de ajuda.', 4),
('bo7vjii0ad5', 1, 'Password for the site', 'Hello!<br />\n<br />\nThis letter was sent to you because someone used the Forgot your password option on site<br />\n%siteUrl<br />\nThe credentials for accessing this site are the following:<br />\nUser name: %userLogin<br />\nPassword: %userPassword', 4),
('bo7vjii0ad5', 0, 'Thank you for registration!', 'Hello!<br />\n<br />\nFirst and foremost, we would like to thank you for choosing our web site.<br />\n<br />\nBelow is your account information:<br />\n<br />\nUser name: %userLogin<br />\nPassword: %userPassword<br />\n<br />\nPlease inform us if you need our assistance.', 4),
('pxou2rdhy8b', 0, 'Obrigado por seu registro!', 'Hello!  <br />\n<br />\nAntes de tudo, nos queremos agradecer por ter escolhido nosso site. <br />\n<br />\nAbaixo os dados de sua conta:  <br />\n<br />\nNome de usuário: %userLogin <br />\nSenha: %userpassword  <br />\n<br />\nPor favor informe nos se você precisar de ajuda.', 4),
('pxou2rdhy8b', 1, 'Senha para o site', 'Oi! Esta mensagem foi enviada para você pois alguém esqueceu a opção de sua senha no site %siteUrl As credenciais para acessar este site são as seguintes: Nome de usuário: %userLogin Senha: %userpassword', 4),
('z9bywp4sx4s', 1, 'Senha para o site', 'Oi! Esta mensagem foi enviada para voc&ecirc; pois algu&eacute;m esqueceu a op&ccedil;&atilde;o de sua senha no site %siteUrl As credenciais para acessar este site s&atilde;o as seguintes: Nome de usu&aacute;rio: %userLogin Senha: %userpassword', 4),
('t0o5qywbwqm', 1, 'Senha para o site', 'Oi %userFirstname! Esta mensagem foi enviada para voc&ecirc; pois algu&eacute;m esqueceu a op&ccedil;&atilde;o de sua senha no site %siteUrl As credenciais para acessar este site s&atilde;o as seguintes: <br />\r\n<br />\r\nNome de usu&aacute;rio: %userLogin <br />\r\nSenha: %userpassword<br />\r\n<br />\r\nAgrade&ccedil;emos por utilizar nossos servi&ccedil;os.<br />\r\n<br />\r\nQualquer d&uacute;vida estamos a disposi&ccedil;&atilde;o para esclarecimentos<br type="_moz" />', 4),
('bvuniaieqb2', 1, 'Senha para o site', 'Oi! Esta mensagem foi enviada para você pois alguém esqueceu a opção de sua senha no site %siteUrl As credenciais para acessar este site são as seguintes: Nome de usuário: %userLogin Senha: %userpassword', 4),
('bvuniaieqb2', 0, 'Obrigado por seu registro!', 'Hello!  <br />\r\n<br />\r\nAntes de tudo, nos queremos agradecer por ter escolhido nosso site. <br />\r\n<br />\r\nAbaixo os dados de sua conta:  <br />\r\n<br />\r\nNome de usuário: %userLogin <br />\r\nSenha: %userpassword  <br />\r\n<br />\r\nPor favor informe nos se você precisar de ajuda.', 4),
('rbn8g0nxnik', 0, 'Obrigado por seu registro!', 'Hello!  <br />\n<br />\nAntes de tudo, nos queremos agradecer por ter escolhido nosso site. <br />\n<br />\nAbaixo os dados de sua conta:  <br />\n<br />\nNome de usuário: %userLogin <br />\nSenha: %userpassword  <br />\n<br />\nPor favor informe nos se você precisar de ajuda.', 4),
('rbn8g0nxnik', 1, 'Senha para o site', 'Oi! Esta mensagem foi enviada para você pois alguém esqueceu a opção de sua senha no site %siteUrl As credenciais para acessar este site são as seguintes: Nome de usuário: %userLogin Senha: %userpassword', 4),
('e484u9onwqu', 1, 'Senha para o site', 'Oi! Esta mensagem foi enviada para voc&ecirc; pois algu&eacute;m esqueceu a op&ccedil;&atilde;o de sua senha no site %siteUrl As credenciais para acessar este site s&atilde;o as seguintes: Nome de usu&aacute;rio: %userLogin Senha: %userpassword', 4),
('g0vr9yd4a8k', 1, 'Senha para o site', 'Oi! Esta mensagem foi enviada para você pois alguém esqueceu a opção de sua senha no site %siteUrl As credenciais para acessar este site são as seguintes: Nome de usuário: %userLogin Senha: %userpassword', 4),
('g0vr9yd4a8k', 0, 'Obrigado por seu registro!', 'Hello!  <br />\n<br />\nAntes de tudo, nos queremos agradecer por ter escolhido nosso site. <br />\n<br />\nAbaixo os dados de sua conta:  <br />\n<br />\nNome de usuário: %userLogin <br />\nSenha: %userpassword  <br />\n<br />\nPor favor informe nos se você precisar de ajuda.', 4),
('znfghpsahps', 1, 'Senha para o site', 'Oi! Esta mensagem foi enviada para você pois alguém esqueceu a opção de sua senha no site %siteUrl As credenciais para acessar este site são as seguintes: Nome de usuário: %userLogin Senha: %userpassword', 4),
('uls1dupyj0m', 1, 'Senha para o site', 'Oi! Esta mensagem foi enviada para voc&ecirc; pois algu&eacute;m esqueceu a op&ccedil;&atilde;o de sua senha no site %siteUrl As credenciais para acessar este site s&atilde;o as seguintes: Nome de usu&aacute;rio: %userLogin Senha: %userpassword', 4),
('es5ertdebf1', 1, 'Senha para o site', 'Oi! Esta mensagem foi enviada para você pois alguém esqueceu a opção de sua senha no site %siteUrl As credenciais para acessar este site são as seguintes: Nome de usuário: %userLogin Senha: %userpassword', 4),
('uls1dupyj0m', 0, 'Obrigado por seu registro!', 'Hello! <br />\r\n<br />\r\nAntes de tudo, nos queremos agradecer por ter escolhido nosso site. <br />\r\n<br />\r\nAbaixo os dados de sua conta: <br />\r\n<br />\r\nNome de usu&aacute;rio: %userLogin <br />\r\nSenha: %userpassword <br />\r\n<br />\r\nPor favor informe nos se voc&ecirc; precisar de ajuda.', 4),
('pugefcy0cph', 1, 'Senha para o site', 'Oi! Esta mensagem foi enviada para voc&ecirc; pois algu&eacute;m esqueceu a op&ccedil;&atilde;o de sua senha no site %siteUrl As credenciais para acessar este site s&atilde;o as seguintes: Nome de usu&aacute;rio: %userLogin Senha: %userpassword', 4),
('gwinwkc21su', 1, 'Senha para o site', 'Oi! Esta mensagem foi enviada para você pois alguém esqueceu a opção de sua senha no site %siteUrl As credenciais para acessar este site são as seguintes: Nome de usuário: %userLogin Senha: %userpassword', 4),
('gwinwkc21su', 0, 'Obrigado por seu registro!', 'Hello!  <br />\n<br />\nAntes de tudo, nos queremos agradecer por ter escolhido nosso site. <br />\n<br />\nAbaixo os dados de sua conta:  <br />\n<br />\nNome de usuário: %userLogin <br />\nSenha: %userpassword  <br />\n<br />\nPor favor informe nos se você precisar de ajuda.', 4);

-- --------------------------------------------------------

--
-- Estrutura da tabela `modules_OnlineStatusIndicator_settings`
--

CREATE TABLE IF NOT EXISTS `modules_OnlineStatusIndicator_settings` (
  `id` int(11) unsigned NOT NULL auto_increment,
  `module_instance_id` varchar(20) NOT NULL,
  `type` varchar(5) NOT NULL,
  `icq_uin` varchar(20) NOT NULL,
  `icq_icon` int(2) unsigned NOT NULL,
  `skype_name` varchar(255) NOT NULL,
  `skype_icon` varchar(30) NOT NULL,
  `skype_call_by_click` int(1) unsigned NOT NULL,
  `storage_state` int(1) unsigned NOT NULL,
  PRIMARY KEY  (`id`,`storage_state`),
  UNIQUE KEY `module_instance` (`module_instance_id`,`storage_state`)
) ENGINE=MyISAM  DEFAULT CHARSET=utf8 AUTO_INCREMENT=312 ;

--
-- Extraindo dados da tabela `modules_OnlineStatusIndicator_settings`
--

INSERT INTO `modules_OnlineStatusIndicator_settings` (`id`, `module_instance_id`, `type`, `icq_uin`, `icq_icon`, `skype_name`, `skype_icon`, `skype_call_by_click`, `storage_state`) VALUES
(285, 'mvw67u3ujiv', 'skype', '', 1, 'vagnerfd', 'balloon', 1, 4),
(286, '74ntunaddbi', '', '', 0, '', '', 0, 4),
(287, '6i054n33s6j', '', '', 0, '', '', 0, 4);

-- --------------------------------------------------------

--
-- Estrutura da tabela `modules_RssReader_settings`
--

CREATE TABLE IF NOT EXISTS `modules_RssReader_settings` (
  `moduleID` varchar(20) NOT NULL,
  `selected_channel` varchar(16) NOT NULL,
  `rss` varchar(255) NOT NULL,
  `storage_state` int(1) unsigned NOT NULL,
  PRIMARY KEY  (`moduleID`,`storage_state`)
) ENGINE=MyISAM DEFAULT CHARSET=utf8;

--
-- Extraindo dados da tabela `modules_RssReader_settings`
--

INSERT INTO `modules_RssReader_settings` (`moduleID`, `selected_channel`, `rss`, `storage_state`) VALUES
('6gx087h29bq', '_custom_channel', 'http://twitter.com/statuses/user_timeline/42865278.rss', 4),
('5ec6q12ro8d', '_custom_channel', 'http://feeds.folha.uol.com.br/folha/dinheiro/rss091.xml', 4),
('7391h61ujez', '_custom_channel', 'http://www.kombo.com.br/feed.php?codigo=MTA3OC0w', 4),
('hz3lnaprhci', '_custom_channel', 'http://olhardigital.uol.com.br/rss/ultimas_noticias.php', 4),
('g9s941xccww', '_custom_channel', 'http://', 4),
('l6kgm6blcbx', '_custom_channel', 'http://', 4),
('kmzfdgskpxp', '_custom_channel', 'http://', 4);

-- --------------------------------------------------------

--
-- Estrutura da tabela `modules_Script_main`
--

CREATE TABLE IF NOT EXISTS `modules_Script_main` (
  `moduleID` varchar(20) NOT NULL,
  `code` blob NOT NULL,
  `storage_state` int(1) unsigned NOT NULL,
  PRIMARY KEY  (`moduleID`,`storage_state`)
) ENGINE=MyISAM DEFAULT CHARSET=utf8;

--
-- Extraindo dados da tabela `modules_Script_main`
--

INSERT INTO `modules_Script_main` (`moduleID`, `code`, `storage_state`) VALUES
('ng69ujdrdhr', 0x3c696672616d652077696474683d2234323022206865696768743d2233313522207372633d22687474703a2f2f7777772e796f75747562652e636f6d2f656d6265642f3057586e70504e52435a5522206672616d65626f726465723d22302220616c6c6f7766756c6c73637265656e3e3c2f696672616d653e, 4),
('0cbdl9io05i', 0x3c703e3c62722f3e3c62722f3e3c656d62656420706c7567696e73706167653d22687474703a2f2f7777772e6d6963726f736f66742e636f6d2f57696e646f77732f4d65646961506c617965722f2220616c6c6f777363726970746163636573733d226e657665722220616c69676e3d226d6964646c65222073686f777374617475736261723d22747275652220747970653d226170706c69636174696f6e2f782d6d706c617965723222206865696768743d22363522207372633d22687474703a2f2f7777772e726164696f6d6978676f7370656c2e636f6d2f616f7669766f2e617378222077696474683d22323030223e3c2f656d6265643e3c703e3c2f703e3c2f703e0d0a, 4),
('ksa0b0xfsp8', 0x3c6d61727175656520646972656374696f6e3d226c65667422207363726f6c6c616d6f756e743d2237222077696474683d2235363022206865696768743d2231303622206265686176696f723d227363726f6c6c22206f6e6d6f7573656f7665723d22746869732e73746f70282922206f6e6d6f7573656f75743d22746869732e73746172742829223e200d0a3c6120687265663d2220687474703a2f2f706f7274616c646173616775617373702e636f6d2e62722f61677561732d64652d6c696e646f69612e706870223e200d0a3c696d67200d0a7372633d2220687474703a2f2f706f7274616c646173616775617373702e636f6d2e62722f6174746163686d656e74732f496d6167652f61677561735f64655f6c696e646f69612e4a50472022200d0a7469746c653d22206167756173206465206c696e646f696122200d0a6865696768743d22313036222077696474683d22323931222f3e200d0a3c2f613e200d0a3c6120687265663d2220687474703a2f2f7777772e706f7274616c646173616775617373702e636f6d2e62722f6275656e6f2d6272616e64616f2e706870223e200d0a3c696d67200d0a7372633d22687474703a2f2f7777772e706f7274616c646173616775617373702e636f6d2e62722f6174746163686d656e74732f496d6167652f6275656e6f5f6272616e64616f2e6a70672022200d0a7469746c653d226275656e6f206272616e64616f22200d0a6865696768743d22313036222077696474683d22323931222f3e200d0a3c2f613e200d0a3c6120687265663d22687474703a2f2f7777772e706f7274616c646173616775617373702e636f6d2e62722f6c696e646f69612e706870223e200d0a3c696d67200d0a7372633d2220687474703a2f2f7777772e706f7274616c646173616775617373702e636f6d2e62722f6174746163686d656e74732f496d6167652f6c696e646f69612e6a70672022200d0a7469746c653d226c696e646f696122200d0a6865696768743d22313036222077696474683d22323931222f3e200d0a3c2f613e0d0a2020203c2f6d61720d0a3c6120687265663d22687474703a2f2f7777772e706f7274616c646173616775617373702e636f6d2e62722f6d6f6e74652d7369616f2e706870223e200d0a3c696d67200d0a7372633d22687474703a2f2f7777772e706f7274616c646173616775617373702e636f6d2e62722f6174746163686d656e74732f496d6167652f6d6f6e74655f7369616f2e6a7067202022200d0a7469746c653d226d6f6e7465207369616f22200d0a6865696768743d22313036222077696474683d22323931222f3e200d0a3c2f613e0d0a3c6120687265663d22687474703a2f2f7777772e706f7274616c646173616775617373702e636f6d2e62722f6d6f6e74652d616c656772652d646f2d73756c2e706870223e200d0a3c696d67200d0a7372633d2220687474703a2f2f7777772e706f7274616c646173616775617373702e636f6d2e62722f6174746163686d656e74732f496d6167652f6d6f6e74655f616c656772655f646f5f73756c2e6a70672022200d0a7469746c653d226d6f6e746520616c6567726520646f2073756c22200d0a6865696768743d22313036222077696474683d22323931222f3e200d0a3c2f613e0d0a3c6120687265663d2220687474703a2f2f7777772e706f7274616c646173616775617373702e636f6d2e62722f6f75726f2d66696e6f2e706870223e200d0a3c696d67200d0a7372633d22687474703a2f2f7777772e706f7274616c646173616775617373702e636f6d2e62722f6174746163686d656e74732f496d6167652f6f75726f5f66696e6f2e6a7067202022200d0a7469746c653d226f75726f2066696e6f22200d0a6865696768743d22313036222077696474683d22323931222f3e200d0a3c2f613e0d0a3c6120687265663d2220687474703a2f2f7777772e706f7274616c646173616775617373702e636f6d2e62722f73657272612d6e656772612e706870223e200d0a3c696d67200d0a7372633d22687474703a2f2f7777772e706f7274616c646173616775617373702e636f6d2e62722f6174746163686d656e74732f496d6167652f73657272615f6e656772612e4a5047202022200d0a7469746c653d227365727261206e6567726122200d0a6865696768743d22313036222077696474683d22323931222f3e200d0a3c2f613e0d0a3c6120687265663d2220687474703a2f2f7777772e706f7274616c646173616775617373702e636f6d2e62722f6369646164652d64652d736f636f72726f2e706870223e200d0a3c696d67200d0a7372633d2220687474703a2f2f7777772e706f7274616c646173616775617373702e636f6d2e62722f6174746163686d656e74732f496d6167652f736f636f72726f2e6a70672022200d0a7469746c653d22736f636f72726f22200d0a6865696768743d22313036222077696474683d22323931222f3e200d0a3c2f613e0d0a0d0a0d0a3c2f6d6172717565653e0d0a200d0a, 4),
('fspm75xp3rr', 0x3c696672616d65207372633d22687474703a2f2f66696c65732e62616e6e6572736e61636b2e636f6d2f696672616d652f656d6265642e68746d6c3f686173683d627a3139656a636826776d6f64653d7472616e73706172656e7426743d31333631313437363937222077696474683d2237323822206865696768743d22393022207365616d6c6573733d227365616d6c65737322207363726f6c6c696e673d226e6f22206672616d65626f726465723d22302220616c6c6f777472616e73706172656e63793d2274727565223e3c2f696672616d653e, 4),
('q996ud24r06', 0x3c696672616d65207372633d27687474703a2f2f73656c6f732e636c696d6174656d706f2e636f6d2e62722f73656c6f732f4d6f7374726153656c6f2e7068703f434f444349444144453d323339362c3534322c3830372c313631362c3235383726534b494e3d70616472616f27207363726f6c6c696e673d276e6f27206672616d65626f726465723d2730272077696474683d313530206865696768743d2731373027206d617267696e6865696768743d273027206d617267696e77696474683d2730273e3c2f696672616d653e, 4),
('yg36qfsnq1k', 0x3c73637269707420747970653d22746578742f6a617661736372697074223e0d0a0d0a2020766172205f676171203d205f676171207c7c205b5d3b0d0a20205f6761712e70757368285b275f7365744163636f756e74272c202755412d32363533303338352d31275d293b0d0a20205f6761712e70757368285b275f747261636b5061676576696577275d293b0d0a0d0a20202866756e6374696f6e2829207b0d0a20202020766172206761203d20646f63756d656e742e637265617465456c656d656e74282773637269707427293b2067612e74797065203d2027746578742f6a617661736372697074273b2067612e6173796e63203d20747275653b0d0a2020202067612e737263203d20282768747470733a27203d3d20646f63756d656e742e6c6f636174696f6e2e70726f746f636f6c203f202768747470733a2f2f73736c27203a2027687474703a2f2f7777772729202b20272e676f6f676c652d616e616c79746963732e636f6d2f67612e6a73273b0d0a202020207661722073203d20646f63756d656e742e676574456c656d656e747342795461674e616d65282773637269707427295b305d3b20732e706172656e744e6f64652e696e736572744265666f72652867612c2073293b0d0a20207d2928293b0d0a0d0a3c2f7363726970743e, 4),
('lgqio7stb0p', 0x3c73637269707420747970653d22746578742f6a617661736372697074223e0d0a0d0a2020766172205f676171203d205f676171207c7c205b5d3b0d0a20205f6761712e70757368285b275f7365744163636f756e74272c202755412d32363533303338352d31275d293b0d0a20205f6761712e70757368285b275f747261636b5061676576696577275d293b0d0a0d0a20202866756e6374696f6e2829207b0d0a20202020766172206761203d20646f63756d656e742e637265617465456c656d656e74282773637269707427293b2067612e74797065203d2027746578742f6a617661736372697074273b2067612e6173796e63203d20747275653b0d0a2020202067612e737263203d20282768747470733a27203d3d20646f63756d656e742e6c6f636174696f6e2e70726f746f636f6c203f202768747470733a2f2f73736c27203a2027687474703a2f2f7777772729202b20272e676f6f676c652d616e616c79746963732e636f6d2f67612e6a73273b0d0a202020207661722073203d20646f63756d656e742e676574456c656d656e747342795461674e616d65282773637269707427295b305d3b20732e706172656e744e6f64652e696e736572744265666f72652867612c2073293b0d0a20207d2928293b0d0a0d0a3c2f7363726970743e, 4),
('h1ifcisv0zp', 0x3c696672616d65206672616d65626f726465723d2230222077696474683d2233303022206865696768743d2232353022206d617267696e77696474683d223022206d617267696e6865696768743d223022207372633d22687474703a2f2f7777772e676f6f676c652e636f6d2f7564732f6d6f64756c65732f656c656d656e74732f6e65777373686f772f696672616d652e68746d6c3f746f7069633d682672737a3d736d616c6c26666f726d61743d33303078323530223e3c2f696672616d653e, 4),
('y48yhszh8qy', 0x3c212d2d20417061677565206573746520746578746f206520656e7472652073637269707420617175692e202f2f2d2d3e, 4),
('8jw6m8u5m4l', 0x3c212d2d20417061677565206573746520746578746f206520656e7472652073637269707420617175692e202f2f2d2d3e, 4),
('yomo5q4rdet', 0x[encoded data, 16918 characters], 4),
('nj02hbzcgwq', 0x3c212d2d20417061677565206573746520746578746f206520656e7472652073637269707420617175692e202f2f2d2d3e, 4),
('ago34iks7hs', 0x3c696672616d65207372633d27687474703a2f2f73656c6f732e636c696d6174656d706f2e636f6d2e62722f73656c6f732f4d6f7374726153656c6f3132302e7068703f434f444349444144453d3230322c3230332c343039322c3130312c3237383426534b494e3d617a756c27207363726f6c6c696e673d276e6f27206672616d65626f726465723d2730272077696474683d313530206865696768743d2731373027206d617267696e6865696768743d273027206d617267696e77696474683d2730273e3c2f696672616d653e, 4),
('5umlpgpvrny', 0x3c6469763e3c6f626a65637420636c61737369643d22636c7369643a44323743444236452d414536442d313163662d393642382d34343435353335343030303022207374796c653d2277696474683a34323070783b6865696768743a3330307078222069643d2231306664613635362d613264622d353961372d313135642d61316238646534333334623422203e3c706172616d206e616d653d226d6f766965222076616c75653d22687474703a2f2f7374617469632e69737375752e636f6d2f776562656d6265642f766965776572732f7374796c65312f76322f49737375755265616465722e7377663f6d6f64653d6d696e6926616d703b646f63756d656e7449643d3132303332333134343834322d616661323432333461643564343338653933653537316362343362306463633122202f3e3c706172616d206e616d653d22616c6c6f7766756c6c73637265656e222076616c75653d2274727565222f3e3c706172616d206e616d653d22616c6c6f77736372697074616363657373222076616c75653d22616c77617973222f3e3c706172616d206e616d653d226d656e75222076616c75653d2266616c7365222f3e3c706172616d206e616d653d22776d6f6465222076616c75653d227472616e73706172656e74222f3e3c656d626564207372633d22687474703a2f2f7374617469632e69737375752e636f6d2f776562656d6265642f766965776572732f7374796c65312f76322f49737375755265616465722e7377662220747970653d226170706c69636174696f6e2f782d73686f636b776176652d666c6173682220616c6c6f7766756c6c73637265656e3d22747275652220616c6c6f777363726970746163636573733d22616c7761797322206d656e753d2266616c73652220776d6f64653d227472616e73706172656e7422207374796c653d2277696474683a34323070783b6865696768743a33303070782220666c617368766172733d226d6f64653d6d696e6926616d703b646f63756d656e7449643d3132303332333134343834322d616661323432333461643564343338653933653537316362343362306463633122202f3e3c2f6f626a6563743e, 4),
('ebpm3qssfxc', 0x3c703e3c62722f3e3c62722f3e3c656d62656420706c7567696e73706167653d22687474703a2f2f7777772e6d6963726f736f66742e636f6d2f57696e646f77732f4d65646961506c617965722f2220616c6c6f777363726970746163636573733d226e657665722220616c69676e3d226d6964646c65222073686f777374617475736261723d22747275652220747970653d226170706c69636174696f6e2f782d6d706c617965723222206865696768743d22363522207372633d22687474703a2f2f7777772e726164696f6d6978676f7370656c2e636f6d2f616f7669766f2e617378222077696474683d22323030223e3c2f656d6265643e3c703e3c2f703e3c2f703e0d0a, 4),
('s5ped7xac6p', 0x3c696d67207372633d2268747470733a2f2f70616773656775726f2e756f6c2e636f6d2e62722f53656375726974792f496d6167656e732f313630783630305f3130585f70616773656775726f2e67696622202f3e0d0a, 4),
('kdmj6sc9asu', 0x3c212d2d20494e4943494f20434f4449474f2050414753454755524f202d2d3e0d0a3c43454e5445523e0d0a3c4120687265663d2268747470733a2f2f70616773656775726f2e756f6c2e636f6d2e627222207461726765743d225f626c616e6b223e3c494d47207372633d2268747470733a2f2f70616773656775726f2e756f6c2e636f6d2e62722f496d6167656e732f42616e6e6572732f62746e507265666572656e636961436172746f657342525f3636357835352e67696622207469746c653d224573746520736974652061636569746120706167616d656e746f7320636f6d20566973612c204d6173746572436172642c2044696e6572732c20416d65726963616e20457870726573732c204869706572636172642c20417572612c20427261646573636f2c20497461fa2c20556e6962616e636f2c2042616e636f20646f2042726173696c2c2042616e636f205265616c2c2073616c646f20656d20636f6e74612050616753656775726f206520626f6c65746f2e2220626f726465723d2230223e3c2f413e, 4),
('piuhuc1pmei', 0x3c212d2d20506f77657265642062793a204372616674792053796e746178204c6976652048656c702020202020202020687474703a2f2f7777772e63726166747973796e7461782e636f6d2f202d2d3e0d0a3c6469762069643d2263726166747973796e746178223e0d0a3c73637269707420747970653d22746578742f6a61766173637269707422207372633d222f68656c706465736b2f6c69766568656c705f6a732e7068703f656f3d312672656c61746976653d5926616d703b6465706172746d656e743d3226616d703b73657276657273657373696f6e3d3126616d703b70696e6774696d65733d3135223e3c2f7363726970743e0d0a3c62723e3c666f6e74207374796c653d22666f6e742d66616d696c793a2076657264616e612c2068656c7665746963612c2073616e732d73657269663b20666f6e742d73697a653a203870783b20636f6c6f723a20233030303030303b223e506f77657265642042793a3c2f666f6e743e0d0a3c6120687265663d22687474703a2f2f7777772e63726166747973796e7461782e636f6d2220616c743d224372616674792053796e746178204c6976652048656c7022207461726765743d225f626c616e6b22207374796c653d22666f6e742d66616d696c793a2076657264616e612c2068656c7665746963612c2073616e732d73657269663b20666f6e742d73697a653a20313070783b20636f6c6f723a20233131343938653b20746578742d6465636f726174696f6e3a206e6f6e653b20666f6e742d7765696768743a20626f6c643b223e4372616674792053796e7461783c2f613e0d0a3c2f6469763e0d0a3c212d2d20636f707972696768742032303033202d2032303039206279204572696320476572646573202d2d3e200d0a, 4),
('owwc5k13ngh', 0x3c212d2d20506f77657265642062793a204372616674792053796e746178204c6976652048656c702020202020202020687474703a2f2f7777772e63726166747973796e7461782e636f6d2f202d2d3e0d0a3c6469762069643d2263726166747973796e746178223e0d0a3c73637269707420747970653d22746578742f6a61766173637269707422207372633d222f68656c706465736b2f6c69766568656c705f6a732e7068703f656f3d312672656c61746976653d5926616d703b6465706172746d656e743d3126616d703b73657276657273657373696f6e3d3126616d703b70696e6774696d65733d3135223e3c2f7363726970743e0d0a3c62723e3c666f6e74207374796c653d22666f6e742d66616d696c793a2076657264616e612c2068656c7665746963612c2073616e732d73657269663b20666f6e742d73697a653a203870783b20636f6c6f723a20233030303030303b223e506f77657265642042793a3c2f666f6e743e0d0a3c6120687265663d22687474703a2f2f7777772e63726166747973796e7461782e636f6d2220616c743d224372616674792053796e746178204c6976652048656c7022207461726765743d225f626c616e6b22207374796c653d22666f6e742d66616d696c793a2076657264616e612c2068656c7665746963612c2073616e732d73657269663b20666f6e742d73697a653a20313070783b20636f6c6f723a20233131343938653b20746578742d6465636f726174696f6e3a206e6f6e653b20666f6e742d7765696768743a20626f6c643b223e4372616674792053796e7461783c2f613e0d0a3c2f6469763e0d0a3c212d2d20636f707972696768742032303033202d2032303039206279204572696320476572646573202d2d3e200d0a, 4),
('76c1jeu4fyp', 0x3c696d67207372633d2268747470733a2f2f70616773656775726f2e756f6c2e636f6d2e62722f53656375726974792f496d6167656e732f3436387836305f3130585f70616773656775726f2e67696622202f3e, 4),
('dlm2rrfx0xc', 0x[encoded data, 5546 characters], 4),
('7fv55in1xxc', 0x3c703e3c62722f3e3c62722f3e3c656d62656420706c7567696e73706167653d22687474703a2f2f7777772e6d6963726f736f66742e636f6d2f57696e646f77732f4d65646961506c617965722f2220616c6c6f777363726970746163636573733d226e657665722220616c69676e3d226d6964646c65222073686f777374617475736261723d22747275652220747970653d226170706c69636174696f6e2f782d6d706c617965723222206865696768743d22363522207372633d22687474703a2f2f7777772e726164696f6d6978676f7370656c2e636f6d2f616f7669766f2e617378222077696474683d22323030223e3c2f656d6265643e3c703e3c2f703e3c2f703e0d0a, 4),
('hu4sw2q6nu9', 0x3c6f626a6563742077696474683d2234343522206865696768743d22333634223e3c706172616d206e616d653d226d6f766965222076616c75653d22687474703a2f2f7777772e796f75747562652e636f6d2f762f495f766f7452647171656b26686c3d70742d62722666733d312672656c3d3026636f6c6f72313d307833613361336126636f6c6f72323d307839393939393926626f726465723d31223e3c2f706172616d3e3c706172616d206e616d653d22616c6c6f7746756c6c53637265656e222076616c75653d2274727565223e3c2f706172616d3e3c706172616d206e616d653d22616c6c6f77736372697074616363657373222076616c75653d22616c77617973223e3c2f706172616d3e3c656d626564207372633d22687474703a2f2f7777772e796f75747562652e636f6d2f762f495f766f7452647171656b26686c3d70742d62722666733d312672656c3d3026636f6c6f72313d307833613361336126636f6c6f72323d307839393939393926626f726465723d312220747970653d226170706c69636174696f6e2f782d73686f636b776176652d666c6173682220616c6c6f777363726970746163636573733d22616c776179732220616c6c6f7766756c6c73637265656e3d2274727565222077696474683d2234343522206865696768743d22333634223e3c2f656d6265643e3c2f6f626a6563743e, 4),
('eqxql7t7wgh', 0x3c6f626a6563742077696474683d2234343522206865696768743d22333634223e3c706172616d206e616d653d226d6f766965222076616c75653d22687474703a2f2f7777772e796f75747562652e636f6d2f762f79574135384b3656335f7726686c3d70742d62722666733d312672656c3d3026636f6c6f72313d307833613361336126636f6c6f72323d307839393939393926626f726465723d31223e3c2f706172616d3e3c706172616d206e616d653d22616c6c6f7746756c6c53637265656e222076616c75653d2274727565223e3c2f706172616d3e3c706172616d206e616d653d22616c6c6f77736372697074616363657373222076616c75653d22616c77617973223e3c2f706172616d3e3c656d626564207372633d22687474703a2f2f7777772e796f75747562652e636f6d2f762f79574135384b3656335f7726686c3d70742d62722666733d312672656c3d3026636f6c6f72313d307833613361336126636f6c6f72323d307839393939393926626f726465723d312220747970653d226170706c69636174696f6e2f782d73686f636b776176652d666c6173682220616c6c6f777363726970746163636573733d22616c776179732220616c6c6f7766756c6c73637265656e3d2274727565222077696474683d2234343522206865696768743d22333634223e3c2f656d6265643e3c2f6f626a6563743e, 4),
('x2q728h88dm', 0x3c6f626a6563742077696474683d2234343522206865696768743d22333634223e3c706172616d206e616d653d226d6f766965222076616c75653d22687474703a2f2f7777772e796f75747562652e636f6d2f762f4c75684d334334546f644126686c3d70742d62722666733d312672656c3d3026636f6c6f72313d307833613361336126636f6c6f72323d307839393939393926626f726465723d31223e3c2f706172616d3e3c706172616d206e616d653d22616c6c6f7746756c6c53637265656e222076616c75653d2274727565223e3c2f706172616d3e3c706172616d206e616d653d22616c6c6f77736372697074616363657373222076616c75653d22616c77617973223e3c2f706172616d3e3c656d626564207372633d22687474703a2f2f7777772e796f75747562652e636f6d2f762f4c75684d334334546f644126686c3d70742d62722666733d312672656c3d3026636f6c6f72313d307833613361336126636f6c6f72323d307839393939393926626f726465723d312220747970653d226170706c69636174696f6e2f782d73686f636b776176652d666c6173682220616c6c6f777363726970746163636573733d22616c776179732220616c6c6f7766756c6c73637265656e3d2274727565222077696474683d2234343522206865696768743d22333634223e3c2f656d6265643e3c2f6f626a6563743e, 4),
('yyxa1d44alo', 0x3c63656e7465723e3c6469762069643d2266622d726f6f74223e3c2f6469763e0d0a3c7363726970743e2866756e6374696f6e28642c20732c20696429207b0d0a2020766172206a732c20666a73203d20642e676574456c656d656e747342795461674e616d652873295b305d3b0d0a202069662028642e676574456c656d656e744279496428696429292072657475726e3b0d0a20206a73203d20642e637265617465456c656d656e742873293b206a732e6964203d2069643b0d0a20206a732e737263203d20222f2f636f6e6e6563742e66616365626f6f6b2e6e65742f70745f42522f616c6c2e6a73237866626d6c3d31223b0d0a2020666a732e706172656e744e6f64652e696e736572744265666f7265286a732c20666a73293b0d0a7d28646f63756d656e742c2027736372697074272c202766616365626f6f6b2d6a7373646b2729293b3c2f7363726970743e0d0a0d0a3c64697620636c6173733d2266622d6c696b652220646174612d687265663d22687474703a2f2f7777772e696772656a61656d73657274616f7a696e686f2e6f72672e62722f77616c6c7061706572732e7068702220646174612d73656e643d22747275652220646174612d6c61796f75743d22627574746f6e5f636f756e742220646174612d77696474683d223435302220646174612d73686f772d66616365733d22747275652220646174612d666f6e743d22617269616c223e3c2f6469763e3c62723e0d0a3c2f63656e7465723e, 4),
('81dbxqjp5gu', 0x3c6120687265663d22687474703a2f2f7777772e6d65657a2e636f6d2f666f636f6f7322207469746c653d224d65657a203344206176617461727320616e6420667265652067616d65732e223e3c696d67207372633d22687474703a2f2f696d616765732e6d65657a2e636f6d2f757365722f332f352f332f382f382f342f362f382f33353338383436385f626f647973686f745f313735783233332e6769662220616c743d224d65657a2033442061766174617220617661746172732067616d6573222020626f726465723d223022202f3e3c2f613e, 4),
('o6h3z87uvch', 0x3c6120687265663d22687474703a2f2f7777772e6d65657a2e636f6d2f666f636f6f7322207469746c653d224d65657a203344206176617461727320616e6420667265652067616d65732e223e3c696d67207372633d22687474703a2f2f696d616765732e6d65657a2e636f6d2f757365722f332f352f332f382f382f342f362f382f33353338383436385f626f647973686f745f333030783430302e6769662220616c743d224d65657a2033442061766174617220617661746172732067616d6573222020626f726465723d223022202f3e3c2f613e, 4),
('lfluv8vdpdk', 0x3c73637269707420747970653d22746578742f6a617661736372697074223e0d0a7661722067614a73486f7374203d2028282268747470733a22203d3d20646f63756d656e742e6c6f636174696f6e2e70726f746f636f6c29203f202268747470733a2f2f73736c2e22203a2022687474703a2f2f7777772e22293b0d0a646f63756d656e742e777269746528756e6573636170652822253343736372697074207372633d2722202b2067614a73486f7374202b2022676f6f676c652d616e616c79746963732e636f6d2f67612e6a732720747970653d27746578742f6a617661736372697074272533452533432f7363726970742533452229293b0d0a3c2f7363726970743e0d0a3c73637269707420747970653d22746578742f6a617661736372697074223e0d0a7661722070616765547261636b6572203d205f6761742e5f676574547261636b6572282255412d383038393033322d3122293b0d0a70616765547261636b65722e5f747261636b506167657669657728293b0d0a3c2f7363726970743e, 4),
('umoy1yrjfwx', 0x3c73637269707420747970653d22746578742f6a617661736372697074223e0d0a7661722067614a73486f7374203d2028282268747470733a22203d3d20646f63756d656e742e6c6f636174696f6e2e70726f746f636f6c29203f202268747470733a2f2f73736c2e22203a2022687474703a2f2f7777772e22293b0d0a646f63756d656e742e777269746528756e6573636170652822253343736372697074207372633d2722202b2067614a73486f7374202b2022676f6f676c652d616e616c79746963732e636f6d2f67612e6a732720747970653d27746578742f6a617661736372697074272533452533432f7363726970742533452229293b0d0a3c2f7363726970743e0d0a3c73637269707420747970653d22746578742f6a617661736372697074223e0d0a7661722070616765547261636b6572203d205f6761742e5f676574547261636b6572282255412d383038393033322d3122293b0d0a70616765547261636b65722e5f747261636b506167657669657728293b0d0a3c2f7363726970743e, 4),
('axseguu7wwa', 0x3c73637269707420747970653d22746578742f6a617661736372697074223e0d0a7661722067614a73486f7374203d2028282268747470733a22203d3d20646f63756d656e742e6c6f636174696f6e2e70726f746f636f6c29203f202268747470733a2f2f73736c2e22203a2022687474703a2f2f7777772e22293b0d0a646f63756d656e742e777269746528756e6573636170652822253343736372697074207372633d2722202b2067614a73486f7374202b2022676f6f676c652d616e616c79746963732e636f6d2f67612e6a732720747970653d27746578742f6a617661736372697074272533452533432f7363726970742533452229293b0d0a3c2f7363726970743e0d0a3c73637269707420747970653d22746578742f6a617661736372697074223e0d0a7661722070616765547261636b6572203d205f6761742e5f676574547261636b6572282255412d383038393033322d3122293b0d0a70616765547261636b65722e5f747261636b506167657669657728293b0d0a3c2f7363726970743e, 4),
('enl0cif5wkh', 0x3c73637269707420747970653d22746578742f6a617661736372697074223e0d0a7661722067614a73486f7374203d2028282268747470733a22203d3d20646f63756d656e742e6c6f636174696f6e2e70726f746f636f6c29203f202268747470733a2f2f73736c2e22203a2022687474703a2f2f7777772e22293b0d0a646f63756d656e742e777269746528756e6573636170652822253343736372697074207372633d2722202b2067614a73486f7374202b2022676f6f676c652d616e616c79746963732e636f6d2f67612e6a732720747970653d27746578742f6a617661736372697074272533452533432f7363726970742533452229293b0d0a3c2f7363726970743e0d0a3c73637269707420747970653d22746578742f6a617661736372697074223e0d0a7661722070616765547261636b6572203d205f6761742e5f676574547261636b6572282255412d383038393033322d3122293b0d0a70616765547261636b65722e5f747261636b506167657669657728293b0d0a3c2f7363726970743e, 4),
('fxfhflzx6p1', 0x3c73637269707420747970653d22746578742f6a617661736372697074223e0d0a7661722067614a73486f7374203d2028282268747470733a22203d3d20646f63756d656e742e6c6f636174696f6e2e70726f746f636f6c29203f202268747470733a2f2f73736c2e22203a2022687474703a2f2f7777772e22293b0d0a646f63756d656e742e777269746528756e6573636170652822253343736372697074207372633d2722202b2067614a73486f7374202b2022676f6f676c652d616e616c79746963732e636f6d2f67612e6a732720747970653d27746578742f6a617661736372697074272533452533432f7363726970742533452229293b0d0a3c2f7363726970743e0d0a3c73637269707420747970653d22746578742f6a617661736372697074223e0d0a7661722070616765547261636b6572203d205f6761742e5f676574547261636b6572282255412d383038393033322d3122293b0d0a70616765547261636b65722e5f747261636b506167657669657728293b0d0a3c2f7363726970743e, 4),
('cf9bstnfjss', 0x3c73637269707420747970653d22746578742f6a617661736372697074223e0d0a7661722067614a73486f7374203d2028282268747470733a22203d3d20646f63756d656e742e6c6f636174696f6e2e70726f746f636f6c29203f202268747470733a2f2f73736c2e22203a2022687474703a2f2f7777772e22293b0d0a646f63756d656e742e777269746528756e6573636170652822253343736372697074207372633d2722202b2067614a73486f7374202b2022676f6f676c652d616e616c79746963732e636f6d2f67612e6a732720747970653d27746578742f6a617661736372697074272533452533432f7363726970742533452229293b0d0a3c2f7363726970743e0d0a3c73637269707420747970653d22746578742f6a617661736372697074223e0d0a7661722070616765547261636b6572203d205f6761742e5f676574547261636b6572282255412d383038393033322d3122293b0d0a70616765547261636b65722e5f747261636b506167657669657728293b0d0a3c2f7363726970743e, 4),
('4nrkr4ea06t', 0x3c703e3c62722f3e3c62722f3e3c656d62656420706c7567696e73706167653d22687474703a2f2f7777772e6d6963726f736f66742e636f6d2f57696e646f77732f4d65646961506c617965722f2220616c6c6f777363726970746163636573733d226e657665722220616c69676e3d226d6964646c65222073686f777374617475736261723d22747275652220747970653d226170706c69636174696f6e2f782d6d706c617965723222206865696768743d22363522207372633d22687474703a2f2f7777772e726164696f6d6978676f7370656c2e636f6d2f616f7669766f2e617378222077696474683d22323030223e3c2f656d6265643e3c703e3c2f703e3c2f703e0d0a, 4),
('l2zhz9ivw9m', 0x3c6469762069643d2263736522207374796c653d2277696474683a20313030253b223e4c6f6164696e673c2f6469763e0d0a3c736372697074207372633d22687474703a2f2f7777772e676f6f676c652e636f6d2f6a736170692220747970653d22746578742f6a617661736372697074223e3c2f7363726970743e0d0a3c73637269707420747970653d22746578742f6a617661736372697074223e0d0a2020676f6f676c652e6c6f61642827736561726368272c202731272c207b6c616e6775616765203a202770742d4252277d293b0d0a2020676f6f676c652e7365744f6e4c6f616443616c6c6261636b2866756e6374696f6e28297b0d0a2020202076617220637573746f6d536561726368436f6e74726f6c203d206e657720676f6f676c652e7365617263682e437573746f6d536561726368436f6e74726f6c28273030313135373934333135393937353536393830383a65776666746d647473697727293b0d0a20202020637573746f6d536561726368436f6e74726f6c2e736574526573756c7453657453697a6528676f6f676c652e7365617263682e5365617263682e46494c54455245445f4353455f524553554c54534554293b0d0a20202020637573746f6d536561726368436f6e74726f6c2e64726177282763736527293b0d0a20207d2c2074727565293b0d0a3c2f7363726970743e0d0a3c6c696e6b2072656c3d227374796c6573686565742220687265663d22687474703a2f2f7777772e676f6f676c652e636f6d2f6373652f7374796c652f6c6f6f6b, 4);
INSERT INTO `modules_Script_main` (`moduleID`, `code`, `storage_state`) VALUES
('wxbci6ck1q6', 0x3c73637269707420747970653d22746578742f6a617661736372697074223e0d0a0d0a2020766172205f676171203d205f676171207c7c205b5d3b0d0a20205f6761712e70757368285b275f7365744163636f756e74272c202755412d32363533303338352d31275d293b0d0a20205f6761712e70757368285b275f747261636b5061676576696577275d293b0d0a0d0a20202866756e6374696f6e2829207b0d0a20202020766172206761203d20646f63756d656e742e637265617465456c656d656e74282773637269707427293b2067612e74797065203d2027746578742f6a617661736372697074273b2067612e6173796e63203d20747275653b0d0a2020202067612e737263203d20282768747470733a27203d3d20646f63756d656e742e6c6f636174696f6e2e70726f746f636f6c203f202768747470733a2f2f73736c27203a2027687474703a2f2f7777772729202b20272e676f6f676c652d616e616c79746963732e636f6d2f67612e6a73273b0d0a202020207661722073203d20646f63756d656e742e676574456c656d656e747342795461674e616d65282773637269707427295b305d3b20732e706172656e744e6f64652e696e736572744265666f72652867612c2073293b0d0a20207d2928293b0d0a0d0a3c2f7363726970743e, 4),
('wqgjuw7t8f0', 0x[encoded data, 6768 characters], 4),
('lzipeevlvol', 0x3c703e3c62722f3e3c62722f3e3c656d62656420706c7567696e73706167653d22687474703a2f2f7777772e6d6963726f736f66742e636f6d2f57696e646f77732f4d65646961506c617965722f2220616c6c6f777363726970746163636573733d226e657665722220616c69676e3d226d6964646c65222073686f777374617475736261723d22747275652220747970653d226170706c69636174696f6e2f782d6d706c617965723222206865696768743d22363522207372633d22687474703a2f2f7777772e726164696f6d6978676f7370656c2e636f6d2f616f7669766f2e617378222077696474683d22323030223e3c2f656d6265643e3c703e3c2f703e3c2f703e0d0a, 4),
('mnsejm7oqic', 0x3c212d2d2044656c6574652074686973207465787420616e6420656e74657220796f75722073637269707420686572652e202f2f2d2d3e, 4),
('qipfpgam7zb', 0x3c212d2d20417061677565206573746520746578746f206520656e7472652073637269707420617175692e202f2f2d2d3e, 4),
('pa3gio781zp', 0x3c212d2d20417061677565206573746520746578746f206520656e7472652073637269707420617175692e202f2f2d2d3e, 4),
('uof8sykwc13', 0x3c212d2d2044656c6574652074686973207465787420616e6420656e74657220796f75722073637269707420686572652e202f2f2d2d3e, 4),
('7n2q88gmkel', 0x3c212d2d20417061677565206573746520746578746f206520656e7472652073637269707420617175692e202f2f2d2d3e, 4),
('vmi7cg6cq1v', 0x3c212d2d20417061677565206573746520746578746f206520656e7472652073637269707420617175692e202f2f2d2d3e, 4),
('r84xg61lu20', 0x3c212d2d2044656c6574652074686973207465787420616e6420656e74657220796f75722073637269707420686572652e202f2f2d2d3e, 4),
('25189ywjl57', 0x3c63656e7465723e3c6469762069643d2266622d726f6f74223e3c2f6469763e0d0a3c7363726970743e2866756e6374696f6e28642c20732c20696429207b0d0a2020766172206a732c20666a73203d20642e676574456c656d656e747342795461674e616d652873295b305d3b0d0a202069662028642e676574456c656d656e744279496428696429292072657475726e3b0d0a20206a73203d20642e637265617465456c656d656e742873293b206a732e6964203d2069643b0d0a20206a732e737263203d20222f2f636f6e6e6563742e66616365626f6f6b2e6e65742f70745f42522f616c6c2e6a73237866626d6c3d31223b0d0a2020666a732e706172656e744e6f64652e696e736572744265666f7265286a732c20666a73293b0d0a7d28646f63756d656e742c2027736372697074272c202766616365626f6f6b2d6a7373646b2729293b3c2f7363726970743e0d0a0d0a3c64697620636c6173733d2266622d6c696b652220646174612d687265663d22687474703a2f2f7777772e696772656a61656d73657274616f7a696e686f2e6f72672e62722f6d656e736167656e732e7068702220646174612d73656e643d22747275652220646174612d77696474683d223435302220646174612d73686f772d66616365733d22747275652220646174612d666f6e743d22617269616c223e3c2f6469763e3c62723e0d0a3c2f63656e7465723e, 4),
('eoeq3m041qw', 0x3c6120687265663d2268747470733a2f2f747769747465722e636f6d2f746578616d6269656e74616c2220636c6173733d22747769747465722d666f6c6c6f772d627574746f6e2220646174612d73686f772d636f756e743d2266616c73652220646174612d6c616e673d227074223e5365677569722040746578616d6269656e74616c3c2f613e0d0a3c7363726970743e2166756e6374696f6e28642c732c6964297b766172206a732c666a733d642e676574456c656d656e747342795461674e616d652873295b305d3b69662821642e676574456c656d656e744279496428696429297b6a733d642e637265617465456c656d656e742873293b6a732e69643d69643b6a732e7372633d222f2f706c6174666f726d2e747769747465722e636f6d2f776964676574732e6a73223b666a732e706172656e744e6f64652e696e736572744265666f7265286a732c666a73293b7d7d28646f63756d656e742c22736372697074222c22747769747465722d776a7322293b3c2f7363726970743e, 4),
('c6u6a94h7ay', 0x3c212d2d20494e4943494f20444f20434f4449474f20444f20434f4e5441444f5220444520564953495441532032572e434f4d2e4252202d2d3e0d0a3c64697620616c69676e3d63656e7465723e3c666f6e742073697a653d222d332220636f6c6f723d22626c7565223e3c6120687265663d22687474703a2f2f7777772e32772e636f6d2e62722f223e3c696d67207372633d22687474703a2f2f636f6e7461646f722e32772e636f6d2e62722f696d67636f6e7461646f722e7068703f703d62386361626666652220626f726465723d303e3c2f613e3c62723e3c6120687265663d22687474703a2f2f7777772e32772e636f6d2e62722f223e636f6e7461646f7220646520766973697461733c2f613e3c2f666f6e743e3c2f6469763e0d0a3c212d2d2046494d20444f20434f4449474f20444f20434f4e5441444f5220444520564953495441532032572e434f4d2e4252202d2d3e, 4),
('jra5skmecpz', 0x3c696d67207372633d2768747470733a2f2f702e73696d672e756f6c2e636f6d2e62722f6f75742f70616773656775726f2f692f62616e6e6572732f646976756c676163616f2f313230783630305f3130585f70616773656775726f2e6769662720616c743d2727202f3e, 4),
('cad6zrhqf7a', 0x3c212d2d20494e4943494f20434f4449474f2050414753454755524f202d2d3e0d0a3c63656e7465723e0d0a3c6120687265663d2768747470733a2f2f70616773656775726f2e756f6c2e636f6d2e627227207461726765743d275f626c616e6b273e3c696d6720616c743d274c6f676f7469706f73206465206d65696f7320646520706167616d656e746f20646f2050616753656775726f27207372633d2768747470733a2f2f702e73696d672e756f6c2e636f6d2e62722f6f75742f70616773656775726f2f692f62616e6e6572732f706167616d656e746f2f746f646f735f616e696d61646f5f3535305f35302e67696627207469746c653d274573746520736974652061636569746120706167616d656e746f7320636f6d20566973612c204d6173746572436172642c2044696e6572732c20416d65726963616e20457870726573732c204869706572636172642c20417572612c20427261646573636f2c20497461fa2c2042616e636f20646f2042726173696c2c20556e6962616e636f2c2042616e726973756c2c2073616c646f20656d20636f6e74612050616753656775726f206520626f6c65746f2e2720626f726465723d2730273e3c2f613e0d0a3c2f63656e7465723e0d0a3c212d2d2046494e414c20434f4449474f2050414753454755524f202d2d3e, 4),
('3pv3t24uu1p', 0x3c703e3c62722f3e3c62722f3e3c656d62656420706c7567696e73706167653d22687474703a2f2f7777772e6d6963726f736f66742e636f6d2f57696e646f77732f4d65646961506c617965722f2220616c6c6f777363726970746163636573733d226e657665722220616c69676e3d226d6964646c65222073686f777374617475736261723d22747275652220747970653d226170706c69636174696f6e2f782d6d706c617965723222206865696768743d22363522207372633d22687474703a2f2f7777772e726164696f6d6978676f7370656c2e636f6d2f616f7669766f2e617378222077696474683d22323030223e3c2f656d6265643e3c703e3c2f703e3c2f703e0d0a, 4),
('yjle2xixh6j', 0x3c703e3c62722f3e3c62722f3e3c656d62656420706c7567696e73706167653d22687474703a2f2f7777772e6d6963726f736f66742e636f6d2f57696e646f77732f4d65646961506c617965722f2220616c6c6f777363726970746163636573733d226e657665722220616c69676e3d226d6964646c65222073686f777374617475736261723d22747275652220747970653d226170706c69636174696f6e2f782d6d706c617965723222206865696768743d22363522207372633d22687474703a2f2f7777772e726164696f6d6978676f7370656c2e636f6d2f616f7669766f2e617378222077696474683d22323030223e3c2f656d6265643e3c703e3c2f703e3c2f703e0d0a, 4),
('z494q1pb89m', 0x3c703e3c62722f3e3c62722f3e3c656d62656420706c7567696e73706167653d22687474703a2f2f7777772e6d6963726f736f66742e636f6d2f57696e646f77732f4d65646961506c617965722f2220616c6c6f777363726970746163636573733d226e657665722220616c69676e3d226d6964646c65222073686f777374617475736261723d22747275652220747970653d226170706c69636174696f6e2f782d6d706c617965723222206865696768743d22363522207372633d22687474703a2f2f7777772e726164696f6d6978676f7370656c2e636f6d2f616f7669766f2e617378222077696474683d22323030223e3c2f656d6265643e3c703e3c2f703e3c2f703e0d0a, 4),
('odf28i2ci2l', 0x3c736372697074206c616e67756167653d224a6176615363726970742220747970653d22746578742f6a61766173637269707422207372633d22687474703a2f2f766873732d642e6f6464636173742e636f6d2f766f6b695f656d6265645f66756e6374696f6e732e706870223e3c2f7363726970743e3c736372697074206c616e67756167653d224a6176615363726970742220747970653d22746578742f6a617661736372697074223e41435f566f6b695f456d626564283137302c3233302c223038633433663835623735386434323466383435383832343533653836653631222c323539353632302c20312c2022222c2030293b3c2f7363726970743e3c42523e3c6120687265663d3e3c623e3c2f623e3c2f613e3c42523e3c42523e, 4),
('i9w6v7ci1n1', 0x[encoded data, 4408 characters], 4),
('480fsl8n8sd', 0x3c736372697074207372633d22687474703a2f2f7777772e676d6f64756c65732e636f6d2f69672f6966723f75726c3d687474703a2f2f64616e69656c62726167612e636f6d2f676f6f676c65676164676574732f626f76657370612e786d6c26616d703b75705f73796d626f6c3d504554523426616d703b75705f766f6c3d3026616d703b75705f706572696f643d3026616d703b75705f726566726573683d363026616d703b73796e643d6f70656e26616d703b773d33323026616d703b683d32303026616d703b7469746c653d436f74612543332541372543332541336f2b424f56455350412533412b5f5f55505f73796d626f6c5f5f26616d703b626f726465723d2532336666666666662537433370782532433170782b736f6c69642b25323339393939393926616d703b6f75747075743d6a73223e3c2f7363726970743e, 4),
('y2vw5boipu8', 0x3c736372697074207372633d22687474703a2f2f7777772e676d6f64756c65732e636f6d2f69672f6966723f75726c3d687474703a2f2f7777772e676f6f676c652e636f6d2e62722f6373652f6170692f3030313135373934333135393937353536393830382f6373652f32726d5f77656d73796d752f67616467657426616d703b73796e643d6f70656e26616d703b773d33323026616d703b683d373526616d703b7469746c653d50657371756973612b456475636163696f6e616c2b466f636f6f7326616d703b626f726465723d2532336666666666662537433370782532433170782b736f6c69642b25323339393939393926616d703b6f75747075743d6a73223e3c2f7363726970743e, 4),
('ki6hvftmdno', 0x3c6d657461206e616d653d22676f6f676c652d7472616e736c6174652d637573746f6d697a6174696f6e2220636f6e74656e743d22333339396264373038653331353662662d633663376461626237653531323861382d67636439333637336665353730326464662d3164223e3c2f6d6574613e0d0a20202020202020200d0a3c6469762069643d22676f6f676c655f7472616e736c6174655f656c656d656e74223e3c2f6469763e3c73637269707420747970653d22746578742f6a617661736372697074223e0d0a66756e6374696f6e20676f6f676c655472616e736c617465456c656d656e74496e69742829207b0d0a20206e657720676f6f676c652e7472616e736c6174652e5472616e736c617465456c656d656e74287b706167654c616e67756167653a20277074272c206c61796f75743a20676f6f676c652e7472616e736c6174652e5472616e736c617465456c656d656e742e496e6c696e654c61796f75742e53494d504c452c206d756c74696c616e6775616765506167653a20747275657d2c2027676f6f676c655f7472616e736c6174655f656c656d656e7427293b0d0a7d0d0a3c2f7363726970743e3c73637269707420747970653d22746578742f6a61766173637269707422207372633d222f2f7472616e736c6174652e676f6f676c652e636f6d2f7472616e736c6174655f612f656c656d656e742e6a733f63623d676f6f676c655472616e736c617465456c656d656e74496e6974223e3c2f7363726970743e0d0a2020202020202020, 4),
('e27ybpkrhst', 0x3c212d2d20417061677565206573746520746578746f206520656e7472652073637269707420617175692e202f2f2d2d3e, 4),
('zhcyj6pe33i', 0x3c6d657461206e616d653d22676f6f676c652d7472616e736c6174652d637573746f6d697a6174696f6e2220636f6e74656e743d22333339396264373038653331353662662d633663376461626237653531323861382d67636439333637336665353730326464662d3164223e3c2f6d6574613e0d0a20202020202020200d0a3c6469762069643d22676f6f676c655f7472616e736c6174655f656c656d656e74223e3c2f6469763e3c73637269707420747970653d22746578742f6a617661736372697074223e0d0a66756e6374696f6e20676f6f676c655472616e736c617465456c656d656e74496e69742829207b0d0a20206e657720676f6f676c652e7472616e736c6174652e5472616e736c617465456c656d656e74287b706167654c616e67756167653a20277074272c206c61796f75743a20676f6f676c652e7472616e736c6174652e5472616e736c617465456c656d656e742e496e6c696e654c61796f75742e53494d504c452c206d756c74696c616e6775616765506167653a20747275657d2c2027676f6f676c655f7472616e736c6174655f656c656d656e7427293b0d0a7d0d0a3c2f7363726970743e3c73637269707420747970653d22746578742f6a61766173637269707422207372633d222f2f7472616e736c6174652e676f6f676c652e636f6d2f7472616e736c6174655f612f656c656d656e742e6a733f63623d676f6f676c655472616e736c617465456c656d656e74496e6974223e3c2f7363726970743e0d0a2020202020202020, 4),
('m0x12jlkcax', 0x3c696672616d65207372633d22687474703a2f2f66696c65732e62616e6e6572736e61636b2e636f6d2f696672616d652f656d6265642e68746d6c3f686173683d627a3139656a636826776d6f64653d7472616e73706172656e7426743d31333631313437363937222077696474683d2237323822206865696768743d22393022207365616d6c6573733d227365616d6c65737322207363726f6c6c696e673d226e6f22206672616d65626f726465723d22302220616c6c6f777472616e73706172656e63793d2274727565223e3c2f696672616d653e, 4),
('uyu3e12jux6', 0x3c212d2d20426567696e204d61696c4368696d70205369676e757020466f726d202d2d3e0d0a3c6c696e6b20687265663d22687474703a2f2f63646e2d696d616765732e6d61696c6368696d702e636f6d2f656d626564636f64652f736c696d2d3038313731312e637373222072656c3d227374796c6573686565742220747970653d22746578742f637373223e0d0a3c7374796c6520747970653d22746578742f637373223e0d0a09236d635f656d6265645f7369676e75707b6261636b67726f756e643a236666663b20636c6561723a6c6566743b20666f6e743a313470782048656c7665746963612c417269616c2c73616e732d73657269663b207d0d0a092f2a2041646420796f7572206f776e204d61696c4368696d7020666f726d207374796c65206f766572726964657320696e20796f75722073697465207374796c657368656574206f7220696e2074686973207374796c6520626c6f636b2e0d0a092020205765207265636f6d6d656e64206d6f76696e67207468697320626c6f636b20616e642074686520707265636564696e6720435353206c696e6b20746f207468652048454144206f6620796f75722048544d4c2066696c652e202a2f0d0a3c2f7374796c653e0d0a3c6469762069643d226d635f656d6265645f7369676e7570223e0d0a3c666f726d20616374696f6e3d22687474703a2f2f746578616d6269656e74616c2e7573352e6c6973742d6d616e616765322e636f6d2f7375627363726962652f706f73743f753d6337636563326562306262356337396462333165303166633626616d703b69643d6139663361333766643422206d6574686f643d22706f7374222069643d226d632d656d6265646465642d7375627363726962652d666f726d22206e616d653d226d632d656d6265646465642d7375627363726962652d666f726d2220636c6173733d2276616c696461746522207461726765743d225f626c616e6b223e0d0a093c6c6162656c20666f723d226d63652d454d41494c223e43616461737472652d736520656d206e6f73736f2073697465206520726563656261206e6f73736173206e6f746963696173206520617475616c697a61636f65733c2f6c6162656c3e0d0a093c696e70757420747970653d22656d61696c222076616c75653d2222206e616d653d22454d41494c2220636c6173733d22656d61696c222069643d226d63652d454d41494c2220706c616365686f6c6465723d22656d61696c2061646472657373222072657175697265643e0d0a093c64697620636c6173733d22636c656172223e3c696e70757420747970653d227375626d6974222076616c75653d2253756273637269626522206e616d653d22737562736372696265222069643d226d632d656d6265646465642d7375627363726962652220636c6173733d22627574746f6e223e3c2f6469763e0d0a3c2f666f726d3e0d0a3c2f6469763e0d0a0d0a3c212d2d456e64206d635f656d6265645f7369676e75702d2d3e, 4),
('j7gumm5onqx', 0x3c212d2d20426567696e204d61696c4368696d70205369676e757020466f726d202d2d3e0d0a3c6c696e6b20687265663d22687474703a2f2f63646e2d696d616765732e6d61696c6368696d702e636f6d2f656d626564636f64652f736c696d2d3038313731312e637373222072656c3d227374796c6573686565742220747970653d22746578742f637373223e0d0a3c7374796c6520747970653d22746578742f637373223e0d0a09236d635f656d6265645f7369676e75707b6261636b67726f756e643a236666663b20636c6561723a6c6566743b20666f6e743a313470782048656c7665746963612c417269616c2c73616e732d73657269663b207d0d0a092f2a2041646420796f7572206f776e204d61696c4368696d7020666f726d207374796c65206f766572726964657320696e20796f75722073697465207374796c657368656574206f7220696e2074686973207374796c6520626c6f636b2e0d0a092020205765207265636f6d6d656e64206d6f76696e67207468697320626c6f636b20616e642074686520707265636564696e6720435353206c696e6b20746f207468652048454144206f6620796f75722048544d4c2066696c652e202a2f0d0a3c2f7374796c653e0d0a3c6469762069643d226d635f656d6265645f7369676e7570223e0d0a3c666f726d20616374696f6e3d22687474703a2f2f746578616d6269656e74616c2e7573352e6c6973742d6d616e616765322e636f6d2f7375627363726962652f706f73743f753d6337636563326562306262356337396462333165303166633626616d703b69643d6139663361333766643422206d6574686f643d22706f7374222069643d226d632d656d6265646465642d7375627363726962652d666f726d22206e616d653d226d632d656d6265646465642d7375627363726962652d666f726d2220636c6173733d2276616c696461746522207461726765743d225f626c616e6b223e0d0a093c6c6162656c20666f723d226d63652d454d41494c223e43616461737472652d736520656d206e6f73736f2073697465206520726563656261206e6f73736173206e6f746963696173206520617475616c697a61636f65733c2f6c6162656c3e0d0a093c696e70757420747970653d22656d61696c222076616c75653d2222206e616d653d22454d41494c2220636c6173733d22656d61696c222069643d226d63652d454d41494c2220706c616365686f6c6465723d22656d61696c2061646472657373222072657175697265643e0d0a093c64697620636c6173733d22636c656172223e3c696e70757420747970653d227375626d6974222076616c75653d2253756273637269626522206e616d653d22737562736372696265222069643d226d632d656d6265646465642d7375627363726962652220636c6173733d22627574746f6e223e3c2f6469763e0d0a3c2f666f726d3e0d0a3c2f6469763e0d0a0d0a3c212d2d456e64206d635f656d6265645f7369676e75702d2d3e, 4),
('xx1np0s0r41', 0x3c7461626c652063656c6c73706163696e673d2230222063656c6c70616464696e673d22302220626f726465723d2230223e3c74723e3c74643e3c696672616d652077696474683d2234303022206865696768743d2235343022206672616d65626f726465723d223022207372633d22687474703a2f2f62722e666f7879666f726d2e636f6d2f666f726d2e7068703f69643d3236353732267365635f686173683d3139646566666661383139223e3c2f696672616d653e3c2f74643e3c2f74723e3c74723e3c746420616c69676e3d2263656e746572223e3c61207374796c653d22666f6e743a38707820417269616c3b636f6c6f723a233543354335433b3e666f726d756c72696f20646520636f6e7461746f3c2f613e3c2f74643e3c2f74723e3c2f7461626c653e, 4),
('20nm9mk9qyr', 0x3c696672616d65207372633d22687474703a2f2f66696c65732e62616e6e6572736e61636b2e636f6d2f696672616d652f726f7461746f722e68746d6c3f686173683d346434633762363736643239366231643364303438353764637235363538383826743d31333533333430343936222077696474683d2237323822206865696768743d2235363022207365616d6c6573733d227365616d6c65737322207363726f6c6c696e673d226e6f22206672616d65626f726465723d22302220616c6c6f777472616e73706172656e63793d2274727565223e3c2f696672616d653e, 4),
('l6bdqwl9vhm', 0x3c696672616d65207372633d22687474703a2f2f7777772e66616365626f6f6b2e636f6d2f706c7567696e732f6c696b652e7068703f687265663d68747470733a2f2f7777772e66616365626f6f6b2e636f6d2f546578416d6269656e74616c266c61796f75743d7374616e64617264260d0a73686f775f66616365733d66616c73652677696474683d33383026616374696f6e3d6c696b6526636f6c6f72736368656d653d6c69676874266865696768743d3235266c6f63616c653d70745f425222207363726f6c6c696e673d226e6f22206672616d65626f726465723d223022207374796c653d22626f726465723a6e6f6e653b206f766572666c6f773a68696464656e3b2077696474683a32353070783b206865696768743a323570783b2220616c6c6f775472616e73706172656e63793d2274727565223e3c2f696672616d653e, 4),
('1ixkyie1uva', 0x3c696672616d65207372633d22687474703a2f2f7777772e66616365626f6f6b2e636f6d2f706c7567696e732f6c696b652e7068703f687265663d68747470733a2f2f7777772e66616365626f6f6b2e636f6d2f546578416d6269656e74616c266c61796f75743d7374616e64617264260d0a73686f775f66616365733d66616c73652677696474683d33383026616374696f6e3d6c696b6526636f6c6f72736368656d653d6c69676874266865696768743d3235266c6f63616c653d70745f425222207363726f6c6c696e673d226e6f22206672616d65626f726465723d223022207374796c653d22626f726465723a6e6f6e653b206f766572666c6f773a68696464656e3b2077696474683a32353070783b206865696768743a323570783b2220616c6c6f775472616e73706172656e63793d2274727565223e3c2f696672616d653e, 4),
('8t0k8zsejs5', 0x3c63656e7465723e3c6469762069643d2266622d726f6f74223e3c2f6469763e0d0a3c7363726970743e2866756e6374696f6e28642c20732c20696429207b0d0a2020766172206a732c20666a73203d20642e676574456c656d656e747342795461674e616d652873295b305d3b0d0a202069662028642e676574456c656d656e744279496428696429292072657475726e3b0d0a20206a73203d20642e637265617465456c656d656e742873293b206a732e6964203d2069643b0d0a20206a732e737263203d20222f2f636f6e6e6563742e66616365626f6f6b2e6e65742f70745f42522f616c6c2e6a73237866626d6c3d31223b0d0a2020666a732e706172656e744e6f64652e696e736572744265666f7265286a732c20666a73293b0d0a7d28646f63756d656e742c2027736372697074272c202766616365626f6f6b2d6a7373646b2729293b3c2f7363726970743e0d0a0d0a3c64697620636c6173733d2266622d6c696b652220646174612d687265663d22687474703a2f2f7777772e696772656a61656d73657274616f7a696e686f2e6f72672e62722f646f776e6c6f6164732e7068702220646174612d73656e643d22747275652220646174612d6c61796f75743d22627574746f6e5f636f756e742220646174612d77696474683d223435302220646174612d73686f772d66616365733d22747275652220646174612d666f6e743d22617269616c223e3c2f6469763e3c62723e0d0a3c2f63656e7465723e, 4),
('ese9krjv4nb', 0x3c696672616d65207372633d22687474703a2f2f7777772e66616365626f6f6b2e636f6d2f706c7567696e732f6c696b652e7068703f687265663d68747470733a2f2f7777772e66616365626f6f6b2e636f6d2f546578416d6269656e74616c266c61796f75743d7374616e64617264260d0a73686f775f66616365733d66616c73652677696474683d33383026616374696f6e3d6c696b6526636f6c6f72736368656d653d6c69676874266865696768743d3235266c6f63616c653d70745f425222207363726f6c6c696e673d226e6f22206672616d65626f726465723d223022207374796c653d22626f726465723a6e6f6e653b206f766572666c6f773a68696464656e3b2077696474683a32353070783b206865696768743a323570783b2220616c6c6f775472616e73706172656e63793d2274727565223e3c2f696672616d653e, 4),
('hejfw7ft9ar', 0x3c696672616d65207372633d22687474703a2f2f7777772e66616365626f6f6b2e636f6d2f706c7567696e732f6c696b652e7068703f687265663d68747470733a2f2f7777772e66616365626f6f6b2e636f6d2f546578416d6269656e74616c266c61796f75743d7374616e64617264260d0a73686f775f66616365733d66616c73652677696474683d33383026616374696f6e3d6c696b6526636f6c6f72736368656d653d6c69676874266865696768743d3235266c6f63616c653d70745f425222207363726f6c6c696e673d226e6f22206672616d65626f726465723d223022207374796c653d22626f726465723a6e6f6e653b206f766572666c6f773a68696464656e3b2077696474683a32353070783b206865696768743a323570783b2220616c6c6f775472616e73706172656e63793d2274727565223e3c2f696672616d653e, 4),
('qmtybg3b8tq', 0x3c696672616d65207372633d22687474703a2f2f7777772e66616365626f6f6b2e636f6d2f706c7567696e732f6c696b652e7068703f687265663d68747470733a2f2f7777772e66616365626f6f6b2e636f6d2f546578416d6269656e74616c266c61796f75743d7374616e64617264260d0a73686f775f66616365733d66616c73652677696474683d33383026616374696f6e3d6c696b6526636f6c6f72736368656d653d6c69676874266865696768743d3235266c6f63616c653d70745f425222207363726f6c6c696e673d226e6f22206672616d65626f726465723d223022207374796c653d22626f726465723a6e6f6e653b206f766572666c6f773a68696464656e3b2077696474683a32353070783b206865696768743a323570783b2220616c6c6f775472616e73706172656e63793d2274727565223e3c2f696672616d653e, 4),
('coxiq7422n7', 0x3c6120687265663d2268747470733a2f2f747769747465722e636f6d2f746578616d6269656e74616c2220636c6173733d22747769747465722d666f6c6c6f772d627574746f6e2220646174612d73686f772d636f756e743d2266616c73652220646174612d6c616e673d227074223e5365677569722040746578616d6269656e74616c3c2f613e0d0a3c7363726970743e2166756e6374696f6e28642c732c6964297b766172206a732c666a733d642e676574456c656d656e747342795461674e616d652873295b305d3b69662821642e676574456c656d656e744279496428696429297b6a733d642e637265617465456c656d656e742873293b6a732e69643d69643b6a732e7372633d222f2f706c6174666f726d2e747769747465722e636f6d2f776964676574732e6a73223b666a732e706172656e744e6f64652e696e736572744265666f7265286a732c666a73293b7d7d28646f63756d656e742c22736372697074222c22747769747465722d776a7322293b3c2f7363726970743e, 4),
('r7mt2a5hzxg', 0x3c6120687265663d2268747470733a2f2f747769747465722e636f6d2f746578616d6269656e74616c2220636c6173733d22747769747465722d666f6c6c6f772d627574746f6e2220646174612d73686f772d636f756e743d2266616c73652220646174612d6c616e673d227074223e5365677569722040746578616d6269656e74616c3c2f613e0d0a3c7363726970743e2166756e6374696f6e28642c732c6964297b766172206a732c666a733d642e676574456c656d656e747342795461674e616d652873295b305d3b69662821642e676574456c656d656e744279496428696429297b6a733d642e637265617465456c656d656e742873293b6a732e69643d69643b6a732e7372633d222f2f706c6174666f726d2e747769747465722e636f6d2f776964676574732e6a73223b666a732e706172656e744e6f64652e696e736572744265666f7265286a732c666a73293b7d7d28646f63756d656e742c22736372697074222c22747769747465722d776a7322293b3c2f7363726970743e, 4),
('vtcpbji7qr2', 0x3c6120687265663d2268747470733a2f2f747769747465722e636f6d2f746578616d6269656e74616c2220636c6173733d22747769747465722d666f6c6c6f772d627574746f6e2220646174612d73686f772d636f756e743d2266616c73652220646174612d6c616e673d227074223e5365677569722040746578616d6269656e74616c3c2f613e0d0a3c7363726970743e2166756e6374696f6e28642c732c6964297b766172206a732c666a733d642e676574456c656d656e747342795461674e616d652873295b305d3b69662821642e676574456c656d656e744279496428696429297b6a733d642e637265617465456c656d656e742873293b6a732e69643d69643b6a732e7372633d222f2f706c6174666f726d2e747769747465722e636f6d2f776964676574732e6a73223b666a732e706172656e744e6f64652e696e736572744265666f7265286a732c666a73293b7d7d28646f63756d656e742c22736372697074222c22747769747465722d776a7322293b3c2f7363726970743e, 4),
('0rghu5g97py', 0x3c6d657461206e616d653d22676f6f676c652d7472616e736c6174652d637573746f6d697a6174696f6e2220636f6e74656e743d22333339396264373038653331353662662d633663376461626237653531323861382d67636439333637336665353730326464662d3164223e3c2f6d6574613e0d0a20202020202020200d0a3c6469762069643d22676f6f676c655f7472616e736c6174655f656c656d656e74223e3c2f6469763e3c73637269707420747970653d22746578742f6a617661736372697074223e0d0a66756e6374696f6e20676f6f676c655472616e736c617465456c656d656e74496e69742829207b0d0a20206e657720676f6f676c652e7472616e736c6174652e5472616e736c617465456c656d656e74287b706167654c616e67756167653a20277074272c206c61796f75743a20676f6f676c652e7472616e736c6174652e5472616e736c617465456c656d656e742e496e6c696e654c61796f75742e53494d504c452c206d756c74696c616e6775616765506167653a20747275657d2c2027676f6f676c655f7472616e736c6174655f656c656d656e7427293b0d0a7d0d0a3c2f7363726970743e3c73637269707420747970653d22746578742f6a61766173637269707422207372633d222f2f7472616e736c6174652e676f6f676c652e636f6d2f7472616e736c6174655f612f656c656d656e742e6a733f63623d676f6f676c655472616e736c617465456c656d656e74496e6974223e3c2f7363726970743e0d0a2020202020202020, 4),
('2cs1s0zselk', 0x3c696d67207372633d2768747470733a2f2f702e73696d672e756f6c2e636f6d2e62722f6f75742f70616773656775726f2f692f62616e6e6572732f646976756c676163616f2f3436385836305f3130585f70616773656775726f2e6769662720616c743d2727202f3e, 4),
('2ojdj7eikh6', 0x3c736372697074206c616e67756167653d224a6176615363726970742220747970653d22746578742f6a61766173637269707422207372633d22687474703a2f2f766873732d642e6f6464636173742e636f6d2f766f6b695f656d6265645f66756e6374696f6e732e706870223e3c2f7363726970743e3c736372697074206c616e67756167653d224a6176615363726970742220747970653d22746578742f6a617661736372697074223e41435f566f6b695f456d626564283230302c3236372c226634623335323935373430613164343035623136366133633733633066323066222c323532383533322c20312c2022222c2030293b3c2f7363726970743e3c42523e3c6120687265663d22687474703a2f2f7777772e766f6b692e636f6d2f223e3c623e3c2f623e3c2f613e3c42523e3c42523e, 4),
('ewm79z0m1pw', 0x3c6d657461206e616d653d22676f6f676c652d7472616e736c6174652d637573746f6d697a6174696f6e2220636f6e74656e743d22333339396264373038653331353662662d633663376461626237653531323861382d67636439333637336665353730326464662d3164223e3c2f6d6574613e0d0a20202020202020200d0a3c6469762069643d22676f6f676c655f7472616e736c6174655f656c656d656e74223e3c2f6469763e3c73637269707420747970653d22746578742f6a617661736372697074223e0d0a66756e6374696f6e20676f6f676c655472616e736c617465456c656d656e74496e69742829207b0d0a20206e657720676f6f676c652e7472616e736c6174652e5472616e736c617465456c656d656e74287b706167654c616e67756167653a20277074272c206c61796f75743a20676f6f676c652e7472616e736c6174652e5472616e736c617465456c656d656e742e496e6c696e654c61796f75742e53494d504c452c206d756c74696c616e6775616765506167653a20747275657d2c2027676f6f676c655f7472616e736c6174655f656c656d656e7427293b0d0a7d0d0a3c2f7363726970743e3c73637269707420747970653d22746578742f6a61766173637269707422207372633d222f2f7472616e736c6174652e676f6f676c652e636f6d2f7472616e736c6174655f612f656c656d656e742e6a733f63623d676f6f676c655472616e736c617465456c656d656e74496e6974223e3c2f7363726970743e0d0a2020202020202020, 4),
('doi1qz6owah', 0x3c6d657461206e616d653d22676f6f676c652d7472616e736c6174652d637573746f6d697a6174696f6e2220636f6e74656e743d22333339396264373038653331353662662d633663376461626237653531323861382d67636439333637336665353730326464662d3164223e3c2f6d6574613e0d0a20202020202020200d0a3c6469762069643d22676f6f676c655f7472616e736c6174655f656c656d656e74223e3c2f6469763e3c73637269707420747970653d22746578742f6a617661736372697074223e0d0a66756e6374696f6e20676f6f676c655472616e736c617465456c656d656e74496e69742829207b0d0a20206e657720676f6f676c652e7472616e736c6174652e5472616e736c617465456c656d656e74287b706167654c616e67756167653a20277074272c206c61796f75743a20676f6f676c652e7472616e736c6174652e5472616e736c617465456c656d656e742e496e6c696e654c61796f75742e53494d504c452c206d756c74696c616e6775616765506167653a20747275657d2c2027676f6f676c655f7472616e736c6174655f656c656d656e7427293b0d0a7d0d0a3c2f7363726970743e3c73637269707420747970653d22746578742f6a61766173637269707422207372633d222f2f7472616e736c6174652e676f6f676c652e636f6d2f7472616e736c6174655f612f656c656d656e742e6a733f63623d676f6f676c655472616e736c617465456c656d656e74496e6974223e3c2f7363726970743e0d0a2020202020202020, 4),
('yybgepirflw', 0x3c6d657461206e616d653d22676f6f676c652d7472616e736c6174652d637573746f6d697a6174696f6e2220636f6e74656e743d22333339396264373038653331353662662d633663376461626237653531323861382d67636439333637336665353730326464662d3164223e3c2f6d6574613e0d0a20202020202020200d0a3c6469762069643d22676f6f676c655f7472616e736c6174655f656c656d656e74223e3c2f6469763e3c73637269707420747970653d22746578742f6a617661736372697074223e0d0a66756e6374696f6e20676f6f676c655472616e736c617465456c656d656e74496e69742829207b0d0a20206e657720676f6f676c652e7472616e736c6174652e5472616e736c617465456c656d656e74287b706167654c616e67756167653a20277074272c206c61796f75743a20676f6f676c652e7472616e736c6174652e5472616e736c617465456c656d656e742e496e6c696e654c61796f75742e53494d504c452c206d756c74696c616e6775616765506167653a20747275657d2c2027676f6f676c655f7472616e736c6174655f656c656d656e7427293b0d0a7d0d0a3c2f7363726970743e3c73637269707420747970653d22746578742f6a61766173637269707422207372633d222f2f7472616e736c6174652e676f6f676c652e636f6d2f7472616e736c6174655f612f656c656d656e742e6a733f63623d676f6f676c655472616e736c617465456c656d656e74496e6974223e3c2f7363726970743e0d0a2020202020202020, 4),
('phok1v0ozjz', 0x3c6d657461206e616d653d22676f6f676c652d7472616e736c6174652d637573746f6d697a6174696f6e2220636f6e74656e743d22333339396264373038653331353662662d633663376461626237653531323861382d67636439333637336665353730326464662d3164223e3c2f6d6574613e0d0a20202020202020200d0a3c6469762069643d22676f6f676c655f7472616e736c6174655f656c656d656e74223e3c2f6469763e3c73637269707420747970653d22746578742f6a617661736372697074223e0d0a66756e6374696f6e20676f6f676c655472616e736c617465456c656d656e74496e69742829207b0d0a20206e657720676f6f676c652e7472616e736c6174652e5472616e736c617465456c656d656e74287b706167654c616e67756167653a20277074272c206c61796f75743a20676f6f676c652e7472616e736c6174652e5472616e736c617465456c656d656e742e496e6c696e654c61796f75742e53494d504c452c206d756c74696c616e6775616765506167653a20747275657d2c2027676f6f676c655f7472616e736c6174655f656c656d656e7427293b0d0a7d0d0a3c2f7363726970743e3c73637269707420747970653d22746578742f6a61766173637269707422207372633d222f2f7472616e736c6174652e676f6f676c652e636f6d2f7472616e736c6174655f612f656c656d656e742e6a733f63623d676f6f676c655472616e736c617465456c656d656e74496e6974223e3c2f7363726970743e0d0a2020202020202020, 4),
('0bzfbcnzyj0', 0x3c6d657461206e616d653d22676f6f676c652d7472616e736c6174652d637573746f6d697a6174696f6e2220636f6e74656e743d22333339396264373038653331353662662d633663376461626237653531323861382d67636439333637336665353730326464662d3164223e3c2f6d6574613e0d0a20202020202020200d0a3c6469762069643d22676f6f676c655f7472616e736c6174655f656c656d656e74223e3c2f6469763e3c73637269707420747970653d22746578742f6a617661736372697074223e0d0a66756e6374696f6e20676f6f676c655472616e736c617465456c656d656e74496e69742829207b0d0a20206e657720676f6f676c652e7472616e736c6174652e5472616e736c617465456c656d656e74287b706167654c616e67756167653a20277074272c206c61796f75743a20676f6f676c652e7472616e736c6174652e5472616e736c617465456c656d656e742e496e6c696e654c61796f75742e53494d504c452c206d756c74696c616e6775616765506167653a20747275657d2c2027676f6f676c655f7472616e736c6174655f656c656d656e7427293b0d0a7d0d0a3c2f7363726970743e3c73637269707420747970653d22746578742f6a61766173637269707422207372633d222f2f7472616e736c6174652e676f6f676c652e636f6d2f7472616e736c6174655f612f656c656d656e742e6a733f63623d676f6f676c655472616e736c617465456c656d656e74496e6974223e3c2f7363726970743e0d0a2020202020202020, 4),
('hc5a4dktag3', 0x3c6d657461206e616d653d22676f6f676c652d7472616e736c6174652d637573746f6d697a6174696f6e2220636f6e74656e743d22333339396264373038653331353662662d633663376461626237653531323861382d67636439333637336665353730326464662d3164223e3c2f6d6574613e0d0a20202020202020200d0a3c6469762069643d22676f6f676c655f7472616e736c6174655f656c656d656e74223e3c2f6469763e3c73637269707420747970653d22746578742f6a617661736372697074223e0d0a66756e6374696f6e20676f6f676c655472616e736c617465456c656d656e74496e69742829207b0d0a20206e657720676f6f676c652e7472616e736c6174652e5472616e736c617465456c656d656e74287b706167654c616e67756167653a20277074272c206c61796f75743a20676f6f676c652e7472616e736c6174652e5472616e736c617465456c656d656e742e496e6c696e654c61796f75742e53494d504c452c206d756c74696c616e6775616765506167653a20747275657d2c2027676f6f676c655f7472616e736c6174655f656c656d656e7427293b0d0a7d0d0a3c2f7363726970743e3c73637269707420747970653d22746578742f6a61766173637269707422207372633d222f2f7472616e736c6174652e676f6f676c652e636f6d2f7472616e736c6174655f612f656c656d656e742e6a733f63623d676f6f676c655472616e736c617465456c656d656e74496e6974223e3c2f7363726970743e0d0a2020202020202020, 4),
('klxdooq35rj', 0x3c6d657461206e616d653d22676f6f676c652d7472616e736c6174652d637573746f6d697a6174696f6e2220636f6e74656e743d22333339396264373038653331353662662d633663376461626237653531323861382d67636439333637336665353730326464662d3164223e3c2f6d6574613e0d0a20202020202020200d0a3c6469762069643d22676f6f676c655f7472616e736c6174655f656c656d656e74223e3c2f6469763e3c73637269707420747970653d22746578742f6a617661736372697074223e0d0a66756e6374696f6e20676f6f676c655472616e736c617465456c656d656e74496e69742829207b0d0a20206e657720676f6f676c652e7472616e736c6174652e5472616e736c617465456c656d656e74287b706167654c616e67756167653a20277074272c206c61796f75743a20676f6f676c652e7472616e736c6174652e5472616e736c617465456c656d656e742e496e6c696e654c61796f75742e53494d504c452c206d756c74696c616e6775616765506167653a20747275657d2c2027676f6f676c655f7472616e736c6174655f656c656d656e7427293b0d0a7d0d0a3c2f7363726970743e3c73637269707420747970653d22746578742f6a61766173637269707422207372633d222f2f7472616e736c6174652e676f6f676c652e636f6d2f7472616e736c6174655f612f656c656d656e742e6a733f63623d676f6f676c655472616e736c617465456c656d656e74496e6974223e3c2f7363726970743e0d0a2020202020202020, 4),
('9qw1oih1fmd', 0x3c696672616d65207372633d22687474703a2f2f7777772e66616365626f6f6b2e636f6d2f706c7567696e732f6c696b652e7068703f687265663d68747470733a2f2f7777772e66616365626f6f6b2e636f6d2f546578416d6269656e74616c266c61796f75743d7374616e64617264260d0a73686f775f66616365733d66616c73652677696474683d33383026616374696f6e3d6c696b6526636f6c6f72736368656d653d6c69676874266865696768743d3235266c6f63616c653d70745f425222207363726f6c6c696e673d226e6f22206672616d65626f726465723d223022207374796c653d22626f726465723a6e6f6e653b206f766572666c6f773a68696464656e3b2077696474683a32353070783b206865696768743a323570783b2220616c6c6f775472616e73706172656e63793d2274727565223e3c2f696672616d653e, 4),
('1z6c52hkfxc', 0x3c212d2d20417061677565206573746520746578746f206520656e7472652073637269707420617175692e202f2f2d2d3e, 4),
('zijf2tbeiht', 0x3c73637269707420747970653d22746578742f6a617661736372697074223e0d0a0d0a2020766172205f676171203d205f676171207c7c205b5d3b0d0a20205f6761712e70757368285b275f7365744163636f756e74272c202755412d32363533303338352d31275d293b0d0a20205f6761712e70757368285b275f747261636b5061676576696577275d293b0d0a0d0a20202866756e6374696f6e2829207b0d0a20202020766172206761203d20646f63756d656e742e637265617465456c656d656e74282773637269707427293b2067612e74797065203d2027746578742f6a617661736372697074273b2067612e6173796e63203d20747275653b0d0a2020202067612e737263203d20282768747470733a27203d3d20646f63756d656e742e6c6f636174696f6e2e70726f746f636f6c203f202768747470733a2f2f73736c27203a2027687474703a2f2f7777772729202b20272e676f6f676c652d616e616c79746963732e636f6d2f67612e6a73273b0d0a202020207661722073203d20646f63756d656e742e676574456c656d656e747342795461674e616d65282773637269707427295b305d3b20732e706172656e744e6f64652e696e736572744265666f72652867612c2073293b0d0a20207d2928293b0d0a0d0a3c2f7363726970743e, 4),
('cfavnv8zj5w', 0x3c73637269707420747970653d22746578742f6a617661736372697074223e0d0a0d0a2020766172205f676171203d205f676171207c7c205b5d3b0d0a20205f6761712e70757368285b275f7365744163636f756e74272c202755412d32363533303338352d31275d293b0d0a20205f6761712e70757368285b275f747261636b5061676576696577275d293b0d0a0d0a20202866756e6374696f6e2829207b0d0a20202020766172206761203d20646f63756d656e742e637265617465456c656d656e74282773637269707427293b2067612e74797065203d2027746578742f6a617661736372697074273b2067612e6173796e63203d20747275653b0d0a2020202067612e737263203d20282768747470733a27203d3d20646f63756d656e742e6c6f636174696f6e2e70726f746f636f6c203f202768747470733a2f2f73736c27203a2027687474703a2f2f7777772729202b20272e676f6f676c652d616e616c79746963732e636f6d2f67612e6a73273b0d0a202020207661722073203d20646f63756d656e742e676574456c656d656e747342795461674e616d65282773637269707427295b305d3b20732e706172656e744e6f64652e696e736572744265666f72652867612c2073293b0d0a20207d2928293b0d0a0d0a3c2f7363726970743e, 4);
INSERT INTO `modules_Script_main` (`moduleID`, `code`, `storage_state`) VALUES
('jgszsaqf5yp', 0x3c6469762069643d2266622d726f6f74223e3c2f6469763e0d0a3c7363726970743e2866756e6374696f6e28642c20732c20696429207b0d0a2020766172206a732c20666a73203d20642e676574456c656d656e747342795461674e616d652873295b305d3b0d0a202069662028642e676574456c656d656e744279496428696429292072657475726e3b0d0a20206a73203d20642e637265617465456c656d656e742873293b206a732e6964203d2069643b0d0a20206a732e737263203d20222f2f636f6e6e6563742e66616365626f6f6b2e6e65742f70745f42522f616c6c2e6a73237866626d6c3d31223b0d0a2020666a732e706172656e744e6f64652e696e736572744265666f7265286a732c20666a73293b0d0a7d28646f63756d656e742c2027736372697074272c202766616365626f6f6b2d6a7373646b2729293b3c2f7363726970743e0d0a0d0a0d0a0d0a3c64697620636c6173733d2266622d6c696b652220646174612d687265663d22687474703a2f2f7777772e706f7274616c646173616775617373702e636f6d2e62722220646174612d73656e643d2266616c73652220646174612d77696474683d223435302220646174612d73686f772d66616365733d22747275652220646174612d666f6e743d22617269616c223e3c2f6469763e0d0a0d0a0d0a, 4),
('my750fwpzlk', 0x3c696672616d652077696474683d2234323022206865696768743d2233313522207372633d22687474703a2f2f7777772e796f75747562652e636f6d2f656d6265642f5552624f2d61464f53413022206672616d65626f726465723d22302220616c6c6f7766756c6c73637265656e3e3c2f696672616d653e, 4),
('c8wabsmqtxi', 0x3c212d2d20417061677565206573746520746578746f206520656e7472652073637269707420617175692e202f2f2d2d3e, 4),
('i0yaf6yjmm7', 0x3c212d2d20417061677565206573746520746578746f206520656e7472652073637269707420617175692e202f2f2d2d3e, 4),
('tlywzdrrog2', 0x3c212d2d20417061677565206573746520746578746f206520656e7472652073637269707420617175692e202f2f2d2d3e, 4),
('c3vgotnor5t', 0x3c703e3c62722f3e3c62722f3e3c656d62656420706c7567696e73706167653d22687474703a2f2f7777772e6d6963726f736f66742e636f6d2f57696e646f77732f4d65646961506c617965722f2220616c6c6f777363726970746163636573733d226e657665722220616c69676e3d226d6964646c65222073686f777374617475736261723d22747275652220747970653d226170706c69636174696f6e2f782d6d706c617965723222206865696768743d22363522207372633d22687474703a2f2f7777772e726164696f6d6978676f7370656c2e636f6d2f616f7669766f2e617378222077696474683d22323030223e3c2f656d6265643e3c703e3c2f703e3c2f703e0d0a, 4),
('jkvpocqf4jk', 0x[encoded data, 27296 characters], 4),
('sd21afzhcaj', 0x[encoded data, 4798 characters], 4),
('f3ml34je3o7', 0x3c703e3c62722f3e3c62722f3e3c656d62656420706c7567696e73706167653d22687474703a2f2f7777772e6d6963726f736f66742e636f6d2f57696e646f77732f4d65646961506c617965722f2220616c6c6f777363726970746163636573733d226e657665722220616c69676e3d226d6964646c65222073686f777374617475736261723d22747275652220747970653d226170706c69636174696f6e2f782d6d706c617965723222206865696768743d22363522207372633d22687474703a2f2f7777772e726164696f6d6978676f7370656c2e636f6d2f616f7669766f2e617378222077696474683d22323030223e3c2f656d6265643e3c703e3c2f703e3c2f703e0d0a, 4),
('24qpnqjck2b', 0x3c212d2d20494e4943494f20434f4449474f2050414753454755524f202d2d3e0d0a3c63656e7465723e0d0a3c6120687265663d2768747470733a2f2f70616773656775726f2e756f6c2e636f6d2e627227207461726765743d275f626c616e6b273e3c696d6720616c743d274c6f676f7469706f73206465206d65696f7320646520706167616d656e746f20646f2050616753656775726f27207372633d2768747470733a2f2f702e73696d672e756f6c2e636f6d2e62722f6f75742f70616773656775726f2f692f62616e6e6572732f706167616d656e746f2f746f646f735f616e696d61646f5f3535305f35302e67696627207469746c653d274573746520736974652061636569746120706167616d656e746f7320636f6d20566973612c204d6173746572436172642c2044696e6572732c20416d65726963616e20457870726573732c204869706572636172642c20417572612c20427261646573636f2c20497461fa2c2042616e636f20646f2042726173696c2c20556e6962616e636f2c2042616e726973756c2c2073616c646f20656d20636f6e74612050616753656775726f206520626f6c65746f2e2720626f726465723d2730273e3c2f613e0d0a3c2f63656e7465723e0d0a3c212d2d2046494e414c20434f4449474f2050414753454755524f202d2d3e, 4),
('gu1rdvswfu6', 0x3c696d67207372633d2768747470733a2f2f702e73696d672e756f6c2e636f6d2e62722f6f75742f70616773656775726f2f692f62616e6e6572732f646976756c676163616f2f3436385836305f3130585f70616773656775726f2e6769662720616c743d2727202f3e, 4),
('fy0zkl0t6t5', 0x3c64697620616c69676e3d63656e7465723e0d0a3c6120687265663d22687474703a2f2f636f6e7461646f722e7331322e636f6d2e627222207461726765743d225f626c616e6b223e3c696d67207372633d22687474703a2f2f636f6e7461646f722e7331322e636f6d2e62722f696d672d3236435a445742332d322e6769662220616c743d22436f6e7461646f722064652076697369746173206772e17469732220626f726465723d2230223e3c2f613e3c62723e3c6120687265663d22687474703a2f2f7777772e73747564696f7365727665722e636f6d2e627222207374796c653d22666f6e743a417269616c3b666f6e742d73697a653a3970783b636f6c6f723a233939393939393b746578742d6465636f726174696f6e3a6e6f6e653b22207461726765743d225f626c616e6b223e686f737065646167656d3c2f613e0d0a3c2f6469763e0d0a, 4),
('bn8330chern', 0x3c73637269707420747970653d22746578742f6a617661736372697074223e0d0a0d0a2020766172205f676171203d205f676171207c7c205b5d3b0d0a20205f6761712e70757368285b275f7365744163636f756e74272c202755412d32363533303338352d31275d293b0d0a20205f6761712e70757368285b275f747261636b5061676576696577275d293b0d0a0d0a20202866756e6374696f6e2829207b0d0a20202020766172206761203d20646f63756d656e742e637265617465456c656d656e74282773637269707427293b2067612e74797065203d2027746578742f6a617661736372697074273b2067612e6173796e63203d20747275653b0d0a2020202067612e737263203d20282768747470733a27203d3d20646f63756d656e742e6c6f636174696f6e2e70726f746f636f6c203f202768747470733a2f2f73736c27203a2027687474703a2f2f7777772729202b20272e676f6f676c652d616e616c79746963732e636f6d2f67612e6a73273b0d0a202020207661722073203d20646f63756d656e742e676574456c656d656e747342795461674e616d65282773637269707427295b305d3b20732e706172656e744e6f64652e696e736572744265666f72652867612c2073293b0d0a20207d2928293b0d0a0d0a3c2f7363726970743e, 4),
('xsvr1n1j8vc', 0x3c73637269707420636861727365743d225554462d3822207372633d22687474703a2f2f776964676574732e6f6665727461732d656d707265676f2e636f6d2f6f6665727461732e7068703f666f726d61746f3d313630363030312220747970653d22746578742f6a617661736372697074223e3c2f7363726970743e, 4),
('sbe8wf29woq', 0x3c736372697074206c616e67756167653d224a6176615363726970742220747970653d22746578742f6a61766173637269707422207372633d22687474703a2f2f766873732d642e6f6464636173742e636f6d2f766f6b695f656d6265645f66756e6374696f6e732e706870223e3c2f7363726970743e3c736372697074206c616e67756167653d224a6176615363726970742220747970653d22746578742f6a617661736372697074223e41435f566f6b695f456d626564283138302c3234302c226535633166616662636166363738646462616539626636373764663366343134222c323539353433302c20312c2022222c2030293b3c2f7363726970743e3c42523e3c6120687265663d3e3c623e3c2f623e3c2f613e3c42523e3c42523e, 4),
('dacxjjmo0r7', 0x3c6f626a6563742077696474683d22303022206865696768743d223030223e3c504152414d204e414d453d226d6f766965222056414c55453d22687474703a2f2f766873732d612e6f6464636173742e636f6d2f766873735f656469746f72732f766f6b695f706c617965722e7377663f646f633d68747470253341253246253246766873732d642e6f6464636173742e636f6d253246706870253246766873735f656469746f7273253246676574766f6b692532466368736d2533443962363939373464386662356264393861393733663966393766653137373762253236736325334432353332333536223e3c504152414d204e414d453d2242415345222056414c55453d22687474703a2f2f766873732d612e6f6464636173742e636f6d2f766873735f656469746f72732f223e3c2f706172616d3e0d0a3c703e3c454d42454420616c6c6f775363726970744163636573733d226e657665722220616c6c6f776e6574776f726b696e673d22696e7465726e616c22207372633d22687474703a2f2f766873732d612e6f6464636173742e636f6d2f766873735f656469746f72732f766f6b695f706c617965722e7377663f646f633d68747470253341253246253246766873732d642e6f6464636173742e636f6d253246706870253246766873735f656469746f7273253246676574766f6b692532466368736d2533443962363939373464386662356264393861393733663966393766653137373762253236736325334432353332333536222073774c697665436f6e6e6563743d74727565204e414d453d22766f6b69222057494454483d313730204845494748543d32303020545950453d226170706c69636174696f6e2f782d73686f636b776176652d666c6173682220504c5547494e53504147453d22687474703a2f2f7777772e6d6163726f6d656469612e636f6d2f73686f636b776176652f646f776e6c6f61642f696e6465782e6367693f50315f50726f645f56657273696f6e3d53686f636b77617665466c617368253563223e3c2f454d4245443e3c2f6f626a6563743e0d0a3c703e3c62722f3e3c62722f3e3c6120687265663d22687474703a2f2f7777772e766f6b692e636f6d2f223e3c623e3c2f623e3c2f613e3c62722f3e3c62722f3e3c2f703e, 4),
('v70z4ebs4zb', 0x3c6f626a6563742077696474683d2234323022206865696768743d22333135223e3c706172616d206e616d653d226d6f766965222076616c75653d22687474703a2f2f7777772e796f75747562652e636f6d2f702f363246334239384331443243443143443f76657273696f6e3d3326686c3d70745f42522666733d31223e3c2f706172616d3e3c706172616d206e616d653d22616c6c6f7746756c6c53637265656e222076616c75653d2274727565223e3c2f706172616d3e3c706172616d206e616d653d22616c6c6f77736372697074616363657373222076616c75653d22616c77617973223e3c2f706172616d3e3c656d626564207372633d22687474703a2f2f7777772e796f75747562652e636f6d2f702f363246334239384331443243443143443f76657273696f6e3d3326686c3d70745f42522666733d312220747970653d226170706c69636174696f6e2f782d73686f636b776176652d666c617368222077696474683d2234323022206865696768743d223331352220616c6c6f777363726970746163636573733d22616c776179732220616c6c6f7766756c6c73637265656e3d2274727565223e3c2f656d6265643e3c2f6f626a6563743e0d0a0d0a0d0a0d0a, 4),
('t3n20rf71st', 0x3c696d67207372633d2768747470733a2f2f702e73696d672e756f6c2e636f6d2e62722f6f75742f70616773656775726f2f692f62616e6e6572732f646976756c676163616f2f3436385836305f3130585f70616773656775726f2e6769662720616c743d2727202f3e, 4),
('3cos78ghim7', 0x3c212d2d20494e4943494f20434f4449474f2050414753454755524f202d2d3e0d0a3c63656e7465723e0d0a3c6120687265663d2768747470733a2f2f70616773656775726f2e756f6c2e636f6d2e627227207461726765743d275f626c616e6b273e3c696d6720616c743d274c6f676f7469706f73206465206d65696f7320646520706167616d656e746f20646f2050616753656775726f27207372633d2768747470733a2f2f702e73696d672e756f6c2e636f6d2e62722f6f75742f70616773656775726f2f692f62616e6e6572732f706167616d656e746f2f746f646f735f616e696d61646f5f3535305f35302e67696627207469746c653d274573746520736974652061636569746120706167616d656e746f7320636f6d20566973612c204d6173746572436172642c2044696e6572732c20416d65726963616e20457870726573732c204869706572636172642c20417572612c20427261646573636f2c20497461fa2c2042616e636f20646f2042726173696c2c20556e6962616e636f2c2042616e726973756c2c2073616c646f20656d20636f6e74612050616753656775726f206520626f6c65746f2e2720626f726465723d2730273e3c2f613e0d0a3c2f63656e7465723e0d0a3c212d2d2046494e414c20434f4449474f2050414753454755524f202d2d3e, 4),
('hbgb6l0gpdr', 0x3c6f626a6563742077696474683d2234323022206865696768743d223331352220646174613d22687474703a2f2f732e766964656f732e676c6f626f2e636f6d2f70322f706c617965722e7377662220747970653d226170706c69636174696f6e2f782d73686f636b776176652d666c617368223e3c706172616d2076616c75653d227472756522206e616d653d22616c6c6f7746756c6c53637265656e223e3c706172616d2076616c75653d22687474703a2f2f732e766964656f732e676c6f626f2e636f6d2f70322f706c617965722e73776622206e616d653d226d6f76696522202f3e3c706172616d2076616c75653d226869676822206e616d653d227175616c69747922202f3e3c706172616d2076616c75653d226d6964696149643d31353231383935266175746f53746172743d66616c73652677696474683d343230266865696768743d33313522206e616d653d22466c6173685661727322202f3e3c2f6f626a6563743e0d0a0d0a0d0a, 4),
('vfv0g4whz21', 0x3c2f63656e7465723e3c6469762069643d2266622d726f6f74223e3c2f6469763e0d0a3c7363726970743e2866756e6374696f6e28642c20732c20696429207b0d0a2020766172206a732c20666a73203d20642e676574456c656d656e747342795461674e616d652873295b305d3b0d0a202069662028642e676574456c656d656e744279496428696429292072657475726e3b0d0a20206a73203d20642e637265617465456c656d656e742873293b206a732e6964203d2069643b0d0a20206a732e737263203d20222f2f636f6e6e6563742e66616365626f6f6b2e6e65742f70745f42522f616c6c2e6a73237866626d6c3d31223b0d0a2020666a732e706172656e744e6f64652e696e736572744265666f7265286a732c20666a73293b0d0a7d28646f63756d656e742c2027736372697074272c202766616365626f6f6b2d6a7373646b2729293b3c2f7363726970743e0d0a0d0a3c64697620636c6173733d2266622d6c696b652220646174612d687265663d22687474703a2f2f7777772e696772656a61656d73657274616f7a696e686f2e6f72672e62722f68696e6f732e7068702220646174612d73656e643d22747275652220646174612d6c61796f75743d22627574746f6e5f636f756e742220646174612d77696474683d223435302220646174612d73686f772d66616365733d22747275652220646174612d666f6e743d227461686f6d61223e3c2f6469763e3c62723e0d0a3c2f63656e7465723e, 4),
('jdgvnrwfjg7', 0x3c73637269707420747970653d22746578742f6a617661736372697074223e0d0a0d0a2020766172205f676171203d205f676171207c7c205b5d3b0d0a20205f6761712e70757368285b275f7365744163636f756e74272c202755412d32363533303338352d31275d293b0d0a20205f6761712e70757368285b275f747261636b5061676576696577275d293b0d0a0d0a20202866756e6374696f6e2829207b0d0a20202020766172206761203d20646f63756d656e742e637265617465456c656d656e74282773637269707427293b2067612e74797065203d2027746578742f6a617661736372697074273b2067612e6173796e63203d20747275653b0d0a2020202067612e737263203d20282768747470733a27203d3d20646f63756d656e742e6c6f636174696f6e2e70726f746f636f6c203f202768747470733a2f2f73736c27203a2027687474703a2f2f7777772729202b20272e676f6f676c652d616e616c79746963732e636f6d2f67612e6a73273b0d0a202020207661722073203d20646f63756d656e742e676574456c656d656e747342795461674e616d65282773637269707427295b305d3b20732e706172656e744e6f64652e696e736572744265666f72652867612c2073293b0d0a20207d2928293b0d0a0d0a3c2f7363726970743e, 4),
('0mwcd7vu8gd', 0x3c73637269707420747970653d22746578742f6a617661736372697074223e0d0a0d0a2020766172205f676171203d205f676171207c7c205b5d3b0d0a20205f6761712e70757368285b275f7365744163636f756e74272c202755412d32363533303338352d31275d293b0d0a20205f6761712e70757368285b275f747261636b5061676576696577275d293b0d0a0d0a20202866756e6374696f6e2829207b0d0a20202020766172206761203d20646f63756d656e742e637265617465456c656d656e74282773637269707427293b2067612e74797065203d2027746578742f6a617661736372697074273b2067612e6173796e63203d20747275653b0d0a2020202067612e737263203d20282768747470733a27203d3d20646f63756d656e742e6c6f636174696f6e2e70726f746f636f6c203f202768747470733a2f2f73736c27203a2027687474703a2f2f7777772729202b20272e676f6f676c652d616e616c79746963732e636f6d2f67612e6a73273b0d0a202020207661722073203d20646f63756d656e742e676574456c656d656e747342795461674e616d65282773637269707427295b305d3b20732e706172656e744e6f64652e696e736572744265666f72652867612c2073293b0d0a20207d2928293b0d0a0d0a3c2f7363726970743e, 4),
('6p8ylkmprgo', 0x3c73637269707420747970653d22746578742f6a617661736372697074223e0d0a0d0a2020766172205f676171203d205f676171207c7c205b5d3b0d0a20205f6761712e70757368285b275f7365744163636f756e74272c202755412d32363533303338352d31275d293b0d0a20205f6761712e70757368285b275f747261636b5061676576696577275d293b0d0a0d0a20202866756e6374696f6e2829207b0d0a20202020766172206761203d20646f63756d656e742e637265617465456c656d656e74282773637269707427293b2067612e74797065203d2027746578742f6a617661736372697074273b2067612e6173796e63203d20747275653b0d0a2020202067612e737263203d20282768747470733a27203d3d20646f63756d656e742e6c6f636174696f6e2e70726f746f636f6c203f202768747470733a2f2f73736c27203a2027687474703a2f2f7777772729202b20272e676f6f676c652d616e616c79746963732e636f6d2f67612e6a73273b0d0a202020207661722073203d20646f63756d656e742e676574456c656d656e747342795461674e616d65282773637269707427295b305d3b20732e706172656e744e6f64652e696e736572744265666f72652867612c2073293b0d0a20207d2928293b0d0a0d0a3c2f7363726970743e, 4),
('f9o4m1dxfpl', 0x3c73637269707420747970653d22746578742f6a617661736372697074223e0d0a0d0a2020766172205f676171203d205f676171207c7c205b5d3b0d0a20205f6761712e70757368285b275f7365744163636f756e74272c202755412d32363533303338352d31275d293b0d0a20205f6761712e70757368285b275f747261636b5061676576696577275d293b0d0a0d0a20202866756e6374696f6e2829207b0d0a20202020766172206761203d20646f63756d656e742e637265617465456c656d656e74282773637269707427293b2067612e74797065203d2027746578742f6a617661736372697074273b2067612e6173796e63203d20747275653b0d0a2020202067612e737263203d20282768747470733a27203d3d20646f63756d656e742e6c6f636174696f6e2e70726f746f636f6c203f202768747470733a2f2f73736c27203a2027687474703a2f2f7777772729202b20272e676f6f676c652d616e616c79746963732e636f6d2f67612e6a73273b0d0a202020207661722073203d20646f63756d656e742e676574456c656d656e747342795461674e616d65282773637269707427295b305d3b20732e706172656e744e6f64652e696e736572744265666f72652867612c2073293b0d0a20207d2928293b0d0a0d0a3c2f7363726970743e, 4),
('hzkyqpvi4el', 0x3c73637269707420747970653d22746578742f6a617661736372697074223e0d0a0d0a2020766172205f676171203d205f676171207c7c205b5d3b0d0a20205f6761712e70757368285b275f7365744163636f756e74272c202755412d32363533303338352d31275d293b0d0a20205f6761712e70757368285b275f747261636b5061676576696577275d293b0d0a0d0a20202866756e6374696f6e2829207b0d0a20202020766172206761203d20646f63756d656e742e637265617465456c656d656e74282773637269707427293b2067612e74797065203d2027746578742f6a617661736372697074273b2067612e6173796e63203d20747275653b0d0a2020202067612e737263203d20282768747470733a27203d3d20646f63756d656e742e6c6f636174696f6e2e70726f746f636f6c203f202768747470733a2f2f73736c27203a2027687474703a2f2f7777772729202b20272e676f6f676c652d616e616c79746963732e636f6d2f67612e6a73273b0d0a202020207661722073203d20646f63756d656e742e676574456c656d656e747342795461674e616d65282773637269707427295b305d3b20732e706172656e744e6f64652e696e736572744265666f72652867612c2073293b0d0a20207d2928293b0d0a0d0a3c2f7363726970743e, 4);
INSERT INTO `modules_Script_main` (`moduleID`, `code`, `storage_state`) VALUES
('52sc7brwv9x', 0x3c73637269707420747970653d22746578742f6a617661736372697074223e0d0a0d0a2020766172205f676171203d205f676171207c7c205b5d3b0d0a20205f6761712e70757368285b275f7365744163636f756e74272c202755412d32363533303338352d31275d293b0d0a20205f6761712e70757368285b275f747261636b5061676576696577275d293b0d0a0d0a20202866756e6374696f6e2829207b0d0a20202020766172206761203d20646f63756d656e742e637265617465456c656d656e74282773637269707427293b2067612e74797065203d2027746578742f6a617661736372697074273b2067612e6173796e63203d20747275653b0d0a2020202067612e737263203d20282768747470733a27203d3d20646f63756d656e742e6c6f636174696f6e2e70726f746f636f6c203f202768747470733a2f2f73736c27203a2027687474703a2f2f7777772729202b20272e676f6f676c652d616e616c79746963732e636f6d2f67612e6a73273b0d0a202020207661722073203d20646f63756d656e742e676574456c656d656e747342795461674e616d65282773637269707427295b305d3b20732e706172656e744e6f64652e696e736572744265666f72652867612c2073293b0d0a20207d2928293b0d0a0d0a3c2f7363726970743e, 4),
('5zerbcj222l', 0x3c73637269707420747970653d22746578742f6a617661736372697074223e0d0a0d0a2020766172205f676171203d205f676171207c7c205b5d3b0d0a20205f6761712e70757368285b275f7365744163636f756e74272c202755412d32363533303338352d31275d293b0d0a20205f6761712e70757368285b275f747261636b5061676576696577275d293b0d0a0d0a20202866756e6374696f6e2829207b0d0a20202020766172206761203d20646f63756d656e742e637265617465456c656d656e74282773637269707427293b2067612e74797065203d2027746578742f6a617661736372697074273b2067612e6173796e63203d20747275653b0d0a2020202067612e737263203d20282768747470733a27203d3d20646f63756d656e742e6c6f636174696f6e2e70726f746f636f6c203f202768747470733a2f2f73736c27203a2027687474703a2f2f7777772729202b20272e676f6f676c652d616e616c79746963732e636f6d2f67612e6a73273b0d0a202020207661722073203d20646f63756d656e742e676574456c656d656e747342795461674e616d65282773637269707427295b305d3b20732e706172656e744e6f64652e696e736572744265666f72652867612c2073293b0d0a20207d2928293b0d0a0d0a3c2f7363726970743e, 4),
('1cq0tzokk4t', 0x3c73637269707420747970653d22746578742f6a617661736372697074223e0d0a0d0a2020766172205f676171203d205f676171207c7c205b5d3b0d0a20205f6761712e70757368285b275f7365744163636f756e74272c202755412d32363533303338352d31275d293b0d0a20205f6761712e70757368285b275f747261636b5061676576696577275d293b0d0a0d0a20202866756e6374696f6e2829207b0d0a20202020766172206761203d20646f63756d656e742e637265617465456c656d656e74282773637269707427293b2067612e74797065203d2027746578742f6a617661736372697074273b2067612e6173796e63203d20747275653b0d0a2020202067612e737263203d20282768747470733a27203d3d20646f63756d656e742e6c6f636174696f6e2e70726f746f636f6c203f202768747470733a2f2f73736c27203a2027687474703a2f2f7777772729202b20272e676f6f676c652d616e616c79746963732e636f6d2f67612e6a73273b0d0a202020207661722073203d20646f63756d656e742e676574456c656d656e747342795461674e616d65282773637269707427295b305d3b20732e706172656e744e6f64652e696e736572744265666f72652867612c2073293b0d0a20207d2928293b0d0a0d0a3c2f7363726970743e, 4),
('0uvy65t66ap', 0x3c73637269707420747970653d22746578742f6a617661736372697074223e0d0a0d0a2020766172205f676171203d205f676171207c7c205b5d3b0d0a20205f6761712e70757368285b275f7365744163636f756e74272c202755412d32363533303338352d31275d293b0d0a20205f6761712e70757368285b275f747261636b5061676576696577275d293b0d0a0d0a20202866756e6374696f6e2829207b0d0a20202020766172206761203d20646f63756d656e742e637265617465456c656d656e74282773637269707427293b2067612e74797065203d2027746578742f6a617661736372697074273b2067612e6173796e63203d20747275653b0d0a2020202067612e737263203d20282768747470733a27203d3d20646f63756d656e742e6c6f636174696f6e2e70726f746f636f6c203f202768747470733a2f2f73736c27203a2027687474703a2f2f7777772729202b20272e676f6f676c652d616e616c79746963732e636f6d2f67612e6a73273b0d0a202020207661722073203d20646f63756d656e742e676574456c656d656e747342795461674e616d65282773637269707427295b305d3b20732e706172656e744e6f64652e696e736572744265666f72652867612c2073293b0d0a20207d2928293b0d0a0d0a3c2f7363726970743e, 4),
('h4krycj4g6g', 0x3c73637269707420747970653d22746578742f6a617661736372697074223e0d0a0d0a2020766172205f676171203d205f676171207c7c205b5d3b0d0a20205f6761712e70757368285b275f7365744163636f756e74272c202755412d32363533303338352d31275d293b0d0a20205f6761712e70757368285b275f747261636b5061676576696577275d293b0d0a0d0a20202866756e6374696f6e2829207b0d0a20202020766172206761203d20646f63756d656e742e637265617465456c656d656e74282773637269707427293b2067612e74797065203d2027746578742f6a617661736372697074273b2067612e6173796e63203d20747275653b0d0a2020202067612e737263203d20282768747470733a27203d3d20646f63756d656e742e6c6f636174696f6e2e70726f746f636f6c203f202768747470733a2f2f73736c27203a2027687474703a2f2f7777772729202b20272e676f6f676c652d616e616c79746963732e636f6d2f67612e6a73273b0d0a202020207661722073203d20646f63756d656e742e676574456c656d656e747342795461674e616d65282773637269707427295b305d3b20732e706172656e744e6f64652e696e736572744265666f72652867612c2073293b0d0a20207d2928293b0d0a0d0a3c2f7363726970743e, 4),
('c9ur6endghh', 0x3c696672616d652077696474683d2234323022206865696768743d2233313522207372633d22687474703a2f2f7777772e796f75747562652e636f6d2f656d6265642f4276356d6d77325675753022206672616d65626f726465723d22302220616c6c6f7766756c6c73637265656e3e3c2f696672616d653e, 4),
('wzkck2z4xfu', 0x3c696672616d652077696474683d2234323022206865696768743d2233313522207372633d22687474703a2f2f7777772e796f75747562652e636f6d2f656d6265642f5552624f2d61464f53413022206672616d65626f726465723d22302220616c6c6f7766756c6c73637265656e3e3c2f696672616d653e, 4),
('22muu0fnxx8', 0x3c696672616d652077696474683d2234323022206865696768743d2233313522207372633d22687474703a2f2f7777772e796f75747562652e636f6d2f656d6265642f4276356d6d77325675753022206672616d65626f726465723d22302220616c6c6f7766756c6c73637265656e3e3c2f696672616d653e, 4),
('kel5spmxk3f', 0x3c696672616d652077696474683d2236343022206865696768743d2234383022207372633d22687474703a2f2f7777772e796f75747562652e636f6d2f656d6265642f5a63354c6169577374793422206672616d65626f726465723d22302220616c6c6f7766756c6c73637265656e3e3c2f696672616d653e, 4),
('wfmyb3rf5pe', 0x3c696672616d652077696474683d2236343022206865696768743d2233363022207372633d22687474703a2f2f7777772e796f75747562652e636f6d2f656d6265642f434842365144335970796b22206672616d65626f726465723d22302220616c6c6f7766756c6c73637265656e3e3c2f696672616d653e, 4),
('meecpjfl0en', 0x3c696672616d652077696474683d2236343022206865696768743d2234383022207372633d22687474703a2f2f7777772e796f75747562652e636f6d2f656d6265642f7435425f4f7a683538483022206672616d65626f726465723d22302220616c6c6f7766756c6c73637265656e3e3c2f696672616d653e, 4),
('2vyt6oqq6kq', 0x3c696672616d652077696474683d2236343022206865696768743d2234383022207372633d22687474703a2f2f7777772e796f75747562652e636f6d2f656d6265642f535f354e6b42667961484d22206672616d65626f726465723d22302220616c6c6f7766756c6c73637265656e3e3c2f696672616d653e, 4),
('me5yikt3p4n', 0x3c212d2d20476f6f676c652057656273697465204f7074696d697a657220547261636b696e6720536372697074202d2d3e0d0a3c73637269707420747970653d22746578742f6a617661736372697074223e0d0a2020766172205f676171203d205f676171207c7c205b5d3b0d0a20205f6761712e70757368285b2767776f2e5f7365744163636f756e74272c202755412d33313331363531392d31275d293b0d0a20205f6761712e70757368285b2767776f2e5f747261636b5061676576696577272c20272f303734333538333933392f74657374275d293b0d0a20202866756e6374696f6e2829207b0d0a20202020766172206761203d20646f63756d656e742e637265617465456c656d656e74282773637269707427293b2067612e74797065203d2027746578742f6a617661736372697074273b2067612e6173796e63203d20747275653b0d0a2020202067612e737263203d20282768747470733a27203d3d20646f63756d656e742e6c6f636174696f6e2e70726f746f636f6c203f202768747470733a2f2f73736c27203a2027687474703a2f2f7777772729202b20272e676f6f676c652d616e616c79746963732e636f6d2f67612e6a73273b0d0a202020207661722073203d20646f63756d656e742e676574456c656d656e747342795461674e616d65282773637269707427295b305d3b20732e706172656e744e6f64652e696e736572744265666f72652867612c2073293b0d0a20207d2928293b0d0a3c2f7363726970743e0d0a3c212d2d20456e64206f6620476f6f676c652057656273697465204f7074696d697a657220547261636b696e6720536372697074202d2d3e0d0a, 4),
('x9rx2ehz4nq', 0x3c212d2d20494e4943494f20464f524d554c4152494f20424f54414f2050414753454755524f202d2d3e0d0a3c666f726d207461726765743d2270616773656775726f2220616374696f6e3d2268747470733a2f2f70616773656775726f2e756f6c2e636f6d2e62722f636865636b6f75742f76322f7061796d656e742e68746d6c22206d6574686f643d22706f7374223e0d0a3c696e70757420747970653d2268696464656e22206e616d653d22636f6465222076616c75653d22313532454642413131433143444241383834373237463932324335333931353622202f3e0d0a3c696e70757420747970653d22696d61676522207372633d2268747470733a2f2f702e73696d672e756f6c2e636f6d2e62722f6f75742f70616773656775726f2f692f626f746f65732f706167616d656e746f732f3132307835332d636f6d707261722d617a756c2e67696622206e616d653d227375626d69742220616c743d22506167756520636f6d2050616753656775726f202d20e92072e17069646f2c206772e174697320652073656775726f2122202f3e0d0a3c2f666f726d3e0d0a3c212d2d2046494e414c20464f524d554c4152494f20424f54414f2050414753454755524f202d2d3e, 4),
('mky1jc9veje', 0x3c696672616d652077696474683d2236343022206865696768743d2234383022207372633d22687474703a2f2f7777772e796f75747562652e636f6d2f656d6265642f66414c4c49745a6b32694d22206672616d65626f726465723d22302220616c6c6f7766756c6c73637265656e3e3c2f696672616d653e, 4),
('85kbxcxu2r5', 0x3c696672616d652077696474683d2239303022206865696768743d2236303022206672616d65626f726465723d223022207363726f6c6c696e673d226e6f22206d617267696e6865696768743d223022206d617267696e77696474683d223022207372633d2268747470733a2f2f6d6170732e676f6f676c652e636f6d2e62722f6d6170733f663d7126616d703b736f757263653d656d62656426616d703b686c3d70742d425226616d703b67656f636f64653d26616d703b713d526f642e2b4a6f732543332541392b566963656e74652b4c6f6d2543332542346e69636f2b2d2b536f636f72726f2b2d2b532543332541336f2b5061756c6f26616d703b61713d3026616d703b6f713d726f646f7669612b6a6f732543332541392b766963656e746526616d703b736c6c3d2d32322e3539383635332c2d34362e35313231313726616d703b7373706e3d302e3137393430312c302e32353734393226616d703b69653d5554463826616d703b68713d26616d703b686e6561723d526f642e2b4a6f732543332541392b566963656e74652b4c6f6d2543332542346e69636f2b2d2b536f636f72726f2b2d2b532543332541336f2b5061756c6f26616d703b743d6d26616d703b6c617965723d6326616d703b63626c6c3d2d32322e3537383839392c2d34362e35323338373426616d703b6362703d31332c302c2c302c3526616d703b70616e6f69643d716a484e794664675533425f755651726f575073325126616d703b6c6c3d2d32322e3537393330332c2d34362e35323334303926616d703b73706e3d302e3030303037392c302e30373732343826616d703b7a3d313426616d703b6f75747075743d7376656d626564223e3c2f696672616d653e3c6272202f3e3c736d616c6c3e3c6120687265663d2268747470733a2f2f6d6170732e676f6f676c652e636f6d2e62722f6d6170733f663d7126616d703b736f757263653d656d62656426616d703b686c3d70742d425226616d703b67656f636f64653d26616d703b713d526f642e2b4a6f732543332541392b566963656e74652b4c6f6d2543332542346e69636f2b2d2b536f636f72726f2b2d2b532543332541336f2b5061756c6f26616d703b61713d3026616d703b6f713d726f646f7669612b6a6f732543332541392b766963656e746526616d703b736c6c3d2d32322e3539383635332c2d34362e35313231313726616d703b7373706e3d302e3137393430312c302e32353734393226616d703b69653d5554463826616d703b68713d26616d703b686e6561723d526f642e2b4a6f732543332541392b566963656e74652b4c6f6d2543332542346e69636f2b2d2b536f636f72726f2b2d2b532543332541336f2b5061756c6f26616d703b743d6d26616d703b6c617965723d6326616d703b63626c6c3d2d32322e3537383839392c2d34362e35323338373426616d703b6362703d31332c302c2c302c3526616d703b70616e6f69643d716a484e794664675533425f755651726f575073325126616d703b6c6c3d2d32322e3537393330332c2d34362e35323334303926616d703b73706e3d302e3030303037392c302e30373732343826616d703b7a3d313422207374796c653d22636f6c6f723a233030303046463b746578742d616c69676e3a6c656674223e457869626972206d61706120616d706c6961646f3c2f613e3c2f736d616c6c3e, 4),
('mnvlu0civv7', 0x3c73637269707420747970653d22746578742f6a617661736372697074223e0d0a0d0a2020766172205f676171203d205f676171207c7c205b5d3b0d0a20205f6761712e70757368285b275f7365744163636f756e74272c202755412d32363533303338352d31275d293b0d0a20205f6761712e70757368285b275f747261636b5061676576696577275d293b0d0a0d0a20202866756e6374696f6e2829207b0d0a20202020766172206761203d20646f63756d656e742e637265617465456c656d656e74282773637269707427293b2067612e74797065203d2027746578742f6a617661736372697074273b2067612e6173796e63203d20747275653b0d0a2020202067612e737263203d20282768747470733a27203d3d20646f63756d656e742e6c6f636174696f6e2e70726f746f636f6c203f202768747470733a2f2f73736c27203a2027687474703a2f2f7777772729202b20272e676f6f676c652d616e616c79746963732e636f6d2f67612e6a73273b0d0a202020207661722073203d20646f63756d656e742e676574456c656d656e747342795461674e616d65282773637269707427295b305d3b20732e706172656e744e6f64652e696e736572744265666f72652867612c2073293b0d0a20207d2928293b0d0a0d0a3c2f7363726970743e, 4),
('m5rfdbtxbp4', 0x3c696672616d652077696474683d2234323022206865696768743d2233313522207372633d22687474703a2f2f7777772e796f75747562652e636f6d2f656d6265642f34593759784742637438513f72656c3d3022206672616d65626f726465723d22302220616c6c6f7766756c6c73637265656e3e3c2f696672616d653e, 4),
('xzu67u2a4bd', 0x3c696672616d652077696474683d2234323022206865696768743d2233313522207372633d22687474703a2f2f7777772e796f75747562652e636f6d2f656d6265642f55415f43736d52503834513f72656c3d3022206672616d65626f726465723d22302220616c6c6f7766756c6c73637265656e3e3c2f696672616d653e, 4),
('hmr2hky8e5j', 0x3c736372697074207372633d22687474703a2f2f68312e666c617368766f727465782e636f6d2f646973706c61792e7068703f69643d325f313336333232313930305f35303137335f3831365f305f3732385f39305f31305f315f33332220747970653d22746578742f6a617661736372697074223e3c2f7363726970743e, 4),
('4u7y5uv4n2c', 0x3c696672616d652077696474683d2234323022206865696768743d2233313522207372633d22687474703a2f2f7777772e796f75747562652e636f6d2f656d6265642f6f392d706e69764f366f303f72656c3d3022206672616d65626f726465723d22302220616c6c6f7766756c6c73637265656e3e3c2f696672616d653e, 4);
INSERT INTO `modules_Script_main` (`moduleID`, `code`, `storage_state`) VALUES
('xnlvf8wh7pk', 0x[encoded data, 115284 characters], 4);
