CREATE TABLE IF NOT EXISTS `modules_Login_common` (
  `moduleID` varchar(20) NOT NULL,
  `to_remember_password` int(1) NOT NULL default '1',
  `to_enable_registration` int(1) NOT NULL default '1',
  `storage_state` int(1) unsigned NOT NULL,
  PRIMARY KEY  (`moduleID`,`storage_state`)
) ENGINE=MyISAM DEFAULT CHARSET=utf8;

--
-- Extraindo dados da tabela `modules_Login_common`
--

INSERT INTO `modules_Login_common` (`moduleID`, `to_remember_password`, `to_enable_registration`, `storage_state`) VALUES
('2owauy9vkf7', 1, 1, 4),
('znfghpsahps', 1, 1, 4),
('es5ertdebf1', 1, 1, 4),
('t0o5qywbwqm', 1, 1, 4),
('l86kh2s2dvc', 1, 1, 4),
('7vp4wc3blbr', 1, 1, 4),
('e484u9onwqu', 1, 1, 4),
('f5x6qjwzbvz', 1, 1, 4),
('oj9t533lklw', 1, 1, 4),
('u0l02c2i4fh', 1, 1, 4),
('ikulok5s2mc', 1, 1, 4),
('9whvcwkpa2u', 1, 0, 4),
('e489a39elj6', 1, 1, 4),
('rbn8g0nxnik', 1, 1, 4),
('gwinwkc21su', 1, 1, 4),
('k1kit2w7pvr', 1, 0, 4),
('w6x6fcpwn1b', 1, 1, 4),
('j8x5auc05qi', 1, 1, 4),
('dpjz4zdqyp4', 1, 1, 4),
('pugefcy0cph', 1, 1, 4),
('6z91xem7bzc', 1, 1, 4),
('bvuniaieqb2', 1, 1, 4),
('f0smcs3pech', 1, 1, 4),
('2i05sln665n', 1, 1, 4),
('bo7vjii0ad5', 1, 1, 4),
('pxou2rdhy8b', 1, 1, 4),
('z9bywp4sx4s', 1, 1, 4),
('6nndwf4z3g8', 1, 1, 4),
('g0vr9yd4a8k', 1, 1, 4),
('5rmsojngyzb', 1, 1, 4),
('uls1dupyj0m', 1, 1, 4),
('rknyk4a82s7', 1, 0, 4),
('tmfdgswvien', 1, 1, 4),
('atmht8b88ar', 1, 1, 4),
('15ctz928b0s', 1, 1, 4),
('eyikfr3wcap', 1, 1, 4);

-- --------------------------------------------------------

--
-- Estrutura da tabela `modules_Login_contact_info`
--

CREATE TABLE IF NOT EXISTS `modules_Login_contact_info` (
  `moduleID` varchar(20) NOT NULL,
  `from_name` varchar(255) NOT NULL,
  `from_email` varchar(255) NOT NULL,
  `storage_state` int(1) unsigned NOT NULL,
  PRIMARY KEY  (`moduleID`,`storage_state`)
) ENGINE=MyISAM DEFAULT CHARSET=utf8;

--
-- Extraindo dados da tabela `modules_Login_contact_info`
--

INSERT INTO `modules_Login_contact_info` (`moduleID`, `from_name`, `from_email`, `storage_state`) VALUES
('eyikfr3wcap', '', 'hospeda@hospedaonline.com.br', 4),
('l86kh2s2dvc', '', 'email@email.com', 4),
('ikulok5s2mc', '', 'atacado@atacadopavan.com', 4),
('dpjz4zdqyp4', 'Administrador do SiteBuilder', 'email@email.com', 4),
('bvuniaieqb2', '', 'email@email.com', 4),
('znfghpsahps', 'Administrador do SiteBuilder', 'email@email.com', 4),
('f0smcs3pech', '', 'email@email.com', 4),
('9whvcwkpa2u', '', 'email@email.com', 4),
('2i05sln665n', 'Administrador do SiteBuilder', 'email@email.com', 4),
('bo7vjii0ad5', 'Plesk Sitebuilder Administrator', 'email@email.com', 4),
('pxou2rdhy8b', 'Administrador do SiteBuilder', 'email@email.com', 4),
('pugefcy0cph', '', 'contato@graficavitoriaonline.com.br', 4),
('rbn8g0nxnik', 'Administrador do SiteBuilder', 'email@email.com', 4),
('oj9t533lklw', '', 'Nandogohan@hotmail.com', 4),
('u0l02c2i4fh', 'Administrador do SiteBuilder', 'email@email.com', 4),
('j8x5auc05qi', '', 'email@email.com', 4),
('7vp4wc3blbr', 'Administrador do SiteBuilder', 'email@email.com', 4),
('g0vr9yd4a8k', 'Administrador do SiteBuilder', 'email@email.com', 4),
('e484u9onwqu', '', 'email@email.com', 4),
('e489a39elj6', '', 'Marivaldo888@gmail.com', 4),
('atmht8b88ar', '', 'marcus.douglas@focoos.com.br', 4),
('2owauy9vkf7', '', 'fabidasilva@netsite.com', 4),
('15ctz928b0s', 'Administrador do SiteBuilder', 'email@email.com', 4),
('es5ertdebf1', '', 'email@email.com', 4),
('uls1dupyj0m', '', 'unidunitefestasinfantis@hotmail.com', 4),
('t0o5qywbwqm', '', 'contato@residencialsantarita.com.br', 4),
('k1kit2w7pvr', '', 'pauloferreira1@ig.com.br', 4),
('gwinwkc21su', 'Administrador do SiteBuilder', 'email@email.com', 4),
('tmfdgswvien', '', 'email@email.com', 4),
('5rmsojngyzb', 'Administrador do SiteBuilder', 'email@email.com', 4),
('rknyk4a82s7', '', 'email@email.com', 4),
('f5x6qjwzbvz', '', 'email@email.com', 4),
('6z91xem7bzc', '', 'gutemberg@luz.eng.br', 4),
('w6x6fcpwn1b', '', 'andersonmarony@hotmail.com', 4),
('6nndwf4z3g8', 'Administrador do SiteBuilder', 'email@email.com', 4),
('z9bywp4sx4s', '', 'email@email.com', 4);

-- --------------------------------------------------------

--
-- Estrutura da tabela `modules_Login_notifications`
--

CREATE TABLE IF NOT EXISTS `modules_Login_notifications` (
  `moduleID` varchar(20) NOT NULL,
  `issue` int(1) unsigned NOT NULL,
  `subject` varchar(255) NOT NULL,
  `body` text NOT NULL,
  `storage_state` int(1) unsigned NOT NULL,
  PRIMARY KEY  (`moduleID`,`issue`,`storage_state`)
) ENGINE=MyISAM DEFAULT CHARSET=utf8;

--
-- Extraindo dados da tabela `modules_Login_notifications`
--

INSERT INTO `modules_Login_notifications` (`moduleID`, `issue`, `subject`, `body`, `storage_state`) VALUES
('e484u9onwqu', 0, 'Obrigado por seu registro!', 'Hello! <br />\r\n<br />\r\nAntes de tudo, nos queremos agradecer por ter escolhido nosso site. <br />\r\n<br />\r\nAbaixo os dados de sua conta: <br />\r\n<br />\r\nNome de usu&aacute;rio: %userLogin <br />\r\nSenha: %userpassword <br />\r\n<br />\r\nPor favor informe nos se voc&ecirc; precisar de ajuda.', 4),
('dpjz4zdqyp4', 1, 'Senha para o site', 'Oi! Esta mensagem foi enviada para você pois alguém esqueceu a opção de sua senha no site %siteUrl As credenciais para acessar este site são as seguintes: Nome de usuário: %userLogin Senha: %userpassword', 4),
('2i05sln665n', 1, 'Senha para o site', 'Oi! Esta mensagem foi enviada para você pois alguém esqueceu a opção de sua senha no site %siteUrl As credenciais para acessar este site são as seguintes: Nome de usuário: %userLogin Senha: %userpassword', 4),
('l86kh2s2dvc', 1, 'Senha para o site', 'Oi! Esta mensagem foi enviada para você pois alguém esqueceu a opção de sua senha no site %siteUrl As credenciais para acessar este site são as seguintes: Nome de usuário: %userLogin Senha: %userpassword', 4),
('t0o5qywbwqm', 0, 'Obrigado por seu registro!', 'Ol&aacute; <strong><span style="font-family: Verdana;">%userFirstname</span></strong>!  <br />\r\n<br />\r\nAntes de tudo, nos queremos agradecer por ter escolhido nosso site. <br />\r\n<br />\r\nAbaixo os dados de sua conta:  <br />\r\n<br />\r\nNome de usu&aacute;rio: %userLogin <br />\r\nSenha: %userpassword  <br />\r\n<br />\r\nPor favor informe nos se voc&ecirc; precisar de ajuda.', 4),
('k1kit2w7pvr', 0, 'Obrigado por seu registro!', 'Hello! <br />\r\n<br />\r\nAntes de tudo, nos queremos agradecer por ter escolhido nosso site. <br />\r\n<br />\r\nAbaixo os dados de sua conta: <br />\r\n<br />\r\nNome de usu&aacute;rio: %userLogin <br />\r\nSenha: %userpassword <br />\r\n<br />\r\nPor favor informe nos se voc&ecirc; precisar de ajuda.', 4),
('pugefcy0cph', 0, 'Obrigado por seu registro!', 'Hello!  <br />\r\n<br />\r\nAntes de tudo, nos queremos agradecer por ter escolhido nosso site. <br />\r\n<br />\r\nAbaixo os dados de sua conta:  <br />\r\n<br />\r\nNome de usu&aacute;rio: %userLogin <br />\r\nSenha: %userpassword  <br />\r\n<br />\r\nPor favor informe nos se voc&ecirc; precisar de ajuda.', 4),
('2owauy9vkf7', 0, 'Obrigado por seu registro!', 'Hello!  <br />\r\n<br />\r\nAntes de tudo, nos queremos agradecer por ter escolhido nosso site. <br />\r\n<br />\r\nAbaixo os dados de sua conta:  <br />\r\n<br />\r\nNome de usu&aacute;rio: %userLogin <br />\r\nSenha: %userpassword  <br />\r\n<br />\r\nPor favor informe nos se voc&ecirc; precisar de ajuda.', 4),
('j8x5auc05qi', 1, 'Senha para o site', 'Oi! Esta mensagem foi enviada para voc&ecirc; pois algu&eacute;m esqueceu a op&ccedil;&atilde;o de sua senha no site %siteUrl As credenciais para acessar este site s&atilde;o as seguintes: Nome de usu&aacute;rio: %userLogin Senha: %userpassword', 4),
('ikulok5s2mc', 0, 'Obrigado por seu registro!', 'Hello! <br />\r\n<br />\r\nAntes de tudo, nos queremos agradecer por ter escolhido nosso site. <br />\r\n<br />\r\nAbaixo os dados de sua conta: <br />\r\n<br />\r\nNome de usu&aacute;rio: %userLogin <br />\r\nSenha: %userpassword <br />\r\n<br />\r\nPor favor informe nos se voc&ecirc; precisar de ajuda.', 4),
('ikulok5s2mc', 1, 'Senha para o site', 'Oi! Esta mensagem foi enviada para voc&ecirc; pois algu&eacute;m esqueceu a op&ccedil;&atilde;o de sua senha no site %siteUrl As credenciais para acessar este site s&atilde;o as seguintes: Nome de usu&aacute;rio: %userLogin Senha: %userpassword', 4),
('9whvcwkpa2u', 1, 'Senha para o site', 'Oi! Esta mensagem foi enviada para voc&ecirc; pois algu&eacute;m esqueceu a op&ccedil;&atilde;o de sua senha no site %siteUrl As credenciais para acessar este site s&atilde;o as seguintes: Nome de usu&aacute;rio: %userLogin Senha: %userpassword', 4),
('dpjz4zdqyp4', 0, 'Obrigado por seu registro!', 'Hello!  <br />\n<br />\nAntes de tudo, nos queremos agradecer por ter escolhido nosso site. <br />\n<br />\nAbaixo os dados de sua conta:  <br />\n<br />\nNome de usuário: %userLogin <br />\nSenha: %userpassword  <br />\n<br />\nPor favor informe nos se você precisar de ajuda.', 4),
('w6x6fcpwn1b', 1, 'Senha para o site', 'Oi! Esta mensagem foi enviada para voc&ecirc; pois algu&eacute;m esqueceu a op&ccedil;&atilde;o de sua senha no site %siteUrl As credenciais para acessar este site s&atilde;o as seguintes: Nome de usu&aacute;rio: %userLogin Senha: %userpassword', 4),
('f0smcs3pech', 0, 'Obrigado por seu registro!', 'Hello!  <br />\r\n<br />\r\nAntes de tudo, nos queremos agradecer por ter escolhido nosso site. <br />\r\n<br />\r\nAbaixo os dados de sua conta:  <br />\r\n<br />\r\nNome de usu&aacute;rio: %userLogin <br />\r\nSenha: %userpassword  <br />\r\n<br />\r\nPor favor informe nos se voc&ecirc; precisar de ajuda.', 4),
('15ctz928b0s', 1, 'Senha para o site', 'Oi! Esta mensagem foi enviada para você pois alguém esqueceu a opção de sua senha no site %siteUrl As credenciais para acessar este site são as seguintes: Nome de usuário: %userLogin Senha: %userpassword', 4),
('15ctz928b0s', 0, 'Obrigado por seu registro!', 'Hello!  <br />\n<br />\nAntes de tudo, nos queremos agradecer por ter escolhido nosso site. <br />\n<br />\nAbaixo os dados de sua conta:  <br />\n<br />\nNome de usuário: %userLogin <br />\nSenha: %userpassword  <br />\n<br />\nPor favor informe nos se você precisar de ajuda.', 4),
('es5ertdebf1', 0, 'Obrigado por seu registro!', 'Hello!  <br />\r\n<br />\r\nAntes de tudo, nos queremos agradecer por ter escolhido nosso site. <br />\r\n<br />\r\nAbaixo os dados de sua conta:  <br />\r\n<br />\r\nNome de usuário: %userLogin <br />\r\nSenha: %userpassword  <br />\r\n<br />\r\nPor favor informe nos se você precisar de ajuda.', 4),
('2owauy9vkf7', 1, 'Senha para o site', 'Oi! Esta mensagem foi enviada para voc&ecirc; pois algu&eacute;m esqueceu a op&ccedil;&atilde;o de sua senha no site %siteUrl As credenciais para acessar este site s&atilde;o as seguintes: Nome de usu&aacute;rio: %userLogin Senha: %userpassword', 4),
('7vp4wc3blbr', 0, 'Obrigado por seu registro!', 'Hello!  <br />\n<br />\nAntes de tudo, nos queremos agradecer por ter escolhido nosso site. <br />\n<br />\nAbaixo os dados de sua conta:  <br />\n<br />\nNome de usuário: %userLogin <br />\nSenha: %userpassword  <br />\n<br />\nPor favor informe nos se você precisar de ajuda.', 4),
('e489a39elj6', 1, 'Senha para o site', 'Oi! Esta mensagem foi enviada para voc&ecirc; pois algu&eacute;m esqueceu a op&ccedil;&atilde;o de sua senha no site %siteUrl As credenciais para acessar este site s&atilde;o as seguintes: Nome de usu&aacute;rio: %userLogin Senha: %userpassword', 4),
('f5x6qjwzbvz', 0, 'Obrigado por seu registro!', 'Hello!  <br />\r\n<br />\r\nAntes de tudo, nos queremos agradecer por ter escolhido nosso site. <br />\r\n<br />\r\nAbaixo os dados de sua conta:  <br />\r\n<br />\r\nNome de usu&aacute;rio: %userLogin <br />\r\nSenha: %userpassword  <br />\r\n<br />\r\nPor favor informe nos se voc&ecirc; precisar de ajuda.', 4),
('u0l02c2i4fh', 0, 'Obrigado por seu registro!', 'Hello!  <br />\n<br />\nAntes de tudo, nos queremos agradecer por ter escolhido nosso site. <br />\n<br />\nAbaixo os dados de sua conta:  <br />\n<br />\nNome de usuário: %userLogin <br />\nSenha: %userpassword  <br />\n<br />\nPor favor informe nos se você precisar de ajuda.', 4),
('u0l02c2i4fh', 1, 'Senha para o site', 'Oi! Esta mensagem foi enviada para você pois alguém esqueceu a opção de sua senha no site %siteUrl As credenciais para acessar este site são as seguintes: Nome de usuário: %userLogin Senha: %userpassword', 4),
('tmfdgswvien', 1, 'Senha para o site', 'Oi! Esta mensagem foi enviada para você pois alguém esqueceu a opção de sua senha no site %siteUrl As credenciais para acessar este site são as seguintes: Nome de usuário: %userLogin Senha: %userpassword', 4),
('tmfdgswvien', 0, 'Obrigado por seu registro!', 'Hello!  <br />\r\n<br />\r\nAntes de tudo, nos queremos agradecer por ter escolhido nosso site. <br />\r\n<br />\r\nAbaixo os dados de sua conta:  <br />\r\n<br />\r\nNome de usuário: %userLogin <br />\r\nSenha: %userpassword  <br />\r\n<br />\r\nPor favor informe nos se você precisar de ajuda.', 4),
('7vp4wc3blbr', 1, 'Senha para o site', 'Oi! Esta mensagem foi enviada para você pois alguém esqueceu a opção de sua senha no site %siteUrl As credenciais para acessar este site são as seguintes: Nome de usuário: %userLogin Senha: %userpassword', 4),
('atmht8b88ar', 0, 'Obrigado por seu registro!', 'Obrigado por efetuar seu cadastro como nosso parceiro!!!', 4),
('atmht8b88ar', 1, 'Senha para o site', '<p>Segue sua senha e usu&aacute;rio, obrigado!!</p>', 4),
('k1kit2w7pvr', 1, 'Senha para o site', 'Oi! Esta mensagem foi enviada para voc&ecirc; pois algu&eacute;m esqueceu a op&ccedil;&atilde;o de sua senha no site %siteUrl As credenciais para acessar este site s&atilde;o as seguintes: Nome de usu&aacute;rio: %userLogin Senha: %userpassword', 4),
('5rmsojngyzb', 0, 'Obrigado por seu registro!', 'Hello!  <br />\n<br />\nAntes de tudo, nos queremos agradecer por ter escolhido nosso site. <br />\n<br />\nAbaixo os dados de sua conta:  <br />\n<br />\nNome de usuário: %userLogin <br />\nSenha: %userpassword  <br />\n<br />\nPor favor informe nos se você precisar de ajuda.', 4),
('5rmsojngyzb', 1, 'Senha para o site', 'Oi! Esta mensagem foi enviada para você pois alguém esqueceu a opção de sua senha no site %siteUrl As credenciais para acessar este site são as seguintes: Nome de usuário: %userLogin Senha: %userpassword', 4),
('6z91xem7bzc', 0, 'Agradecemos seu registro na LUZ Engenharia', 'Ol&aacute;! <br />\r\n<br />\r\nGostar&iacute;amos de agradecer o seu cadastro,&nbsp;a partir de agora&nbsp;voc&ecirc; receber&aacute; novidades exclusivas.<br />\r\n<br />\r\nAbaixo os dados de acesso:<br />\r\n<br />\r\nNome de usu&aacute;rio: %userLogin<br />\r\nSenha: %userpassword <br />\r\n<br />\r\nSe necess&aacute;rio, estamos a disposi&ccedil;&atilde;o.<br />\r\n<br />\r\nLUZ Engenharia<br />\r\n<a href="mailto:luz@luz.eng.br">luz@luz.eng.br</a><br />', 4),
('6z91xem7bzc', 1, 'Dadso de caesso', 'Ol&aacute;! <br />\r\n<br />\r\nEsta mensagem foi enviada, pois algu&eacute;m usou a op&ccedil;&atilde;o &quot;Esqueceu&nbsp;a senha&quot;.<br />\r\n<br />\r\nDados de acesso:<br />\r\n<br />\r\nNome de usu&aacute;rio: %userLogin <br />\r\nSenha: %userpassword<br />\r\n<br />\r\nAtenciosamente,<br />\r\nLUZ <span style="color: #339966">Engenharia</span><br />\r\nluz@luz.eng.br<br />', 4),
('f0smcs3pech', 1, 'Senha para o site', 'Oi! Esta mensagem foi enviada para voc&ecirc; pois algu&eacute;m esqueceu a op&ccedil;&atilde;o de sua senha no site %siteUrl As credenciais para acessar este site s&atilde;o as seguintes: Nome de usu&aacute;rio: %userLogin Senha: %userpassword', 4),
('e489a39elj6', 0, 'Obrigado por seu registro!', 'Hello!  <br />\r\n<br />\r\nAntes de tudo, nos queremos agradecer por ter escolhido nosso site. <br />\r\n<br />\r\nAbaixo os dados de sua conta:  <br />\r\n<br />\r\nNome de usu&aacute;rio: %userLogin <br />\r\nSenha: %userpassword  <br />\r\n<br />\r\nPor favor informe nos se voc&ecirc; precisar de ajuda.', 4),
('w6x6fcpwn1b', 0, 'Obrigado por seu registro!', 'Hello! <br />\r\n<br />\r\nAntes de tudo, nos queremos agradecer por ter escolhido nosso site. <br />\r\n<br />\r\nAbaixo os dados de sua conta: <br />\r\n<br />\r\nNome de usu&aacute;rio: %userLogin <br />\r\nSenha: %userpassword <br />\r\n<br />\r\nPor favor informe nos se voc&ecirc; precisar de ajuda.', 4),
('j8x5auc05qi', 0, 'Obrigado por seu registro!', 'Hello!  <br />\r\n<br />\r\nAntes de tudo, nos queremos agradecer por ter escolhido nosso site. <br />\r\n<br />\r\nAbaixo os dados de sua conta:  <br />\r\n<br />\r\nNome de usu&aacute;rio: %userLogin <br />\r\nSenha: %userpassword  <br />\r\n<br />\r\nPor favor informe nos se voc&ecirc; precisar de ajuda.', 4),
('l86kh2s2dvc', 0, 'Obrigado por seu registro!', 'Hello!  <br />\r\n<br />\r\nAntes de tudo, nos queremos agradecer por ter escolhido nosso site. <br />\r\n<br />\r\nAbaixo os dados de sua conta:  <br />\r\n<br />\r\nNome de usuário: %userLogin <br />\r\nSenha: %userpassword  <br />\r\n<br />\r\nPor favor informe nos se você precisar de ajuda.', 4),
('rknyk4a82s7', 1, 'Senha para o site', 'Oi! Esta mensagem foi enviada para você pois alguém esqueceu a opção de sua senha no site %siteUrl As credenciais para acessar este site são as seguintes: Nome de usuário: %userLogin Senha: %userpassword', 4),
('rknyk4a82s7', 0, 'Obrigado por seu registro!', 'Hello!  <br />\r\n<br />\r\nAntes de tudo, nos queremos agradecer por ter escolhido nosso site. <br />\r\n<br />\r\nAbaixo os dados de sua conta:  <br />\r\n<br />\r\nNome de usuário: %userLogin <br />\r\nSenha: %userpassword  <br />\r\n<br />\r\nPor favor informe nos se você precisar de ajuda.', 4),
('oj9t533lklw', 1, 'Password for the site', 'Hello!<br />\r\n<br />\r\nThis letter was sent to you because someone used the Forgot your password option on site<br />\r\n%siteUrl<br />\r\nThe credentials for accessing this site are the following:<br />\r\nUser name: %userLogin<br />\r\nPassword: %userPassword', 4),
('oj9t533lklw', 0, 'Thank you for registration!', 'Hello!<br />\r\n<br />\r\nFirst and foremost, we would like to thank you for choosing our web site.<br />\r\n<br />\r\nBelow is your account information:<br />\r\n<br />\r\nUser name: %userLogin<br />\r\nPassword: %userPassword<br />\r\n<br />\r\nPlease inform us if you need our assistance.', 4),
('f5x6qjwzbvz', 1, 'Senha para o site', '%userLogin%userLastname%userPassword%userFirstnameOi! Esta mensagem foi enviada para voc&ecirc; pois algu&eacute;m esqueceu a op&ccedil;&atilde;o de sua senha no site %siteUrl As credenciais para acessar este site s&atilde;o as seguintes: Nome de usu&aacute;rio: %userLogin Senha: %userpassword', 4),
('eyikfr3wcap', 0, 'Obrigado por seu registro!', 'Ol&aacute;! <br />\r\n<br />\r\nAbaixo os dados de sua conta: <br />\r\n<br />\r\nNome de usu&aacute;rio: %userLogin <br />\r\nSenha: %userpassword <br />\r\n<br />\r\nPor favor informe nos se voc&ecirc; precisar de ajuda.', 4),
('eyikfr3wcap', 1, 'Senha para o site', 'Oi! Esta mensagem foi enviada para voc&ecirc; pois algu&eacute;m esqueceu a op&ccedil;&atilde;o de sua senha no site %siteUrl As credenciais para acessar este site s&atilde;o as seguintes: Nome de usu&aacute;rio: %userLogin Senha: %userpassword', 4),
('9whvcwkpa2u', 0, 'Obrigado por seu registro!', 'Hello! <br />\r\n<br />\r\nAntes de tudo, nos queremos agradecer por ter escolhido nosso site. <br />\r\n<br />\r\nAbaixo os dados de sua conta: <br />\r\n<br />\r\nNome de usu&aacute;rio: %userLogin <br />\r\nSenha: %userpassword <br />\r\n<br />\r\nPor favor informe nos se voc&ecirc; precisar de ajuda.', 4),
('znfghpsahps', 0, 'Obrigado por seu registro!', 'Hello!  <br />\n<br />\nAntes de tudo, nos queremos agradecer por ter escolhido nosso site. <br />\n<br />\nAbaixo os dados de sua conta:  <br />\n<br />\nNome de usuário: %userLogin <br />\nSenha: %userpassword  <br />\n<br />\nPor favor informe nos se você precisar de ajuda.', 4),
('6nndwf4z3g8', 1, 'Senha para o site', 'Oi! Esta mensagem foi enviada para você pois alguém esqueceu a opção de sua senha no site %siteUrl As credenciais para acessar este site são as seguintes: Nome de usuário: %userLogin Senha: %userpassword', 4),
('2i05sln665n', 0, 'Obrigado por seu registro!', 'Hello!  <br />\n<br />\nAntes de tudo, nos queremos agradecer por ter escolhido nosso site. <br />\n<br />\nAbaixo os dados de sua conta:  <br />\n<br />\nNome de usuário: %userLogin <br />\nSenha: %userpassword  <br />\n<br />\nPor favor informe nos se você precisar de ajuda.', 4),
('6nndwf4z3g8', 0, 'Obrigado por seu registro!', 'Hello!  <br />\n<br />\nAntes de tudo, nos queremos agradecer por ter escolhido nosso site. <br />\n<br />\nAbaixo os dados de sua conta:  <br />\n<br />\nNome de usuário: %userLogin <br />\nSenha: %userpassword  <br />\n<br />\nPor favor informe nos se você precisar de ajuda.', 4),
('z9bywp4sx4s', 0, 'Obrigado por seu registro!', 'Hello! <br />\r\n<br />\r\nAntes de tudo, nos queremos agradecer por ter escolhido nosso site. <br />\r\n<br />\r\nAbaixo os dados de sua conta: <br />\r\n<br />\r\nNome de usu&aacute;rio: %userLogin <br />\r\nSenha: %userpassword <br />\r\n<br />\r\nPor favor informe nos se voc&ecirc; precisar de ajuda.', 4),
('bo7vjii0ad5', 1, 'Password for the site', 'Hello!<br />\n<br />\nThis letter was sent to you because someone used the Forgot your password option on site<br />\n%siteUrl<br />\nThe credentials for accessing this site are the following:<br />\nUser name: %userLogin<br />\nPassword: %userPassword', 4),
('bo7vjii0ad5', 0, 'Thank you for registration!', 'Hello!<br />\n<br />\nFirst and foremost, we would like to thank you for choosing our web site.<br />\n<br />\nBelow is your account information:<br />\n<br />\nUser name: %userLogin<br />\nPassword: %userPassword<br />\n<br />\nPlease inform us if you need our assistance.', 4),
('pxou2rdhy8b', 0, 'Obrigado por seu registro!', 'Hello!  <br />\n<br />\nAntes de tudo, nos queremos agradecer por ter escolhido nosso site. <br />\n<br />\nAbaixo os dados de sua conta:  <br />\n<br />\nNome de usuário: %userLogin <br />\nSenha: %userpassword  <br />\n<br />\nPor favor informe nos se você precisar de ajuda.', 4),
('pxou2rdhy8b', 1, 'Senha para o site', 'Oi! Esta mensagem foi enviada para você pois alguém esqueceu a opção de sua senha no site %siteUrl As credenciais para acessar este site são as seguintes: Nome de usuário: %userLogin Senha: %userpassword', 4),
('z9bywp4sx4s', 1, 'Senha para o site', 'Oi! Esta mensagem foi enviada para voc&ecirc; pois algu&eacute;m esqueceu a op&ccedil;&atilde;o de sua senha no site %siteUrl As credenciais para acessar este site s&atilde;o as seguintes: Nome de usu&aacute;rio: %userLogin Senha: %userpassword', 4),
('t0o5qywbwqm', 1, 'Senha para o site', 'Oi %userFirstname! Esta mensagem foi enviada para voc&ecirc; pois algu&eacute;m esqueceu a op&ccedil;&atilde;o de sua senha no site %siteUrl As credenciais para acessar este site s&atilde;o as seguintes: <br />\r\n<br />\r\nNome de usu&aacute;rio: %userLogin <br />\r\nSenha: %userpassword<br />\r\n<br />\r\nAgrade&ccedil;emos por utilizar nossos servi&ccedil;os.<br />\r\n<br />\r\nQualquer d&uacute;vida estamos a disposi&ccedil;&atilde;o para esclarecimentos<br type="_moz" />', 4),
('bvuniaieqb2', 1, 'Senha para o site', 'Oi! Esta mensagem foi enviada para você pois alguém esqueceu a opção de sua senha no site %siteUrl As credenciais para acessar este site são as seguintes: Nome de usuário: %userLogin Senha: %userpassword', 4),
('bvuniaieqb2', 0, 'Obrigado por seu registro!', 'Hello!  <br />\r\n<br />\r\nAntes de tudo, nos queremos agradecer por ter escolhido nosso site. <br />\r\n<br />\r\nAbaixo os dados de sua conta:  <br />\r\n<br />\r\nNome de usuário: %userLogin <br />\r\nSenha: %userpassword  <br />\r\n<br />\r\nPor favor informe nos se você precisar de ajuda.', 4),
('rbn8g0nxnik', 0, 'Obrigado por seu registro!', 'Hello!  <br />\n<br />\nAntes de tudo, nos queremos agradecer por ter escolhido nosso site. <br />\n<br />\nAbaixo os dados de sua conta:  <br />\n<br />\nNome de usuário: %userLogin <br />\nSenha: %userpassword  <br />\n<br />\nPor favor informe nos se você precisar de ajuda.', 4),
('rbn8g0nxnik', 1, 'Senha para o site', 'Oi! Esta mensagem foi enviada para você pois alguém esqueceu a opção de sua senha no site %siteUrl As credenciais para acessar este site são as seguintes: Nome de usuário: %userLogin Senha: %userpassword', 4),
('e484u9onwqu', 1, 'Senha para o site', 'Oi! Esta mensagem foi enviada para voc&ecirc; pois algu&eacute;m esqueceu a op&ccedil;&atilde;o de sua senha no site %siteUrl As credenciais para acessar este site s&atilde;o as seguintes: Nome de usu&aacute;rio: %userLogin Senha: %userpassword', 4),
('g0vr9yd4a8k', 1, 'Senha para o site', 'Oi! Esta mensagem foi enviada para você pois alguém esqueceu a opção de sua senha no site %siteUrl As credenciais para acessar este site são as seguintes: Nome de usuário: %userLogin Senha: %userpassword', 4),
('g0vr9yd4a8k', 0, 'Obrigado por seu registro!', 'Hello!  <br />\n<br />\nAntes de tudo, nos queremos agradecer por ter escolhido nosso site. <br />\n<br />\nAbaixo os dados de sua conta:  <br />\n<br />\nNome de usuário: %userLogin <br />\nSenha: %userpassword  <br />\n<br />\nPor favor informe nos se você precisar de ajuda.', 4),
('znfghpsahps', 1, 'Senha para o site', 'Oi! Esta mensagem foi enviada para você pois alguém esqueceu a opção de sua senha no site %siteUrl As credenciais para acessar este site são as seguintes: Nome de usuário: %userLogin Senha: %userpassword', 4),
('uls1dupyj0m', 1, 'Senha para o site', 'Oi! Esta mensagem foi enviada para voc&ecirc; pois algu&eacute;m esqueceu a op&ccedil;&atilde;o de sua senha no site %siteUrl As credenciais para acessar este site s&atilde;o as seguintes: Nome de usu&aacute;rio: %userLogin Senha: %userpassword', 4),
('es5ertdebf1', 1, 'Senha para o site', 'Oi! Esta mensagem foi enviada para você pois alguém esqueceu a opção de sua senha no site %siteUrl As credenciais para acessar este site são as seguintes: Nome de usuário: %userLogin Senha: %userpassword', 4),
('uls1dupyj0m', 0, 'Obrigado por seu registro!', 'Hello! <br />\r\n<br />\r\nAntes de tudo, nos queremos agradecer por ter escolhido nosso site. <br />\r\n<br />\r\nAbaixo os dados de sua conta: <br />\r\n<br />\r\nNome de usu&aacute;rio: %userLogin <br />\r\nSenha: %userpassword <br />\r\n<br />\r\nPor favor informe nos se voc&ecirc; precisar de ajuda.', 4),
('pugefcy0cph', 1, 'Senha para o site', 'Oi! Esta mensagem foi enviada para voc&ecirc; pois algu&eacute;m esqueceu a op&ccedil;&atilde;o de sua senha no site %siteUrl As credenciais para acessar este site s&atilde;o as seguintes: Nome de usu&aacute;rio: %userLogin Senha: %userpassword', 4),
('gwinwkc21su', 1, 'Senha para o site', 'Oi! Esta mensagem foi enviada para você pois alguém esqueceu a opção de sua senha no site %siteUrl As credenciais para acessar este site são as seguintes: Nome de usuário: %userLogin Senha: %userpassword', 4),
('gwinwkc21su', 0, 'Obrigado por seu registro!', 'Hello!  <br />\n<br />\nAntes de tudo, nos queremos agradecer por ter escolhido nosso site. <br />\n<br />\nAbaixo os dados de sua conta:  <br />\n<br />\nNome de usuário: %userLogin <br />\nSenha: %userpassword  <br />\n<br />\nPor favor informe nos se você precisar de ajuda.', 4);

-- --------------------------------------------------------

--
-- Estrutura da tabela `modules_OnlineStatusIndicator_settings`
--

CREATE TABLE IF NOT EXISTS `modules_OnlineStatusIndicator_settings` (
  `id` int(11) unsigned NOT NULL auto_increment,
  `module_instance_id` varchar(20) NOT NULL,
  `type` varchar(5) NOT NULL,
  `icq_uin` varchar(20) NOT NULL,
  `icq_icon` int(2) unsigned NOT NULL,
  `skype_name` varchar(255) NOT NULL,
  `skype_icon` varchar(30) NOT NULL,
  `skype_call_by_click` int(1) unsigned NOT NULL,
  `storage_state` int(1) unsigned NOT NULL,
  PRIMARY KEY  (`id`,`storage_state`),
  UNIQUE KEY `module_instance` (`module_instance_id`,`storage_state`)
) ENGINE=MyISAM  DEFAULT CHARSET=utf8 AUTO_INCREMENT=312 ;

--
-- Extraindo dados da tabela `modules_OnlineStatusIndicator_settings`
--

INSERT INTO `modules_OnlineStatusIndicator_settings` (`id`, `module_instance_id`, `type`, `icq_uin`, `icq_icon`, `skype_name`, `skype_icon`, `skype_call_by_click`, `storage_state`) VALUES
(285, 'mvw67u3ujiv', 'skype', '', 1, 'vagnerfd', 'balloon', 1, 4),
(286, '74ntunaddbi', '', '', 0, '', '', 0, 4),
(287, '6i054n33s6j', '', '', 0, '', '', 0, 4);

-- --------------------------------------------------------

--
-- Estrutura da tabela `modules_RssReader_settings`
--

CREATE TABLE IF NOT EXISTS `modules_RssReader_settings` (
  `moduleID` varchar(20) NOT NULL,
  `selected_channel` varchar(16) NOT NULL,
  `rss` varchar(255) NOT NULL,
  `storage_state` int(1) unsigned NOT NULL,
  PRIMARY KEY  (`moduleID`,`storage_state`)
) ENGINE=MyISAM DEFAULT CHARSET=utf8;

--
-- Extraindo dados da tabela `modules_RssReader_settings`
--

INSERT INTO `modules_RssReader_settings` (`moduleID`, `selected_channel`, `rss`, `storage_state`) VALUES
('6gx087h29bq', '_custom_channel', 'http://twitter.com/statuses/user_timeline/42865278.rss', 4),
('5ec6q12ro8d', '_custom_channel', 'http://feeds.folha.uol.com.br/folha/dinheiro/rss091.xml', 4),
('7391h61ujez', '_custom_channel', 'http://www.kombo.com.br/feed.php?codigo=MTA3OC0w', 4),
('hz3lnaprhci', '_custom_channel', 'http://olhardigital.uol.com.br/rss/ultimas_noticias.php', 4),
('g9s941xccww', '_custom_channel', 'http://', 4),
('l6kgm6blcbx', '_custom_channel', 'http://', 4),
('kmzfdgskpxp', '_custom_channel', 'http://', 4);

-- --------------------------------------------------------

--
-- Estrutura da tabela `modules_Script_main`
--

CREATE TABLE IF NOT EXISTS `modules_Script_main` (
  `moduleID` varchar(20) NOT NULL,
  `code` blob NOT NULL,
  `storage_state` int(1) unsigned NOT NULL,
  PRIMARY KEY  (`moduleID`,`storage_state`)
) ENGINE=MyISAM DEFAULT CHARSET=utf8;

--
-- Extraindo dados da tabela `modules_Script_main`
--

INSERT INTO `modules_Script_main` (`moduleID`, `code`, `storage_state`) VALUES
('ng69ujdrdhr', 0x3c696672616d652077696474683d2234323022206865696768743d2233313522207372633d22687474703a2f2f7777772e796f75747562652e636f6d2f656d6265642f3057586e70504e52435a5522206672616d65626f726465723d22302220616c6c6f7766756c6c73637265656e3e3c2f696672616d653e, 4),
('0cbdl9io05i', 0x3c703e3c62722f3e3c62722f3e3c656d62656420706c7567696e73706167653d22687474703a2f2f7777772e6d6963726f736f66742e636f6d2f57696e646f77732f4d65646961506c617965722f2220616c6c6f777363726970746163636573733d226e657665722220616c69676e3d226d6964646c65222073686f777374617475736261723d22747275652220747970653d226170706c69636174696f6e2f782d6d706c617965723222206865696768743d22363522207372633d22687474703a2f2f7777772e726164696f6d6978676f7370656c2e636f6d2f616f7669766f2e617378222077696474683d22323030223e3c2f656d6265643e3c703e3c2f703e3c2f703e0d0a, 4),
('ksa0b0xfsp8', 0x3c6d61727175656520646972656374696f6e3d226c65667422207363726f6c6c616d6f756e743d2237222077696474683d2235363022206865696768743d2231303622206265686176696f723d227363726f6c6c22206f6e6d6f7573656f7665723d22746869732e73746f70282922206f6e6d6f7573656f75743d22746869732e73746172742829223e200d0a3c6120687265663d2220687474703a2f2f706f7274616c646173616775617373702e636f6d2e62722f61677561732d64652d6c696e646f69612e706870223e200d0a3c696d67200d0a7372633d2220687474703a2f2f706f7274616c646173616775617373702e636f6d2e62722f6174746163686d656e74732f496d6167652f61677561735f64655f6c696e646f69612e4a50472022200d0a7469746c653d22206167756173206465206c696e646f696122200d0a6865696768743d22313036222077696474683d22323931222f3e200d0a3c2f613e200d0a3c6120687265663d2220687474703a2f2f7777772e706f7274616c646173616775617373702e636f6d2e62722f6275656e6f2d6272616e64616f2e706870223e200d0a3c696d67200d0a7372633d22687474703a2f2f7777772e706f7274616c646173616775617373702e636f6d2e62722f6174746163686d656e74732f496d6167652f6275656e6f5f6272616e64616f2e6a70672022200d0a7469746c653d226275656e6f206272616e64616f22200d0a6865696768743d22313036222077696474683d22323931222f3e200d0a3c2f613e200d0a3c6120687265663d22687474703a2f2f7777772e706f7274616c646173616775617373702e636f6d2e62722f6c696e646f69612e706870223e200d0a3c696d67200d0a7372633d2220687474703a2f2f7777772e706f7274616c646173616775617373702e636f6d2e62722f6174746163686d656e74732f496d6167652f6c696e646f69612e6a70672022200d0a7469746c653d226c696e646f696122200d0a6865696768743d22313036222077696474683d22323931222f3e200d0a3c2f613e0d0a2020203c2f6d61720d0a3c6120687265663d22687474703a2f2f7777772e706f7274616c646173616775617373702e636f6d2e62722f6d6f6e74652d7369616f2e706870223e200d0a3c696d67200d0a7372633d22687474703a2f2f7777772e706f7274616c646173616775617373702e636f6d2e62722f6174746163686d656e74732f496d6167652f6d6f6e74655f7369616f2e6a7067202022200d0a7469746c653d226d6f6e7465207369616f22200d0a6865696768743d22313036222077696474683d22323931222f3e200d0a3c2f613e0d0a3c6120687265663d22687474703a2f2f7777772e706f7274616c646173616775617373702e636f6d2e62722f6d6f6e74652d616c656772652d646f2d73756c2e706870223e200d0a3c696d67200d0a7372633d2220687474703a2f2f7777772e706f7274616c646173616775617373702e636f6d2e62722f6174746163686d656e74732f496d6167652f6d6f6e74655f616c656772655f646f5f73756c2e6a70672022200d0a7469746c653d226d6f6e746520616c6567726520646f2073756c22200d0a6865696768743d22313036222077696474683d22323931222f3e200d0a3c2f613e0d0a3c6120687265663d2220687474703a2f2f7777772e706f7274616c646173616775617373702e636f6d2e62722f6f75726f2d66696e6f2e706870223e200d0a3c696d67200d0a7372633d22687474703a2f2f7777772e706f7274616c646173616775617373702e636f6d2e62722f6174746163686d656e74732f496d6167652f6f75726f5f66696e6f2e6a7067202022200d0a7469746c653d226f75726f2066696e6f22200d0a6865696768743d22313036222077696474683d22323931222f3e200d0a3c2f613e0d0a3c6120687265663d2220687474703a2f2f7777772e706f7274616c646173616775617373702e636f6d2e62722f73657272612d6e656772612e706870223e200d0a3c696d67200d0a7372633d22687474703a2f2f7777772e706f7274616c646173616775617373702e636f6d2e62722f6174746163686d656e74732f496d6167652f73657272615f6e656772612e4a5047202022200d0a7469746c653d227365727261206e6567726122200d0a6865696768743d22313036222077696474683d22323931222f3e200d0a3c2f613e0d0a3c6120687265663d2220687474703a2f2f7777772e706f7274616c646173616775617373702e636f6d2e62722f6369646164652d64652d736f636f72726f2e706870223e200d0a3c696d67200d0a7372633d2220687474703a2f2f7777772e706f7274616c646173616775617373702e636f6d2e62722f6174746163686d656e74732f496d6167652f736f636f72726f2e6a70672022200d0a7469746c653d22736f636f72726f22200d0a6865696768743d22313036222077696474683d22323931222f3e200d0a3c2f613e0d0a0d0a0d0a3c2f6d6172717565653e0d0a200d0a, 4),
('fspm75xp3rr', 0x3c696672616d65207372633d22687474703a2f2f66696c65732e62616e6e6572736e61636b2e636f6d2f696672616d652f656d6265642e68746d6c3f686173683d627a3139656a636826776d6f64653d7472616e73706172656e7426743d31333631313437363937222077696474683d2237323822206865696768743d22393022207365616d6c6573733d227365616d6c65737322207363726f6c6c696e673d226e6f22206672616d65626f726465723d22302220616c6c6f777472616e73706172656e63793d2274727565223e3c2f696672616d653e, 4),
('q996ud24r06', 0x3c696672616d65207372633d27687474703a2f2f73656c6f732e636c696d6174656d706f2e636f6d2e62722f73656c6f732f4d6f7374726153656c6f2e7068703f434f444349444144453d323339362c3534322c3830372c313631362c3235383726534b494e3d70616472616f27207363726f6c6c696e673d276e6f27206672616d65626f726465723d2730272077696474683d313530206865696768743d2731373027206d617267696e6865696768743d273027206d617267696e77696474683d2730273e3c2f696672616d653e, 4),
('yg36qfsnq1k', 0x3c73637269707420747970653d22746578742f6a617661736372697074223e0d0a0d0a2020766172205f676171203d205f676171207c7c205b5d3b0d0a20205f6761712e70757368285b275f7365744163636f756e74272c202755412d32363533303338352d31275d293b0d0a20205f6761712e70757368285b275f747261636b5061676576696577275d293b0d0a0d0a20202866756e6374696f6e2829207b0d0a20202020766172206761203d20646f63756d656e742e637265617465456c656d656e74282773637269707427293b2067612e74797065203d2027746578742f6a617661736372697074273b2067612e6173796e63203d20747275653b0d0a2020202067612e737263203d20282768747470733a27203d3d20646f63756d656e742e6c6f636174696f6e2e70726f746f636f6c203f202768747470733a2f2f73736c27203a2027687474703a2f2f7777772729202b20272e676f6f676c652d616e616c79746963732e636f6d2f67612e6a73273b0d0a202020207661722073203d20646f63756d656e742e676574456c656d656e747342795461674e616d65282773637269707427295b305d3b20732e706172656e744e6f64652e696e736572744265666f72652867612c2073293b0d0a20207d2928293b0d0a0d0a3c2f7363726970743e, 4),
('lgqio7stb0p', 0x3c73637269707420747970653d22746578742f6a617661736372697074223e0d0a0d0a2020766172205f676171203d205f676171207c7c205b5d3b0d0a20205f6761712e70757368285b275f7365744163636f756e74272c202755412d32363533303338352d31275d293b0d0a20205f6761712e70757368285b275f747261636b5061676576696577275d293b0d0a0d0a20202866756e6374696f6e2829207b0d0a20202020766172206761203d20646f63756d656e742e637265617465456c656d656e74282773637269707427293b2067612e74797065203d2027746578742f6a617661736372697074273b2067612e6173796e63203d20747275653b0d0a2020202067612e737263203d20282768747470733a27203d3d20646f63756d656e742e6c6f636174696f6e2e70726f746f636f6c203f202768747470733a2f2f73736c27203a2027687474703a2f2f7777772729202b20272e676f6f676c652d616e616c79746963732e636f6d2f67612e6a73273b0d0a202020207661722073203d20646f63756d656e742e676574456c656d656e747342795461674e616d65282773637269707427295b305d3b20732e706172656e744e6f64652e696e736572744265666f72652867612c2073293b0d0a20207d2928293b0d0a0d0a3c2f7363726970743e, 4),
('h1ifcisv0zp', 0x3c696672616d65206672616d65626f726465723d2230222077696474683d2233303022206865696768743d2232353022206d617267696e77696474683d223022206d617267696e6865696768743d223022207372633d22687474703a2f2f7777772e676f6f676c652e636f6d2f7564732f6d6f64756c65732f656c656d656e74732f6e65777373686f772f696672616d652e68746d6c3f746f7069633d682672737a3d736d616c6c26666f726d61743d33303078323530223e3c2f696672616d653e, 4),
('y48yhszh8qy', 0x3c212d2d20417061677565206573746520746578746f206520656e7472652073637269707420617175692e202f2f2d2d3e, 4),
('8jw6m8u5m4l', 0x3c212d2d20417061677565206573746520746578746f206520656e7472652073637269707420617175692e202f2f2d2d3e, 4),
('yomo5q4rdet', 0x[encoded data, 16918 characters], 4),
('nj02hbzcgwq', 0x3c212d2d20417061677565206573746520746578746f206520656e7472652073637269707420617175692e202f2f2d2d3e, 4),
('ago34iks7hs', 0x3c696672616d65207372633d27687474703a2f2f73656c6f732e636c696d6174656d706f2e636f6d2e62722f73656c6f732f4d6f7374726153656c6f3132302e7068703f434f444349444144453d3230322c3230332c343039322c3130312c3237383426534b494e3d617a756c27207363726f6c6c696e673d276e6f27206672616d65626f726465723d2730272077696474683d313530206865696768743d2731373027206d617267696e6865696768743d273027206d617267696e77696474683d2730273e3c2f696672616d653e, 4),
('5umlpgpvrny', 0x3c6469763e3c6f626a65637420636c61737369643d22636c7369643a44323743444236452d414536442d313163662d393642382d34343435353335343030303022207374796c653d2277696474683a34323070783b6865696768743a3330307078222069643d2231306664613635362d613264622d353961372d313135642d61316238646534333334623422203e3c706172616d206e616d653d226d6f766965222076616c75653d22687474703a2f2f7374617469632e69737375752e636f6d2f776562656d6265642f766965776572732f7374796c65312f76322f49737375755265616465722e7377663f6d6f64653d6d696e6926616d703b646f63756d656e7449643d3132303332333134343834322d616661323432333461643564343338653933653537316362343362306463633122202f3e3c706172616d206e616d653d22616c6c6f7766756c6c73637265656e222076616c75653d2274727565222f3e3c706172616d206e616d653d22616c6c6f77736372697074616363657373222076616c75653d22616c77617973222f3e3c706172616d206e616d653d226d656e75222076616c75653d2266616c7365222f3e3c706172616d206e616d653d22776d6f6465222076616c75653d227472616e73706172656e74222f3e3c656d626564207372633d22687474703a2f2f7374617469632e69737375752e636f6d2f776562656d6265642f766965776572732f7374796c65312f76322f49737375755265616465722e7377662220747970653d226170706c69636174696f6e2f782d73686f636b776176652d666c6173682220616c6c6f7766756c6c73637265656e3d22747275652220616c6c6f777363726970746163636573733d22616c7761797322206d656e753d2266616c73652220776d6f64653d227472616e73706172656e7422207374796c653d2277696474683a34323070783b6865696768743a33303070782220666c617368766172733d226d6f64653d6d696e6926616d703b646f63756d656e7449643d3132303332333134343834322d616661323432333461643564343338653933653537316362343362306463633122202f3e3c2f6f626a6563743e, 4),
('ebpm3qssfxc', 0x3c703e3c62722f3e3c62722f3e3c656d62656420706c7567696e73706167653d22687474703a2f2f7777772e6d6963726f736f66742e636f6d2f57696e646f77732f4d65646961506c617965722f2220616c6c6f777363726970746163636573733d226e657665722220616c69676e3d226d6964646c65222073686f777374617475736261723d22747275652220747970653d226170706c69636174696f6e2f782d6d706c617965723222206865696768743d22363522207372633d22687474703a2f2f7777772e726164696f6d6978676f7370656c2e636f6d2f616f7669766f2e617378222077696474683d22323030223e3c2f656d6265643e3c703e3c2f703e3c2f703e0d0a, 4),
('s5ped7xac6p', 0x3c696d67207372633d2268747470733a2f2f70616773656775726f2e756f6c2e636f6d2e62722f53656375726974792f496d6167656e732f313630783630305f3130585f70616773656775726f2e67696622202f3e0d0a, 4),
('kdmj6sc9asu', 0x3c212d2d20494e4943494f20434f4449474f2050414753454755524f202d2d3e0d0a3c43454e5445523e0d0a3c4120687265663d2268747470733a2f2f70616773656775726f2e756f6c2e636f6d2e627222207461726765743d225f626c616e6b223e3c494d47207372633d2268747470733a2f2f70616773656775726f2e756f6c2e636f6d2e62722f496d6167656e732f42616e6e6572732f62746e507265666572656e636961436172746f657342525f3636357835352e67696622207469746c653d224573746520736974652061636569746120706167616d656e746f7320636f6d20566973612c204d6173746572436172642c2044696e6572732c20416d65726963616e20457870726573732c204869706572636172642c20417572612c20427261646573636f2c20497461fa2c20556e6962616e636f2c2042616e636f20646f2042726173696c2c2042616e636f205265616c2c2073616c646f20656d20636f6e74612050616753656775726f206520626f6c65746f2e2220626f726465723d2230223e3c2f413e, 4),
('piuhuc1pmei', 0x3c212d2d20506f77657265642062793a204372616674792053796e746178204c6976652048656c702020202020202020687474703a2f2f7777772e63726166747973796e7461782e636f6d2f202d2d3e0d0a3c6469762069643d2263726166747973796e746178223e0d0a3c73637269707420747970653d22746578742f6a61766173637269707422207372633d222f68656c706465736b2f6c69766568656c705f6a732e7068703f656f3d312672656c61746976653d5926616d703b6465706172746d656e743d3226616d703b73657276657273657373696f6e3d3126616d703b70696e6774696d65733d3135223e3c2f7363726970743e0d0a3c62723e3c666f6e74207374796c653d22666f6e742d66616d696c793a2076657264616e612c2068656c7665746963612c2073616e732d73657269663b20666f6e742d73697a653a203870783b20636f6c6f723a20233030303030303b223e506f77657265642042793a3c2f666f6e743e0d0a3c6120687265663d22687474703a2f2f7777772e63726166747973796e7461782e636f6d2220616c743d224372616674792053796e746178204c6976652048656c7022207461726765743d225f626c616e6b22207374796c653d22666f6e742d66616d696c793a2076657264616e612c2068656c7665746963612c2073616e732d73657269663b20666f6e742d73697a653a20313070783b20636f6c6f723a20233131343938653b20746578742d6465636f726174696f6e3a206e6f6e653b20666f6e742d7765696768743a20626f6c643b223e4372616674792053796e7461783c2f613e0d0a3c2f6469763e0d0a3c212d2d20636f707972696768742032303033202d2032303039206279204572696320476572646573202d2d3e200d0a, 4),
('owwc5k13ngh', 0x3c212d2d20506f77657265642062793a204372616674792053796e746178204c6976652048656c702020202020202020687474703a2f2f7777772e63726166747973796e7461782e636f6d2f202d2d3e0d0a3c6469762069643d2263726166747973796e746178223e0d0a3c73637269707420747970653d22746578742f6a61766173637269707422207372633d222f68656c706465736b2f6c69766568656c705f6a732e7068703f656f3d312672656c61746976653d5926616d703b6465706172746d656e743d3126616d703b73657276657273657373696f6e3d3126616d703b70696e6774696d65733d3135223e3c2f7363726970743e0d0a3c62723e3c666f6e74207374796c653d22666f6e742d66616d696c793a2076657264616e612c2068656c7665746963612c2073616e732d73657269663b20666f6e742d73697a653a203870783b20636f6c6f723a20233030303030303b223e506f77657265642042793a3c2f666f6e743e0d0a3c6120687265663d22687474703a2f2f7777772e63726166747973796e7461782e636f6d2220616c743d224372616674792053796e746178204c6976652048656c7022207461726765743d225f626c616e6b22207374796c653d22666f6e742d66616d696c793a2076657264616e612c2068656c7665746963612c2073616e732d73657269663b20666f6e742d73697a653a20313070783b20636f6c6f723a20233131343938653b20746578742d6465636f726174696f6e3a206e6f6e653b20666f6e742d7765696768743a20626f6c643b223e4372616674792053796e7461783c2f613e0d0a3c2f6469763e0d0a3c212d2d20636f707972696768742032303033202d2032303039206279204572696320476572646573202d2d3e200d0a, 4),
('76c1jeu4fyp', 0x3c696d67207372633d2268747470733a2f2f70616773656775726f2e756f6c2e636f6d2e62722f53656375726974792f496d6167656e732f3436387836305f3130585f70616773656775726f2e67696622202f3e, 4),
('dlm2rrfx0xc', 0x[encoded data, 5546 characters], 4),
('7fv55in1xxc', 0x3c703e3c62722f3e3c62722f3e3c656d62656420706c7567696e73706167653d22687474703a2f2f7777772e6d6963726f736f66742e636f6d2f57696e646f77732f4d65646961506c617965722f2220616c6c6f777363726970746163636573733d226e657665722220616c69676e3d226d6964646c65222073686f777374617475736261723d22747275652220747970653d226170706c69636174696f6e2f782d6d706c617965723222206865696768743d22363522207372633d22687474703a2f2f7777772e726164696f6d6978676f7370656c2e636f6d2f616f7669766f2e617378222077696474683d22323030223e3c2f656d6265643e3c703e3c2f703e3c2f703e0d0a, 4),
('hu4sw2q6nu9', 0x3c6f626a6563742077696474683d2234343522206865696768743d22333634223e3c706172616d206e616d653d226d6f766965222076616c75653d22687474703a2f2f7777772e796f75747562652e636f6d2f762f495f766f7452647171656b26686c3d70742d62722666733d312672656c3d3026636f6c6f72313d307833613361336126636f6c6f72323d307839393939393926626f726465723d31223e3c2f706172616d3e3c706172616d206e616d653d22616c6c6f7746756c6c53637265656e222076616c75653d2274727565223e3c2f706172616d3e3c706172616d206e616d653d22616c6c6f77736372697074616363657373222076616c75653d22616c77617973223e3c2f706172616d3e3c656d626564207372633d22687474703a2f2f7777772e796f75747562652e636f6d2f762f495f766f7452647171656b26686c3d70742d62722666733d312672656c3d3026636f6c6f72313d307833613361336126636f6c6f72323d307839393939393926626f726465723d312220747970653d226170706c69636174696f6e2f782d73686f636b776176652d666c6173682220616c6c6f777363726970746163636573733d22616c776179732220616c6c6f7766756c6c73637265656e3d2274727565222077696474683d2234343522206865696768743d22333634223e3c2f656d6265643e3c2f6f626a6563743e, 4),
('eqxql7t7wgh', 0x3c6f626a6563742077696474683d2234343522206865696768743d22333634223e3c706172616d206e616d653d226d6f766965222076616c75653d22687474703a2f2f7777772e796f75747562652e636f6d2f762f79574135384b3656335f7726686c3d70742d62722666733d312672656c3d3026636f6c6f72313d307833613361336126636f6c6f72323d307839393939393926626f726465723d31223e3c2f706172616d3e3c706172616d206e616d653d22616c6c6f7746756c6c53637265656e222076616c75653d2274727565223e3c2f706172616d3e3c706172616d206e616d653d22616c6c6f77736372697074616363657373222076616c75653d22616c77617973223e3c2f706172616d3e3c656d626564207372633d22687474703a2f2f7777772e796f75747562652e636f6d2f762f79574135384b3656335f7726686c3d70742d62722666733d312672656c3d3026636f6c6f72313d307833613361336126636f6c6f72323d307839393939393926626f726465723d312220747970653d226170706c69636174696f6e2f782d73686f636b776176652d666c6173682220616c6c6f777363726970746163636573733d22616c776179732220616c6c6f7766756c6c73637265656e3d2274727565222077696474683d2234343522206865696768743d22333634223e3c2f656d6265643e3c2f6f626a6563743e, 4),
('x2q728h88dm', 0x3c6f626a6563742077696474683d2234343522206865696768743d22333634223e3c706172616d206e616d653d226d6f766965222076616c75653d22687474703a2f2f7777772e796f75747562652e636f6d2f762f4c75684d334334546f644126686c3d70742d62722666733d312672656c3d3026636f6c6f72313d307833613361336126636f6c6f72323d307839393939393926626f726465723d31223e3c2f706172616d3e3c706172616d206e616d653d22616c6c6f7746756c6c53637265656e222076616c75653d2274727565223e3c2f706172616d3e3c706172616d206e616d653d22616c6c6f77736372697074616363657373222076616c75653d22616c77617973223e3c2f706172616d3e3c656d626564207372633d22687474703a2f2f7777772e796f75747562652e636f6d2f762f4c75684d334334546f644126686c3d70742d62722666733d312672656c3d3026636f6c6f72313d307833613361336126636f6c6f72323d307839393939393926626f726465723d312220747970653d226170706c69636174696f6e2f782d73686f636b776176652d666c6173682220616c6c6f777363726970746163636573733d22616c776179732220616c6c6f7766756c6c73637265656e3d2274727565222077696474683d2234343522206865696768743d22333634223e3c2f656d6265643e3c2f6f626a6563743e, 4),
('yyxa1d44alo', 0x3c63656e7465723e3c6469762069643d2266622d726f6f74223e3c2f6469763e0d0a3c7363726970743e2866756e6374696f6e28642c20732c20696429207b0d0a2020766172206a732c20666a73203d20642e676574456c656d656e747342795461674e616d652873295b305d3b0d0a202069662028642e676574456c656d656e744279496428696429292072657475726e3b0d0a20206a73203d20642e637265617465456c656d656e742873293b206a732e6964203d2069643b0d0a20206a732e737263203d20222f2f636f6e6e6563742e66616365626f6f6b2e6e65742f70745f42522f616c6c2e6a73237866626d6c3d31223b0d0a2020666a732e706172656e744e6f64652e696e736572744265666f7265286a732c20666a73293b0d0a7d28646f63756d656e742c2027736372697074272c202766616365626f6f6b2d6a7373646b2729293b3c2f7363726970743e0d0a0d0a3c64697620636c6173733d2266622d6c696b652220646174612d687265663d22687474703a2f2f7777772e696772656a61656d73657274616f7a696e686f2e6f72672e62722f77616c6c7061706572732e7068702220646174612d73656e643d22747275652220646174612d6c61796f75743d22627574746f6e5f636f756e742220646174612d77696474683d223435302220646174612d73686f772d66616365733d22747275652220646174612d666f6e743d22617269616c223e3c2f6469763e3c62723e0d0a3c2f63656e7465723e, 4),
('81dbxqjp5gu', 0x3c6120687265663d22687474703a2f2f7777772e6d65657a2e636f6d2f666f636f6f7322207469746c653d224d65657a203344206176617461727320616e6420667265652067616d65732e223e3c696d67207372633d22687474703a2f2f696d616765732e6d65657a2e636f6d2f757365722f332f352f332f382f382f342f362f382f33353338383436385f626f647973686f745f313735783233332e6769662220616c743d224d65657a2033442061766174617220617661746172732067616d6573222020626f726465723d223022202f3e3c2f613e, 4),
('o6h3z87uvch', 0x3c6120687265663d22687474703a2f2f7777772e6d65657a2e636f6d2f666f636f6f7322207469746c653d224d65657a203344206176617461727320616e6420667265652067616d65732e223e3c696d67207372633d22687474703a2f2f696d616765732e6d65657a2e636f6d2f757365722f332f352f332f382f382f342f362f382f33353338383436385f626f647973686f745f333030783430302e6769662220616c743d224d65657a2033442061766174617220617661746172732067616d6573222020626f726465723d223022202f3e3c2f613e, 4),
('lfluv8vdpdk', 0x3c73637269707420747970653d22746578742f6a617661736372697074223e0d0a7661722067614a73486f7374203d2028282268747470733a22203d3d20646f63756d656e742e6c6f636174696f6e2e70726f746f636f6c29203f202268747470733a2f2f73736c2e22203a2022687474703a2f2f7777772e22293b0d0a646f63756d656e742e777269746528756e6573636170652822253343736372697074207372633d2722202b2067614a73486f7374202b2022676f6f676c652d616e616c79746963732e636f6d2f67612e6a732720747970653d27746578742f6a617661736372697074272533452533432f7363726970742533452229293b0d0a3c2f7363726970743e0d0a3c73637269707420747970653d22746578742f6a617661736372697074223e0d0a7661722070616765547261636b6572203d205f6761742e5f676574547261636b6572282255412d383038393033322d3122293b0d0a70616765547261636b65722e5f747261636b506167657669657728293b0d0a3c2f7363726970743e, 4),
('umoy1yrjfwx', 0x3c73637269707420747970653d22746578742f6a617661736372697074223e0d0a7661722067614a73486f7374203d2028282268747470733a22203d3d20646f63756d656e742e6c6f636174696f6e2e70726f746f636f6c29203f202268747470733a2f2f73736c2e22203a2022687474703a2f2f7777772e22293b0d0a646f63756d656e742e777269746528756e6573636170652822253343736372697074207372633d2722202b2067614a73486f7374202b2022676f6f676c652d616e616c79746963732e636f6d2f67612e6a732720747970653d27746578742f6a617661736372697074272533452533432f7363726970742533452229293b0d0a3c2f7363726970743e0d0a3c73637269707420747970653d22746578742f6a617661736372697074223e0d0a7661722070616765547261636b6572203d205f6761742e5f676574547261636b6572282255412d383038393033322d3122293b0d0a70616765547261636b65722e5f747261636b506167657669657728293b0d0a3c2f7363726970743e, 4),
('axseguu7wwa', 0x3c73637269707420747970653d22746578742f6a617661736372697074223e0d0a7661722067614a73486f7374203d2028282268747470733a22203d3d20646f63756d656e742e6c6f636174696f6e2e70726f746f636f6c29203f202268747470733a2f2f73736c2e22203a2022687474703a2f2f7777772e22293b0d0a646f63756d656e742e777269746528756e6573636170652822253343736372697074207372633d2722202b2067614a73486f7374202b2022676f6f676c652d616e616c79746963732e636f6d2f67612e6a732720747970653d27746578742f6a617661736372697074272533452533432f7363726970742533452229293b0d0a3c2f7363726970743e0d0a3c73637269707420747970653d22746578742f6a617661736372697074223e0d0a7661722070616765547261636b6572203d205f6761742e5f676574547261636b6572282255412d383038393033322d3122293b0d0a70616765547261636b65722e5f747261636b506167657669657728293b0d0a3c2f7363726970743e, 4),
('enl0cif5wkh', 0x3c73637269707420747970653d22746578742f6a617661736372697074223e0d0a7661722067614a73486f7374203d2028282268747470733a22203d3d20646f63756d656e742e6c6f636174696f6e2e70726f746f636f6c29203f202268747470733a2f2f73736c2e22203a2022687474703a2f2f7777772e22293b0d0a646f63756d656e742e777269746528756e6573636170652822253343736372697074207372633d2722202b2067614a73486f7374202b2022676f6f676c652d616e616c79746963732e636f6d2f67612e6a732720747970653d27746578742f6a617661736372697074272533452533432f7363726970742533452229293b0d0a3c2f7363726970743e0d0a3c73637269707420747970653d22746578742f6a617661736372697074223e0d0a7661722070616765547261636b6572203d205f6761742e5f676574547261636b6572282255412d383038393033322d3122293b0d0a70616765547261636b65722e5f747261636b506167657669657728293b0d0a3c2f7363726970743e, 4),
('fxfhflzx6p1', 0x3c73637269707420747970653d22746578742f6a617661736372697074223e0d0a7661722067614a73486f7374203d2028282268747470733a22203d3d20646f63756d656e742e6c6f636174696f6e2e70726f746f636f6c29203f202268747470733a2f2f73736c2e22203a2022687474703a2f2f7777772e22293b0d0a646f63756d656e742e777269746528756e6573636170652822253343736372697074207372633d2722202b2067614a73486f7374202b2022676f6f676c652d616e616c79746963732e636f6d2f67612e6a732720747970653d27746578742f6a617661736372697074272533452533432f7363726970742533452229293b0d0a3c2f7363726970743e0d0a3c73637269707420747970653d22746578742f6a617661736372697074223e0d0a7661722070616765547261636b6572203d205f6761742e5f676574547261636b6572282255412d383038393033322d3122293b0d0a70616765547261636b65722e5f747261636b506167657669657728293b0d0a3c2f7363726970743e, 4),
('cf9bstnfjss', 0x3c73637269707420747970653d22746578742f6a617661736372697074223e0d0a7661722067614a73486f7374203d2028282268747470733a22203d3d20646f63756d656e742e6c6f636174696f6e2e70726f746f636f6c29203f202268747470733a2f2f73736c2e22203a2022687474703a2f2f7777772e22293b0d0a646f63756d656e742e777269746528756e6573636170652822253343736372697074207372633d2722202b2067614a73486f7374202b2022676f6f676c652d616e616c79746963732e636f6d2f67612e6a732720747970653d27746578742f6a617661736372697074272533452533432f7363726970742533452229293b0d0a3c2f7363726970743e0d0a3c73637269707420747970653d22746578742f6a617661736372697074223e0d0a7661722070616765547261636b6572203d205f6761742e5f676574547261636b6572282255412d383038393033322d3122293b0d0a70616765547261636b65722e5f747261636b506167657669657728293b0d0a3c2f7363726970743e, 4),
('4nrkr4ea06t', 0x3c703e3c62722f3e3c62722f3e3c656d62656420706c7567696e73706167653d22687474703a2f2f7777772e6d6963726f736f66742e636f6d2f57696e646f77732f4d65646961506c617965722f2220616c6c6f777363726970746163636573733d226e657665722220616c69676e3d226d6964646c65222073686f777374617475736261723d22747275652220747970653d226170706c69636174696f6e2f782d6d706c617965723222206865696768743d22363522207372633d22687474703a2f2f7777772e726164696f6d6978676f7370656c2e636f6d2f616f7669766f2e617378222077696474683d22323030223e3c2f656d6265643e3c703e3c2f703e3c2f703e0d0a, 4),
('l2zhz9ivw9m', 0x3c6469762069643d2263736522207374796c653d2277696474683a20313030253b223e4c6f6164696e673c2f6469763e0d0a3c736372697074207372633d22687474703a2f2f7777772e676f6f676c652e636f6d2f6a736170692220747970653d22746578742f6a617661736372697074223e3c2f7363726970743e0d0a3c73637269707420747970653d22746578742f6a617661736372697074223e0d0a2020676f6f676c652e6c6f61642827736561726368272c202731272c207b6c616e6775616765203a202770742d4252277d293b0d0a2020676f6f676c652e7365744f6e4c6f616443616c6c6261636b2866756e6374696f6e28297b0d0a2020202076617220637573746f6d536561726368436f6e74726f6c203d206e657720676f6f676c652e7365617263682e437573746f6d536561726368436f6e74726f6c28273030313135373934333135393937353536393830383a65776666746d647473697727293b0d0a20202020637573746f6d536561726368436f6e74726f6c2e736574526573756c7453657453697a6528676f6f676c652e7365617263682e5365617263682e46494c54455245445f4353455f524553554c54534554293b0d0a20202020637573746f6d536561726368436f6e74726f6c2e64726177282763736527293b0d0a20207d2c2074727565293b0d0a3c2f7363726970743e0d0a3c6c696e6b2072656c3d227374796c6573686565742220687265663d22687474703a2f2f7777772e676f6f676c652e636f6d2f6373652f7374796c652f6c6f6f6b, 4);
INSERT INTO `modules_Script_main` (`moduleID`, `code`, `storage_state`) VALUES
('wxbci6ck1q6', 0x3c73637269707420747970653d22746578742f6a617661736372697074223e0d0a0d0a2020766172205f676171203d205f676171207c7c205b5d3b0d0a20205f6761712e70757368285b275f7365744163636f756e74272c202755412d32363533303338352d31275d293b0d0a20205f6761712e70757368285b275f747261636b5061676576696577275d293b0d0a0d0a20202866756e6374696f6e2829207b0d0a20202020766172206761203d20646f63756d656e742e637265617465456c656d656e74282773637269707427293b2067612e74797065203d2027746578742f6a617661736372697074273b2067612e6173796e63203d20747275653b0d0a2020202067612e737263203d20282768747470733a27203d3d20646f63756d656e742e6c6f636174696f6e2e70726f746f636f6c203f202768747470733a2f2f73736c27203a2027687474703a2f2f7777772729202b20272e676f6f676c652d616e616c79746963732e636f6d2f67612e6a73273b0d0a202020207661722073203d20646f63756d656e742e676574456c656d656e747342795461674e616d65282773637269707427295b305d3b20732e706172656e744e6f64652e696e736572744265666f72652867612c2073293b0d0a20207d2928293b0d0a0d0a3c2f7363726970743e, 4),
('wqgjuw7t8f0', 0x[encoded data, 6768 characters], 4),
('lzipeevlvol', 0x3c703e3c62722f3e3c62722f3e3c656d62656420706c7567696e73706167653d22687474703a2f2f7777772e6d6963726f736f66742e636f6d2f57696e646f77732f4d65646961506c617965722f2220616c6c6f777363726970746163636573733d226e657665722220616c69676e3d226d6964646c65222073686f777374617475736261723d22747275652220747970653d226170706c69636174696f6e2f782d6d706c617965723222206865696768743d22363522207372633d22687474703a2f2f7777772e726164696f6d6978676f7370656c2e636f6d2f616f7669766f2e617378222077696474683d22323030223e3c2f656d6265643e3c703e3c2f703e3c2f703e0d0a, 4),
('mnsejm7oqic', 0x3c212d2d2044656c6574652074686973207465787420616e6420656e74657220796f75722073637269707420686572652e202f2f2d2d3e, 4),
('qipfpgam7zb', 0x3c212d2d20417061677565206573746520746578746f206520656e7472652073637269707420617175692e202f2f2d2d3e, 4),
('pa3gio781zp', 0x3c212d2d20417061677565206573746520746578746f206520656e7472652073637269707420617175692e202f2f2d2d3e, 4),
('uof8sykwc13', 0x3c212d2d2044656c6574652074686973207465787420616e6420656e74657220796f75722073637269707420686572652e202f2f2d2d3e, 4),
('7n2q88gmkel', 0x3c212d2d20417061677565206573746520746578746f206520656e7472652073637269707420617175692e202f2f2d2d3e, 4),
('vmi7cg6cq1v', 0x3c212d2d20417061677565206573746520746578746f206520656e7472652073637269707420617175692e202f2f2d2d3e, 4),
('r84xg61lu20', 0x3c212d2d2044656c6574652074686973207465787420616e6420656e74657220796f75722073637269707420686572652e202f2f2d2d3e, 4),
('25189ywjl57', 0x3c63656e7465723e3c6469762069643d2266622d726f6f74223e3c2f6469763e0d0a3c7363726970743e2866756e6374696f6e28642c20732c20696429207b0d0a2020766172206a732c20666a73203d20642e676574456c656d656e747342795461674e616d652873295b305d3b0d0a202069662028642e676574456c656d656e744279496428696429292072657475726e3b0d0a20206a73203d20642e637265617465456c656d656e742873293b206a732e6964203d2069643b0d0a20206a732e737263203d20222f2f636f6e6e6563742e66616365626f6f6b2e6e65742f70745f42522f616c6c2e6a73237866626d6c3d31223b0d0a2020666a732e706172656e744e6f64652e696e736572744265666f7265286a732c20666a73293b0d0a7d28646f63756d656e742c2027736372697074272c202766616365626f6f6b2d6a7373646b2729293b3c2f7363726970743e0d0a0d0a3c64697620636c6173733d2266622d6c696b652220646174612d687265663d22687474703a2f2f7777772e696772656a61656d73657274616f7a696e686f2e6f72672e62722f6d656e736167656e732e7068702220646174612d73656e643d22747275652220646174612d77696474683d223435302220646174612d73686f772d66616365733d22747275652220646174612d666f6e743d22617269616c223e3c2f6469763e3c62723e0d0a3c2f63656e7465723e, 4),
('eoeq3m041qw', 0x3c6120687265663d2268747470733a2f2f747769747465722e636f6d2f746578616d6269656e74616c2220636c6173733d22747769747465722d666f6c6c6f772d627574746f6e2220646174612d73686f772d636f756e743d2266616c73652220646174612d6c616e673d227074223e5365677569722040746578616d6269656e74616c3c2f613e0d0a3c7363726970743e2166756e6374696f6e28642c732c6964297b766172206a732c666a733d642e676574456c656d656e747342795461674e616d652873295b305d3b69662821642e676574456c656d656e744279496428696429297b6a733d642e637265617465456c656d656e742873293b6a732e69643d69643b6a732e7372633d222f2f706c6174666f726d2e747769747465722e636f6d2f776964676574732e6a73223b666a732e706172656e744e6f64652e696e736572744265666f7265286a732c666a73293b7d7d28646f63756d656e742c22736372697074222c22747769747465722d776a7322293b3c2f7363726970743e, 4),
('c6u6a94h7ay', 0x3c212d2d20494e4943494f20444f20434f4449474f20444f20434f4e5441444f5220444520564953495441532032572e434f4d2e4252202d2d3e0d0a3c64697620616c69676e3d63656e7465723e3c666f6e742073697a653d222d332220636f6c6f723d22626c7565223e3c6120687265663d22687474703a2f2f7777772e32772e636f6d2e62722f223e3c696d67207372633d22687474703a2f2f636f6e7461646f722e32772e636f6d2e62722f696d67636f6e7461646f722e7068703f703d62386361626666652220626f726465723d303e3c2f613e3c62723e3c6120687265663d22687474703a2f2f7777772e32772e636f6d2e62722f223e636f6e7461646f7220646520766973697461733c2f613e3c2f666f6e743e3c2f6469763e0d0a3c212d2d2046494d20444f20434f4449474f20444f20434f4e5441444f5220444520564953495441532032572e434f4d2e4252202d2d3e, 4),
('jra5skmecpz', 0x3c696d67207372633d2768747470733a2f2f702e73696d672e756f6c2e636f6d2e62722f6f75742f70616773656775726f2f692f62616e6e6572732f646976756c676163616f2f313230783630305f3130585f70616773656775726f2e6769662720616c743d2727202f3e, 4),
('cad6zrhqf7a', 0x3c212d2d20494e4943494f20434f4449474f2050414753454755524f202d2d3e0d0a3c63656e7465723e0d0a3c6120687265663d2768747470733a2f2f70616773656775726f2e756f6c2e636f6d2e627227207461726765743d275f626c616e6b273e3c696d6720616c743d274c6f676f7469706f73206465206d65696f7320646520706167616d656e746f20646f2050616753656775726f27207372633d2768747470733a2f2f702e73696d672e756f6c2e636f6d2e62722f6f75742f70616773656775726f2f692f62616e6e6572732f706167616d656e746f2f746f646f735f616e696d61646f5f3535305f35302e67696627207469746c653d274573746520736974652061636569746120706167616d656e746f7320636f6d20566973612c204d6173746572436172642c2044696e6572732c20416d65726963616e20457870726573732c204869706572636172642c20417572612c20427261646573636f2c20497461fa2c2042616e636f20646f2042726173696c2c20556e6962616e636f2c2042616e726973756c2c2073616c646f20656d20636f6e74612050616753656775726f206520626f6c65746f2e2720626f726465723d2730273e3c2f613e0d0a3c2f63656e7465723e0d0a3c212d2d2046494e414c20434f4449474f2050414753454755524f202d2d3e, 4),
('3pv3t24uu1p', 0x3c703e3c62722f3e3c62722f3e3c656d62656420706c7567696e73706167653d22687474703a2f2f7777772e6d6963726f736f66742e636f6d2f57696e646f77732f4d65646961506c617965722f2220616c6c6f777363726970746163636573733d226e657665722220616c69676e3d226d6964646c65222073686f777374617475736261723d22747275652220747970653d226170706c69636174696f6e2f782d6d706c617965723222206865696768743d22363522207372633d22687474703a2f2f7777772e726164696f6d6978676f7370656c2e636f6d2f616f7669766f2e617378222077696474683d22323030223e3c2f656d6265643e3c703e3c2f703e3c2f703e0d0a, 4),
('yjle2xixh6j', 0x3c703e3c62722f3e3c62722f3e3c656d62656420706c7567696e73706167653d22687474703a2f2f7777772e6d6963726f736f66742e636f6d2f57696e646f77732f4d65646961506c617965722f2220616c6c6f777363726970746163636573733d226e657665722220616c69676e3d226d6964646c65222073686f777374617475736261723d22747275652220747970653d226170706c69636174696f6e2f782d6d706c617965723222206865696768743d22363522207372633d22687474703a2f2f7777772e726164696f6d6978676f7370656c2e636f6d2f616f7669766f2e617378222077696474683d22323030223e3c2f656d6265643e3c703e3c2f703e3c2f703e0d0a, 4),
('z494q1pb89m', 0x3c703e3c62722f3e3c62722f3e3c656d62656420706c7567696e73706167653d22687474703a2f2f7777772e6d6963726f736f66742e636f6d2f57696e646f77732f4d65646961506c617965722f2220616c6c6f777363726970746163636573733d226e657665722220616c69676e3d226d6964646c65222073686f777374617475736261723d22747275652220747970653d226170706c69636174696f6e2f782d6d706c617965723222206865696768743d22363522207372633d22687474703a2f2f7777772e726164696f6d6978676f7370656c2e636f6d2f616f7669766f2e617378222077696474683d22323030223e3c2f656d6265643e3c703e3c2f703e3c2f703e0d0a, 4),
('odf28i2ci2l', 0x3c736372697074206c616e67756167653d224a6176615363726970742220747970653d22746578742f6a61766173637269707422207372633d22687474703a2f2f766873732d642e6f6464636173742e636f6d2f766f6b695f656d6265645f66756e6374696f6e732e706870223e3c2f7363726970743e3c736372697074206c616e67756167653d224a6176615363726970742220747970653d22746578742f6a617661736372697074223e41435f566f6b695f456d626564283137302c3233302c223038633433663835623735386434323466383435383832343533653836653631222c323539353632302c20312c2022222c2030293b3c2f7363726970743e3c42523e3c6120687265663d3e3c623e3c2f623e3c2f613e3c42523e3c42523e, 4),
('i9w6v7ci1n1', 0x[encoded data, 4408 characters], 4),
('480fsl8n8sd', 0x3c736372697074207372633d22687474703a2f2f7777772e676d6f64756c65732e636f6d2f69672f6966723f75726c3d687474703a2f2f64616e69656c62726167612e636f6d2f676f6f676c65676164676574732f626f76657370612e786d6c26616d703b75705f73796d626f6c3d504554523426616d703b75705f766f6c3d3026616d703b75705f706572696f643d3026616d703b75705f726566726573683d363026616d703b73796e643d6f70656e26616d703b773d33323026616d703b683d32303026616d703b7469746c653d436f74612543332541372543332541336f2b424f56455350412533412b5f5f55505f73796d626f6c5f5f26616d703b626f726465723d2532336666666666662537433370782532433170782b736f6c69642b25323339393939393926616d703b6f75747075743d6a73223e3c2f7363726970743e, 4),
('y2vw5boipu8', 0x3c736372697074207372633d22687474703a2f2f7777772e676d6f64756c65732e636f6d2f69672f6966723f75726c3d687474703a2f2f7777772e676f6f676c652e636f6d2e62722f6373652f6170692f3030313135373934333135393937353536393830382f6373652f32726d5f77656d73796d752f67616467657426616d703b73796e643d6f70656e26616d703b773d33323026616d703b683d373526616d703b7469746c653d50657371756973612b456475636163696f6e616c2b466f636f6f7326616d703b626f726465723d2532336666666666662537433370782532433170782b736f6c69642b25323339393939393926616d703b6f75747075743d6a73223e3c2f7363726970743e, 4),
('ki6hvftmdno', 0x3c6d657461206e616d653d22676f6f676c652d7472616e736c6174652d637573746f6d697a6174696f6e2220636f6e74656e743d22333339396264373038653331353662662d633663376461626237653531323861382d67636439333637336665353730326464662d3164223e3c2f6d6574613e0d0a20202020202020200d0a3c6469762069643d22676f6f676c655f7472616e736c6174655f656c656d656e74223e3c2f6469763e3c73637269707420747970653d22746578742f6a617661736372697074223e0d0a66756e6374696f6e20676f6f676c655472616e736c617465456c656d656e74496e69742829207b0d0a20206e657720676f6f676c652e7472616e736c6174652e5472616e736c617465456c656d656e74287b706167654c616e67756167653a20277074272c206c61796f75743a20676f6f676c652e7472616e736c6174652e5472616e736c617465456c656d656e742e496e6c696e654c61796f75742e53494d504c452c206d756c74696c616e6775616765506167653a20747275657d2c2027676f6f676c655f7472616e736c6174655f656c656d656e7427293b0d0a7d0d0a3c2f7363726970743e3c73637269707420747970653d22746578742f6a61766173637269707422207372633d222f2f7472616e736c6174652e676f6f676c652e636f6d2f7472616e736c6174655f612f656c656d656e742e6a733f63623d676f6f676c655472616e736c617465456c656d656e74496e6974223e3c2f7363726970743e0d0a2020202020202020, 4),
('e27ybpkrhst', 0x3c212d2d20417061677565206573746520746578746f206520656e7472652073637269707420617175692e202f2f2d2d3e, 4),
('zhcyj6pe33i', 0x3c6d657461206e616d653d22676f6f676c652d7472616e736c6174652d637573746f6d697a6174696f6e2220636f6e74656e743d22333339396264373038653331353662662d633663376461626237653531323861382d67636439333637336665353730326464662d3164223e3c2f6d6574613e0d0a20202020202020200d0a3c6469762069643d22676f6f676c655f7472616e736c6174655f656c656d656e74223e3c2f6469763e3c73637269707420747970653d22746578742f6a617661736372697074223e0d0a66756e6374696f6e20676f6f676c655472616e736c617465456c656d656e74496e69742829207b0d0a20206e657720676f6f676c652e7472616e736c6174652e5472616e736c617465456c656d656e74287b706167654c616e67756167653a20277074272c206c61796f75743a20676f6f676c652e7472616e736c6174652e5472616e736c617465456c656d656e742e496e6c696e654c61796f75742e53494d504c452c206d756c74696c616e6775616765506167653a20747275657d2c2027676f6f676c655f7472616e736c6174655f656c656d656e7427293b0d0a7d0d0a3c2f7363726970743e3c73637269707420747970653d22746578742f6a61766173637269707422207372633d222f2f7472616e736c6174652e676f6f676c652e636f6d2f7472616e736c6174655f612f656c656d656e742e6a733f63623d676f6f676c655472616e736c617465456c656d656e74496e6974223e3c2f7363726970743e0d0a2020202020202020, 4),
('m0x12jlkcax', 0x3c696672616d65207372633d22687474703a2f2f66696c65732e62616e6e6572736e61636b2e636f6d2f696672616d652f656d6265642e68746d6c3f686173683d627a3139656a636826776d6f64653d7472616e73706172656e7426743d31333631313437363937222077696474683d2237323822206865696768743d22393022207365616d6c6573733d227365616d6c65737322207363726f6c6c696e673d226e6f22206672616d65626f726465723d22302220616c6c6f777472616e73706172656e63793d2274727565223e3c2f696672616d653e, 4),
('uyu3e12jux6', 0x3c212d2d20426567696e204d61696c4368696d70205369676e757020466f726d202d2d3e0d0a3c6c696e6b20687265663d22687474703a2f2f63646e2d696d616765732e6d61696c6368696d702e636f6d2f656d626564636f64652f736c696d2d3038313731312e637373222072656c3d227374796c6573686565742220747970653d22746578742f637373223e0d0a3c7374796c6520747970653d22746578742f637373223e0d0a09236d635f656d6265645f7369676e75707b6261636b67726f756e643a236666663b20636c6561723a6c6566743b20666f6e743a313470782048656c7665746963612c417269616c2c73616e732d73657269663b207d0d0a092f2a2041646420796f7572206f776e204d61696c4368696d7020666f726d207374796c65206f766572726964657320696e20796f75722073697465207374796c657368656574206f7220696e2074686973207374796c6520626c6f636b2e0d0a092020205765207265636f6d6d656e64206d6f76696e67207468697320626c6f636b20616e642074686520707265636564696e6720435353206c696e6b20746f207468652048454144206f6620796f75722048544d4c2066696c652e202a2f0d0a3c2f7374796c653e0d0a3c6469762069643d226d635f656d6265645f7369676e7570223e0d0a3c666f726d20616374696f6e3d22687474703a2f2f746578616d6269656e74616c2e7573352e6c6973742d6d616e616765322e636f6d2f7375627363726962652f706f73743f753d6337636563326562306262356337396462333165303166633626616d703b69643d6139663361333766643422206d6574686f643d22706f7374222069643d226d632d656d6265646465642d7375627363726962652d666f726d22206e616d653d226d632d656d6265646465642d7375627363726962652d666f726d2220636c6173733d2276616c696461746522207461726765743d225f626c616e6b223e0d0a093c6c6162656c20666f723d226d63652d454d41494c223e43616461737472652d736520656d206e6f73736f2073697465206520726563656261206e6f73736173206e6f746963696173206520617475616c697a61636f65733c2f6c6162656c3e0d0a093c696e70757420747970653d22656d61696c222076616c75653d2222206e616d653d22454d41494c2220636c6173733d22656d61696c222069643d226d63652d454d41494c2220706c616365686f6c6465723d22656d61696c2061646472657373222072657175697265643e0d0a093c64697620636c6173733d22636c656172223e3c696e70757420747970653d227375626d6974222076616c75653d2253756273637269626522206e616d653d22737562736372696265222069643d226d632d656d6265646465642d7375627363726962652220636c6173733d22627574746f6e223e3c2f6469763e0d0a3c2f666f726d3e0d0a3c2f6469763e0d0a0d0a3c212d2d456e64206d635f656d6265645f7369676e75702d2d3e, 4),
('j7gumm5onqx', 0x3c212d2d20426567696e204d61696c4368696d70205369676e757020466f726d202d2d3e0d0a3c6c696e6b20687265663d22687474703a2f2f63646e2d696d616765732e6d61696c6368696d702e636f6d2f656d626564636f64652f736c696d2d3038313731312e637373222072656c3d227374796c6573686565742220747970653d22746578742f637373223e0d0a3c7374796c6520747970653d22746578742f637373223e0d0a09236d635f656d6265645f7369676e75707b6261636b67726f756e643a236666663b20636c6561723a6c6566743b20666f6e743a313470782048656c7665746963612c417269616c2c73616e732d73657269663b207d0d0a092f2a2041646420796f7572206f776e204d61696c4368696d7020666f726d207374796c65206f766572726964657320696e20796f75722073697465207374796c657368656574206f7220696e2074686973207374796c6520626c6f636b2e0d0a092020205765207265636f6d6d656e64206d6f76696e67207468697320626c6f636b20616e642074686520707265636564696e6720435353206c696e6b20746f207468652048454144206f6620796f75722048544d4c2066696c652e202a2f0d0a3c2f7374796c653e0d0a3c6469762069643d226d635f656d6265645f7369676e7570223e0d0a3c666f726d20616374696f6e3d22687474703a2f2f746578616d6269656e74616c2e7573352e6c6973742d6d616e616765322e636f6d2f7375627363726962652f706f73743f753d6337636563326562306262356337396462333165303166633626616d703b69643d6139663361333766643422206d6574686f643d22706f7374222069643d226d632d656d6265646465642d7375627363726962652d666f726d22206e616d653d226d632d656d6265646465642d7375627363726962652d666f726d2220636c6173733d2276616c696461746522207461726765743d225f626c616e6b223e0d0a093c6c6162656c20666f723d226d63652d454d41494c223e43616461737472652d736520656d206e6f73736f2073697465206520726563656261206e6f73736173206e6f746963696173206520617475616c697a61636f65733c2f6c6162656c3e0d0a093c696e70757420747970653d22656d61696c222076616c75653d2222206e616d653d22454d41494c2220636c6173733d22656d61696c222069643d226d63652d454d41494c2220706c616365686f6c6465723d22656d61696c2061646472657373222072657175697265643e0d0a093c64697620636c6173733d22636c656172223e3c696e70757420747970653d227375626d6974222076616c75653d2253756273637269626522206e616d653d22737562736372696265222069643d226d632d656d6265646465642d7375627363726962652220636c6173733d22627574746f6e223e3c2f6469763e0d0a3c2f666f726d3e0d0a3c2f6469763e0d0a0d0a3c212d2d456e64206d635f656d6265645f7369676e75702d2d3e, 4),
('xx1np0s0r41', 0x3c7461626c652063656c6c73706163696e673d2230222063656c6c70616464696e673d22302220626f726465723d2230223e3c74723e3c74643e3c696672616d652077696474683d2234303022206865696768743d2235343022206672616d65626f726465723d223022207372633d22687474703a2f2f62722e666f7879666f726d2e636f6d2f666f726d2e7068703f69643d3236353732267365635f686173683d3139646566666661383139223e3c2f696672616d653e3c2f74643e3c2f74723e3c74723e3c746420616c69676e3d2263656e746572223e3c61207374796c653d22666f6e743a38707820417269616c3b636f6c6f723a233543354335433b3e666f726d756c72696f20646520636f6e7461746f3c2f613e3c2f74643e3c2f74723e3c2f7461626c653e, 4),
('20nm9mk9qyr', 0x3c696672616d65207372633d22687474703a2f2f66696c65732e62616e6e6572736e61636b2e636f6d2f696672616d652f726f7461746f722e68746d6c3f686173683d346434633762363736643239366231643364303438353764637235363538383826743d31333533333430343936222077696474683d2237323822206865696768743d2235363022207365616d6c6573733d227365616d6c65737322207363726f6c6c696e673d226e6f22206672616d65626f726465723d22302220616c6c6f777472616e73706172656e63793d2274727565223e3c2f696672616d653e, 4),
('l6bdqwl9vhm', 0x3c696672616d65207372633d22687474703a2f2f7777772e66616365626f6f6b2e636f6d2f706c7567696e732f6c696b652e7068703f687265663d68747470733a2f2f7777772e66616365626f6f6b2e636f6d2f546578416d6269656e74616c266c61796f75743d7374616e64617264260d0a73686f775f66616365733d66616c73652677696474683d33383026616374696f6e3d6c696b6526636f6c6f72736368656d653d6c69676874266865696768743d3235266c6f63616c653d70745f425222207363726f6c6c696e673d226e6f22206672616d65626f726465723d223022207374796c653d22626f726465723a6e6f6e653b206f766572666c6f773a68696464656e3b2077696474683a32353070783b206865696768743a323570783b2220616c6c6f775472616e73706172656e63793d2274727565223e3c2f696672616d653e, 4),
('1ixkyie1uva', 0x3c696672616d65207372633d22687474703a2f2f7777772e66616365626f6f6b2e636f6d2f706c7567696e732f6c696b652e7068703f687265663d68747470733a2f2f7777772e66616365626f6f6b2e636f6d2f546578416d6269656e74616c266c61796f75743d7374616e64617264260d0a73686f775f66616365733d66616c73652677696474683d33383026616374696f6e3d6c696b6526636f6c6f72736368656d653d6c69676874266865696768743d3235266c6f63616c653d70745f425222207363726f6c6c696e673d226e6f22206672616d65626f726465723d223022207374796c653d22626f726465723a6e6f6e653b206f766572666c6f773a68696464656e3b2077696474683a32353070783b206865696768743a323570783b2220616c6c6f775472616e73706172656e63793d2274727565223e3c2f696672616d653e, 4),
('8t0k8zsejs5', 0x3c63656e7465723e3c6469762069643d2266622d726f6f74223e3c2f6469763e0d0a3c7363726970743e2866756e6374696f6e28642c20732c20696429207b0d0a2020766172206a732c20666a73203d20642e676574456c656d656e747342795461674e616d652873295b305d3b0d0a202069662028642e676574456c656d656e744279496428696429292072657475726e3b0d0a20206a73203d20642e637265617465456c656d656e742873293b206a732e6964203d2069643b0d0a20206a732e737263203d20222f2f636f6e6e6563742e66616365626f6f6b2e6e65742f70745f42522f616c6c2e6a73237866626d6c3d31223b0d0a2020666a732e706172656e744e6f64652e696e736572744265666f7265286a732c20666a73293b0d0a7d28646f63756d656e742c2027736372697074272c202766616365626f6f6b2d6a7373646b2729293b3c2f7363726970743e0d0a0d0a3c64697620636c6173733d2266622d6c696b652220646174612d687265663d22687474703a2f2f7777772e696772656a61656d73657274616f7a696e686f2e6f72672e62722f646f776e6c6f6164732e7068702220646174612d73656e643d22747275652220646174612d6c61796f75743d22627574746f6e5f636f756e742220646174612d77696474683d223435302220646174612d73686f772d66616365733d22747275652220646174612d666f6e743d22617269616c223e3c2f6469763e3c62723e0d0a3c2f63656e7465723e, 4),
('ese9krjv4nb', 0x3c696672616d65207372633d22687474703a2f2f7777772e66616365626f6f6b2e636f6d2f706c7567696e732f6c696b652e7068703f687265663d68747470733a2f2f7777772e66616365626f6f6b2e636f6d2f546578416d6269656e74616c266c61796f75743d7374616e64617264260d0a73686f775f66616365733d66616c73652677696474683d33383026616374696f6e3d6c696b6526636f6c6f72736368656d653d6c69676874266865696768743d3235266c6f63616c653d70745f425222207363726f6c6c696e673d226e6f22206672616d65626f726465723d223022207374796c653d22626f726465723a6e6f6e653b206f766572666c6f773a68696464656e3b2077696474683a32353070783b206865696768743a323570783b2220616c6c6f775472616e73706172656e63793d2274727565223e3c2f696672616d653e, 4),
('hejfw7ft9ar', 0x3c696672616d65207372633d22687474703a2f2f7777772e66616365626f6f6b2e636f6d2f706c7567696e732f6c696b652e7068703f687265663d68747470733a2f2f7777772e66616365626f6f6b2e636f6d2f546578416d6269656e74616c266c61796f75743d7374616e64617264260d0a73686f775f66616365733d66616c73652677696474683d33383026616374696f6e3d6c696b6526636f6c6f72736368656d653d6c69676874266865696768743d3235266c6f63616c653d70745f425222207363726f6c6c696e673d226e6f22206672616d65626f726465723d223022207374796c653d22626f726465723a6e6f6e653b206f766572666c6f773a68696464656e3b2077696474683a32353070783b206865696768743a323570783b2220616c6c6f775472616e73706172656e63793d2274727565223e3c2f696672616d653e, 4),
('qmtybg3b8tq', 0x3c696672616d65207372633d22687474703a2f2f7777772e66616365626f6f6b2e636f6d2f706c7567696e732f6c696b652e7068703f687265663d68747470733a2f2f7777772e66616365626f6f6b2e636f6d2f546578416d6269656e74616c266c61796f75743d7374616e64617264260d0a73686f775f66616365733d66616c73652677696474683d33383026616374696f6e3d6c696b6526636f6c6f72736368656d653d6c69676874266865696768743d3235266c6f63616c653d70745f425222207363726f6c6c696e673d226e6f22206672616d65626f726465723d223022207374796c653d22626f726465723a6e6f6e653b206f766572666c6f773a68696464656e3b2077696474683a32353070783b206865696768743a323570783b2220616c6c6f775472616e73706172656e63793d2274727565223e3c2f696672616d653e, 4),
('coxiq7422n7', 0x3c6120687265663d2268747470733a2f2f747769747465722e636f6d2f746578616d6269656e74616c2220636c6173733d22747769747465722d666f6c6c6f772d627574746f6e2220646174612d73686f772d636f756e743d2266616c73652220646174612d6c616e673d227074223e5365677569722040746578616d6269656e74616c3c2f613e0d0a3c7363726970743e2166756e6374696f6e28642c732c6964297b766172206a732c666a733d642e676574456c656d656e747342795461674e616d652873295b305d3b69662821642e676574456c656d656e744279496428696429297b6a733d642e637265617465456c656d656e742873293b6a732e69643d69643b6a732e7372633d222f2f706c6174666f726d2e747769747465722e636f6d2f776964676574732e6a73223b666a732e706172656e744e6f64652e696e736572744265666f7265286a732c666a73293b7d7d28646f63756d656e742c22736372697074222c22747769747465722d776a7322293b3c2f7363726970743e, 4),
('r7mt2a5hzxg', 0x3c6120687265663d2268747470733a2f2f747769747465722e636f6d2f746578616d6269656e74616c2220636c6173733d22747769747465722d666f6c6c6f772d627574746f6e2220646174612d73686f772d636f756e743d2266616c73652220646174612d6c616e673d227074223e5365677569722040746578616d6269656e74616c3c2f613e0d0a3c7363726970743e2166756e6374696f6e28642c732c6964297b766172206a732c666a733d642e676574456c656d656e747342795461674e616d652873295b305d3b69662821642e676574456c656d656e744279496428696429297b6a733d642e637265617465456c656d656e742873293b6a732e69643d69643b6a732e7372633d222f2f706c6174666f726d2e747769747465722e636f6d2f776964676574732e6a73223b666a732e706172656e744e6f64652e696e736572744265666f7265286a732c666a73293b7d7d28646f63756d656e742c22736372697074222c22747769747465722d776a7322293b3c2f7363726970743e, 4),
('vtcpbji7qr2', 0x3c6120687265663d2268747470733a2f2f747769747465722e636f6d2f746578616d6269656e74616c2220636c6173733d22747769747465722d666f6c6c6f772d627574746f6e2220646174612d73686f772d636f756e743d2266616c73652220646174612d6c616e673d227074223e5365677569722040746578616d6269656e74616c3c2f613e0d0a3c7363726970743e2166756e6374696f6e28642c732c6964297b766172206a732c666a733d642e676574456c656d656e747342795461674e616d652873295b305d3b69662821642e676574456c656d656e744279496428696429297b6a733d642e637265617465456c656d656e742873293b6a732e69643d69643b6a732e7372633d222f2f706c6174666f726d2e747769747465722e636f6d2f776964676574732e6a73223b666a732e706172656e744e6f64652e696e736572744265666f7265286a732c666a73293b7d7d28646f63756d656e742c22736372697074222c22747769747465722d776a7322293b3c2f7363726970743e, 4),
('0rghu5g97py', 0x3c6d657461206e616d653d22676f6f676c652d7472616e736c6174652d637573746f6d697a6174696f6e2220636f6e74656e743d22333339396264373038653331353662662d633663376461626237653531323861382d67636439333637336665353730326464662d3164223e3c2f6d6574613e0d0a20202020202020200d0a3c6469762069643d22676f6f676c655f7472616e736c6174655f656c656d656e74223e3c2f6469763e3c73637269707420747970653d22746578742f6a617661736372697074223e0d0a66756e6374696f6e20676f6f676c655472616e736c617465456c656d656e74496e69742829207b0d0a20206e657720676f6f676c652e7472616e736c6174652e5472616e736c617465456c656d656e74287b706167654c616e67756167653a20277074272c206c61796f75743a20676f6f676c652e7472616e736c6174652e5472616e736c617465456c656d656e742e496e6c696e654c61796f75742e53494d504c452c206d756c74696c616e6775616765506167653a20747275657d2c2027676f6f676c655f7472616e736c6174655f656c656d656e7427293b0d0a7d0d0a3c2f7363726970743e3c73637269707420747970653d22746578742f6a61766173637269707422207372633d222f2f7472616e736c6174652e676f6f676c652e636f6d2f7472616e736c6174655f612f656c656d656e742e6a733f63623d676f6f676c655472616e736c617465456c656d656e74496e6974223e3c2f7363726970743e0d0a2020202020202020, 4),
('2cs1s0zselk', 0x3c696d67207372633d2768747470733a2f2f702e73696d672e756f6c2e636f6d2e62722f6f75742f70616773656775726f2f692f62616e6e6572732f646976756c676163616f2f3436385836305f3130585f70616773656775726f2e6769662720616c743d2727202f3e, 4),
('2ojdj7eikh6', 0x3c736372697074206c616e67756167653d224a6176615363726970742220747970653d22746578742f6a61766173637269707422207372633d22687474703a2f2f766873732d642e6f6464636173742e636f6d2f766f6b695f656d6265645f66756e6374696f6e732e706870223e3c2f7363726970743e3c736372697074206c616e67756167653d224a6176615363726970742220747970653d22746578742f6a617661736372697074223e41435f566f6b695f456d626564283230302c3236372c226634623335323935373430613164343035623136366133633733633066323066222c323532383533322c20312c2022222c2030293b3c2f7363726970743e3c42523e3c6120687265663d22687474703a2f2f7777772e766f6b692e636f6d2f223e3c623e3c2f623e3c2f613e3c42523e3c42523e, 4),
('ewm79z0m1pw', 0x3c6d657461206e616d653d22676f6f676c652d7472616e736c6174652d637573746f6d697a6174696f6e2220636f6e74656e743d22333339396264373038653331353662662d633663376461626237653531323861382d67636439333637336665353730326464662d3164223e3c2f6d6574613e0d0a20202020202020200d0a3c6469762069643d22676f6f676c655f7472616e736c6174655f656c656d656e74223e3c2f6469763e3c73637269707420747970653d22746578742f6a617661736372697074223e0d0a66756e6374696f6e20676f6f676c655472616e736c617465456c656d656e74496e69742829207b0d0a20206e657720676f6f676c652e7472616e736c6174652e5472616e736c617465456c656d656e74287b706167654c616e67756167653a20277074272c206c61796f75743a20676f6f676c652e7472616e736c6174652e5472616e736c617465456c656d656e742e496e6c696e654c61796f75742e53494d504c452c206d756c74696c616e6775616765506167653a20747275657d2c2027676f6f676c655f7472616e736c6174655f656c656d656e7427293b0d0a7d0d0a3c2f7363726970743e3c73637269707420747970653d22746578742f6a61766173637269707422207372633d222f2f7472616e736c6174652e676f6f676c652e636f6d2f7472616e736c6174655f612f656c656d656e742e6a733f63623d676f6f676c655472616e736c617465456c656d656e74496e6974223e3c2f7363726970743e0d0a2020202020202020, 4),
('doi1qz6owah', 0x3c6d657461206e616d653d22676f6f676c652d7472616e736c6174652d637573746f6d697a6174696f6e2220636f6e74656e743d22333339396264373038653331353662662d633663376461626237653531323861382d67636439333637336665353730326464662d3164223e3c2f6d6574613e0d0a20202020202020200d0a3c6469762069643d22676f6f676c655f7472616e736c6174655f656c656d656e74223e3c2f6469763e3c73637269707420747970653d22746578742f6a617661736372697074223e0d0a66756e6374696f6e20676f6f676c655472616e736c617465456c656d656e74496e69742829207b0d0a20206e657720676f6f676c652e7472616e736c6174652e5472616e736c617465456c656d656e74287b706167654c616e67756167653a20277074272c206c61796f75743a20676f6f676c652e7472616e736c6174652e5472616e736c617465456c656d656e742e496e6c696e654c61796f75742e53494d504c452c206d756c74696c616e6775616765506167653a20747275657d2c2027676f6f676c655f7472616e736c6174655f656c656d656e7427293b0d0a7d0d0a3c2f7363726970743e3c73637269707420747970653d22746578742f6a61766173637269707422207372633d222f2f7472616e736c6174652e676f6f676c652e636f6d2f7472616e736c6174655f612f656c656d656e742e6a733f63623d676f6f676c655472616e736c617465456c656d656e74496e6974223e3c2f7363726970743e0d0a2020202020202020, 4),
('yybgepirflw', 0x3c6d657461206e616d653d22676f6f676c652d7472616e736c6174652d637573746f6d697a6174696f6e2220636f6e74656e743d22333339396264373038653331353662662d633663376461626237653531323861382d67636439333637336665353730326464662d3164223e3c2f6d6574613e0d0a20202020202020200d0a3c6469762069643d22676f6f676c655f7472616e736c6174655f656c656d656e74223e3c2f6469763e3c73637269707420747970653d22746578742f6a617661736372697074223e0d0a66756e6374696f6e20676f6f676c655472616e736c617465456c656d656e74496e69742829207b0d0a20206e657720676f6f676c652e7472616e736c6174652e5472616e736c617465456c656d656e74287b706167654c616e67756167653a20277074272c206c61796f75743a20676f6f676c652e7472616e736c6174652e5472616e736c617465456c656d656e742e496e6c696e654c61796f75742e53494d504c452c206d756c74696c616e6775616765506167653a20747275657d2c2027676f6f676c655f7472616e736c6174655f656c656d656e7427293b0d0a7d0d0a3c2f7363726970743e3c73637269707420747970653d22746578742f6a61766173637269707422207372633d222f2f7472616e736c6174652e676f6f676c652e636f6d2f7472616e736c6174655f612f656c656d656e742e6a733f63623d676f6f676c655472616e736c617465456c656d656e74496e6974223e3c2f7363726970743e0d0a2020202020202020, 4),
('phok1v0ozjz', 0x3c6d657461206e616d653d22676f6f676c652d7472616e736c6174652d637573746f6d697a6174696f6e2220636f6e74656e743d22333339396264373038653331353662662d633663376461626237653531323861382d67636439333637336665353730326464662d3164223e3c2f6d6574613e0d0a20202020202020200d0a3c6469762069643d22676f6f676c655f7472616e736c6174655f656c656d656e74223e3c2f6469763e3c73637269707420747970653d22746578742f6a617661736372697074223e0d0a66756e6374696f6e20676f6f676c655472616e736c617465456c656d656e74496e69742829207b0d0a20206e657720676f6f676c652e7472616e736c6174652e5472616e736c617465456c656d656e74287b706167654c616e67756167653a20277074272c206c61796f75743a20676f6f676c652e7472616e736c6174652e5472616e736c617465456c656d656e742e496e6c696e654c61796f75742e53494d504c452c206d756c74696c616e6775616765506167653a20747275657d2c2027676f6f676c655f7472616e736c6174655f656c656d656e7427293b0d0a7d0d0a3c2f7363726970743e3c73637269707420747970653d22746578742f6a61766173637269707422207372633d222f2f7472616e736c6174652e676f6f676c652e636f6d2f7472616e736c6174655f612f656c656d656e742e6a733f63623d676f6f676c655472616e736c617465456c656d656e74496e6974223e3c2f7363726970743e0d0a2020202020202020, 4),
('0bzfbcnzyj0', 0x3c6d657461206e616d653d22676f6f676c652d7472616e736c6174652d637573746f6d697a6174696f6e2220636f6e74656e743d22333339396264373038653331353662662d633663376461626237653531323861382d67636439333637336665353730326464662d3164223e3c2f6d6574613e0d0a20202020202020200d0a3c6469762069643d22676f6f676c655f7472616e736c6174655f656c656d656e74223e3c2f6469763e3c73637269707420747970653d22746578742f6a617661736372697074223e0d0a66756e6374696f6e20676f6f676c655472616e736c617465456c656d656e74496e69742829207b0d0a20206e657720676f6f676c652e7472616e736c6174652e5472616e736c617465456c656d656e74287b706167654c616e67756167653a20277074272c206c61796f75743a20676f6f676c652e7472616e736c6174652e5472616e736c617465456c656d656e742e496e6c696e654c61796f75742e53494d504c452c206d756c74696c616e6775616765506167653a20747275657d2c2027676f6f676c655f7472616e736c6174655f656c656d656e7427293b0d0a7d0d0a3c2f7363726970743e3c73637269707420747970653d22746578742f6a61766173637269707422207372633d222f2f7472616e736c6174652e676f6f676c652e636f6d2f7472616e736c6174655f612f656c656d656e742e6a733f63623d676f6f676c655472616e736c617465456c656d656e74496e6974223e3c2f7363726970743e0d0a2020202020202020, 4),
('hc5a4dktag3', 0x3c6d657461206e616d653d22676f6f676c652d7472616e736c6174652d637573746f6d697a6174696f6e2220636f6e74656e743d22333339396264373038653331353662662d633663376461626237653531323861382d67636439333637336665353730326464662d3164223e3c2f6d6574613e0d0a20202020202020200d0a3c6469762069643d22676f6f676c655f7472616e736c6174655f656c656d656e74223e3c2f6469763e3c73637269707420747970653d22746578742f6a617661736372697074223e0d0a66756e6374696f6e20676f6f676c655472616e736c617465456c656d656e74496e69742829207b0d0a20206e657720676f6f676c652e7472616e736c6174652e5472616e736c617465456c656d656e74287b706167654c616e67756167653a20277074272c206c61796f75743a20676f6f676c652e7472616e736c6174652e5472616e736c617465456c656d656e742e496e6c696e654c61796f75742e53494d504c452c206d756c74696c616e6775616765506167653a20747275657d2c2027676f6f676c655f7472616e736c6174655f656c656d656e7427293b0d0a7d0d0a3c2f7363726970743e3c73637269707420747970653d22746578742f6a61766173637269707422207372633d222f2f7472616e736c6174652e676f6f676c652e636f6d2f7472616e736c6174655f612f656c656d656e742e6a733f63623d676f6f676c655472616e736c617465456c656d656e74496e6974223e3c2f7363726970743e0d0a2020202020202020, 4),
('klxdooq35rj', 0x3c6d657461206e616d653d22676f6f676c652d7472616e736c6174652d637573746f6d697a6174696f6e2220636f6e74656e743d22333339396264373038653331353662662d633663376461626237653531323861382d67636439333637336665353730326464662d3164223e3c2f6d6574613e0d0a20202020202020200d0a3c6469762069643d22676f6f676c655f7472616e736c6174655f656c656d656e74223e3c2f6469763e3c73637269707420747970653d22746578742f6a617661736372697074223e0d0a66756e6374696f6e20676f6f676c655472616e736c617465456c656d656e74496e69742829207b0d0a20206e657720676f6f676c652e7472616e736c6174652e5472616e736c617465456c656d656e74287b706167654c616e67756167653a20277074272c206c61796f75743a20676f6f676c652e7472616e736c6174652e5472616e736c617465456c656d656e742e496e6c696e654c61796f75742e53494d504c452c206d756c74696c616e6775616765506167653a20747275657d2c2027676f6f676c655f7472616e736c6174655f656c656d656e7427293b0d0a7d0d0a3c2f7363726970743e3c73637269707420747970653d22746578742f6a61766173637269707422207372633d222f2f7472616e736c6174652e676f6f676c652e636f6d2f7472616e736c6174655f612f656c656d656e742e6a733f63623d676f6f676c655472616e736c617465456c656d656e74496e6974223e3c2f7363726970743e0d0a2020202020202020, 4),
('9qw1oih1fmd', 0x3c696672616d65207372633d22687474703a2f2f7777772e66616365626f6f6b2e636f6d2f706c7567696e732f6c696b652e7068703f687265663d68747470733a2f2f7777772e66616365626f6f6b2e636f6d2f546578416d6269656e74616c266c61796f75743d7374616e64617264260d0a73686f775f66616365733d66616c73652677696474683d33383026616374696f6e3d6c696b6526636f6c6f72736368656d653d6c69676874266865696768743d3235266c6f63616c653d70745f425222207363726f6c6c696e673d226e6f22206672616d65626f726465723d223022207374796c653d22626f726465723a6e6f6e653b206f766572666c6f773a68696464656e3b2077696474683a32353070783b206865696768743a323570783b2220616c6c6f775472616e73706172656e63793d2274727565223e3c2f696672616d653e, 4),
('1z6c52hkfxc', 0x3c212d2d20417061677565206573746520746578746f206520656e7472652073637269707420617175692e202f2f2d2d3e, 4),
('zijf2tbeiht', 0x3c73637269707420747970653d22746578742f6a617661736372697074223e0d0a0d0a2020766172205f676171203d205f676171207c7c205b5d3b0d0a20205f6761712e70757368285b275f7365744163636f756e74272c202755412d32363533303338352d31275d293b0d0a20205f6761712e70757368285b275f747261636b5061676576696577275d293b0d0a0d0a20202866756e6374696f6e2829207b0d0a20202020766172206761203d20646f63756d656e742e637265617465456c656d656e74282773637269707427293b2067612e74797065203d2027746578742f6a617661736372697074273b2067612e6173796e63203d20747275653b0d0a2020202067612e737263203d20282768747470733a27203d3d20646f63756d656e742e6c6f636174696f6e2e70726f746f636f6c203f202768747470733a2f2f73736c27203a2027687474703a2f2f7777772729202b20272e676f6f676c652d616e616c79746963732e636f6d2f67612e6a73273b0d0a202020207661722073203d20646f63756d656e742e676574456c656d656e747342795461674e616d65282773637269707427295b305d3b20732e706172656e744e6f64652e696e736572744265666f72652867612c2073293b0d0a20207d2928293b0d0a0d0a3c2f7363726970743e, 4),
('cfavnv8zj5w', 0x3c73637269707420747970653d22746578742f6a617661736372697074223e0d0a0d0a2020766172205f676171203d205f676171207c7c205b5d3b0d0a20205f6761712e70757368285b275f7365744163636f756e74272c202755412d32363533303338352d31275d293b0d0a20205f6761712e70757368285b275f747261636b5061676576696577275d293b0d0a0d0a20202866756e6374696f6e2829207b0d0a20202020766172206761203d20646f63756d656e742e637265617465456c656d656e74282773637269707427293b2067612e74797065203d2027746578742f6a617661736372697074273b2067612e6173796e63203d20747275653b0d0a2020202067612e737263203d20282768747470733a27203d3d20646f63756d656e742e6c6f636174696f6e2e70726f746f636f6c203f202768747470733a2f2f73736c27203a2027687474703a2f2f7777772729202b20272e676f6f676c652d616e616c79746963732e636f6d2f67612e6a73273b0d0a202020207661722073203d20646f63756d656e742e676574456c656d656e747342795461674e616d65282773637269707427295b305d3b20732e706172656e744e6f64652e696e736572744265666f72652867612c2073293b0d0a20207d2928293b0d0a0d0a3c2f7363726970743e, 4);
INSERT INTO `modules_Script_main` (`moduleID`, `code`, `storage_state`) VALUES
('jgszsaqf5yp', 0x3c6469762069643d2266622d726f6f74223e3c2f6469763e0d0a3c7363726970743e2866756e6374696f6e28642c20732c20696429207b0d0a2020766172206a732c20666a73203d20642e676574456c656d656e747342795461674e616d652873295b305d3b0d0a202069662028642e676574456c656d656e744279496428696429292072657475726e3b0d0a20206a73203d20642e637265617465456c656d656e742873293b206a732e6964203d2069643b0d0a20206a732e737263203d20222f2f636f6e6e6563742e66616365626f6f6b2e6e65742f70745f42522f616c6c2e6a73237866626d6c3d31223b0d0a2020666a732e706172656e744e6f64652e696e736572744265666f7265286a732c20666a73293b0d0a7d28646f63756d656e742c2027736372697074272c202766616365626f6f6b2d6a7373646b2729293b3c2f7363726970743e0d0a0d0a0d0a0d0a3c64697620636c6173733d2266622d6c696b652220646174612d687265663d22687474703a2f2f7777772e706f7274616c646173616775617373702e636f6d2e62722220646174612d73656e643d2266616c73652220646174612d77696474683d223435302220646174612d73686f772d66616365733d22747275652220646174612d666f6e743d22617269616c223e3c2f6469763e0d0a0d0a0d0a, 4),
('my750fwpzlk', 0x3c696672616d652077696474683d2234323022206865696768743d2233313522207372633d22687474703a2f2f7777772e796f75747562652e636f6d2f656d6265642f5552624f2d61464f53413022206672616d65626f726465723d22302220616c6c6f7766756c6c73637265656e3e3c2f696672616d653e, 4),
('c8wabsmqtxi', 0x3c212d2d20417061677565206573746520746578746f206520656e7472652073637269707420617175692e202f2f2d2d3e, 4),
('i0yaf6yjmm7', 0x3c212d2d20417061677565206573746520746578746f206520656e7472652073637269707420617175692e202f2f2d2d3e, 4),
('tlywzdrrog2', 0x3c212d2d20417061677565206573746520746578746f206520656e7472652073637269707420617175692e202f2f2d2d3e, 4),
('c3vgotnor5t', 0x3c703e3c62722f3e3c62722f3e3c656d62656420706c7567696e73706167653d22687474703a2f2f7777772e6d6963726f736f66742e636f6d2f57696e646f77732f4d65646961506c617965722f2220616c6c6f777363726970746163636573733d226e657665722220616c69676e3d226d6964646c65222073686f777374617475736261723d22747275652220747970653d226170706c69636174696f6e2f782d6d706c617965723222206865696768743d22363522207372633d22687474703a2f2f7777772e726164696f6d6978676f7370656c2e636f6d2f616f7669766f2e617378222077696474683d22323030223e3c2f656d6265643e3c703e3c2f703e3c2f703e0d0a, 4),
('jkvpocqf4jk', 0x[encoded data, 27296 characters], 4),
('sd21afzhcaj', 0x[encoded data, 4798 characters], 4),
('f3ml34je3o7', 0x3c703e3c62722f3e3c62722f3e3c656d62656420706c7567696e73706167653d22687474703a2f2f7777772e6d6963726f736f66742e636f6d2f57696e646f77732f4d65646961506c617965722f2220616c6c6f777363726970746163636573733d226e657665722220616c69676e3d226d6964646c65222073686f777374617475736261723d22747275652220747970653d226170706c69636174696f6e2f782d6d706c617965723222206865696768743d22363522207372633d22687474703a2f2f7777772e726164696f6d6978676f7370656c2e636f6d2f616f7669766f2e617378222077696474683d22323030223e3c2f656d6265643e3c703e3c2f703e3c2f703e0d0a, 4),
('24qpnqjck2b', 0x3c212d2d20494e4943494f20434f4449474f2050414753454755524f202d2d3e0d0a3c63656e7465723e0d0a3c6120687265663d2768747470733a2f2f70616773656775726f2e756f6c2e636f6d2e627227207461726765743d275f626c616e6b273e3c696d6720616c743d274c6f676f7469706f73206465206d65696f7320646520706167616d656e746f20646f2050616753656775726f27207372633d2768747470733a2f2f702e73696d672e756f6c2e636f6d2e62722f6f75742f70616773656775726f2f692f62616e6e6572732f706167616d656e746f2f746f646f735f616e696d61646f5f3535305f35302e67696627207469746c653d274573746520736974652061636569746120706167616d656e746f7320636f6d20566973612c204d6173746572436172642c2044696e6572732c20416d65726963616e20457870726573732c204869706572636172642c20417572612c20427261646573636f2c20497461fa2c2042616e636f20646f2042726173696c2c20556e6962616e636f2c2042616e726973756c2c2073616c646f20656d20636f6e74612050616753656775726f206520626f6c65746f2e2720626f726465723d2730273e3c2f613e0d0a3c2f63656e7465723e0d0a3c212d2d2046494e414c20434f4449474f2050414753454755524f202d2d3e, 4),
('gu1rdvswfu6', 0x3c696d67207372633d2768747470733a2f2f702e73696d672e756f6c2e636f6d2e62722f6f75742f70616773656775726f2f692f62616e6e6572732f646976756c676163616f2f3436385836305f3130585f70616773656775726f2e6769662720616c743d2727202f3e, 4),
('fy0zkl0t6t5', 0x3c64697620616c69676e3d63656e7465723e0d0a3c6120687265663d22687474703a2f2f636f6e7461646f722e7331322e636f6d2e627222207461726765743d225f626c616e6b223e3c696d67207372633d22687474703a2f2f636f6e7461646f722e7331322e636f6d2e62722f696d672d3236435a445742332d322e6769662220616c743d22436f6e7461646f722064652076697369746173206772e17469732220626f726465723d2230223e3c2f613e3c62723e3c6120687265663d22687474703a2f2f7777772e73747564696f7365727665722e636f6d2e627222207374796c653d22666f6e743a417269616c3b666f6e742d73697a653a3970783b636f6c6f723a233939393939393b746578742d6465636f726174696f6e3a6e6f6e653b22207461726765743d225f626c616e6b223e686f737065646167656d3c2f613e0d0a3c2f6469763e0d0a, 4),
('bn8330chern', 0x3c73637269707420747970653d22746578742f6a617661736372697074223e0d0a0d0a2020766172205f676171203d205f676171207c7c205b5d3b0d0a20205f6761712e70757368285b275f7365744163636f756e74272c202755412d32363533303338352d31275d293b0d0a20205f6761712e70757368285b275f747261636b5061676576696577275d293b0d0a0d0a20202866756e6374696f6e2829207b0d0a20202020766172206761203d20646f63756d656e742e637265617465456c656d656e74282773637269707427293b2067612e74797065203d2027746578742f6a617661736372697074273b2067612e6173796e63203d20747275653b0d0a2020202067612e737263203d20282768747470733a27203d3d20646f63756d656e742e6c6f636174696f6e2e70726f746f636f6c203f202768747470733a2f2f73736c27203a2027687474703a2f2f7777772729202b20272e676f6f676c652d616e616c79746963732e636f6d2f67612e6a73273b0d0a202020207661722073203d20646f63756d656e742e676574456c656d656e747342795461674e616d65282773637269707427295b305d3b20732e706172656e744e6f64652e696e736572744265666f72652867612c2073293b0d0a20207d2928293b0d0a0d0a3c2f7363726970743e, 4),
('xsvr1n1j8vc', 0x3c73637269707420636861727365743d225554462d3822207372633d22687474703a2f2f776964676574732e6f6665727461732d656d707265676f2e636f6d2f6f6665727461732e7068703f666f726d61746f3d313630363030312220747970653d22746578742f6a617661736372697074223e3c2f7363726970743e, 4),
('sbe8wf29woq', 0x3c736372697074206c616e67756167653d224a6176615363726970742220747970653d22746578742f6a61766173637269707422207372633d22687474703a2f2f766873732d642e6f6464636173742e636f6d2f766f6b695f656d6265645f66756e6374696f6e732e706870223e3c2f7363726970743e3c736372697074206c616e67756167653d224a6176615363726970742220747970653d22746578742f6a617661736372697074223e41435f566f6b695f456d626564283138302c3234302c226535633166616662636166363738646462616539626636373764663366343134222c323539353433302c20312c2022222c2030293b3c2f7363726970743e3c42523e3c6120687265663d3e3c623e3c2f623e3c2f613e3c42523e3c42523e, 4),
('dacxjjmo0r7', 0x3c6f626a6563742077696474683d22303022206865696768743d223030223e3c504152414d204e414d453d226d6f766965222056414c55453d22687474703a2f2f766873732d612e6f6464636173742e636f6d2f766873735f656469746f72732f766f6b695f706c617965722e7377663f646f633d68747470253341253246253246766873732d642e6f6464636173742e636f6d253246706870253246766873735f656469746f7273253246676574766f6b692532466368736d2533443962363939373464386662356264393861393733663966393766653137373762253236736325334432353332333536223e3c504152414d204e414d453d2242415345222056414c55453d22687474703a2f2f766873732d612e6f6464636173742e636f6d2f766873735f656469746f72732f223e3c2f706172616d3e0d0a3c703e3c454d42454420616c6c6f775363726970744163636573733d226e657665722220616c6c6f776e6574776f726b696e673d22696e7465726e616c22207372633d22687474703a2f2f766873732d612e6f6464636173742e636f6d2f766873735f656469746f72732f766f6b695f706c617965722e7377663f646f633d68747470253341253246253246766873732d642e6f6464636173742e636f6d253246706870253246766873735f656469746f7273253246676574766f6b692532466368736d2533443962363939373464386662356264393861393733663966393766653137373762253236736325334432353332333536222073774c697665436f6e6e6563743d74727565204e414d453d22766f6b69222057494454483d313730204845494748543d32303020545950453d226170706c69636174696f6e2f782d73686f636b776176652d666c6173682220504c5547494e53504147453d22687474703a2f2f7777772e6d6163726f6d656469612e636f6d2f73686f636b776176652f646f776e6c6f61642f696e6465782e6367693f50315f50726f645f56657273696f6e3d53686f636b77617665466c617368253563223e3c2f454d4245443e3c2f6f626a6563743e0d0a3c703e3c62722f3e3c62722f3e3c6120687265663d22687474703a2f2f7777772e766f6b692e636f6d2f223e3c623e3c2f623e3c2f613e3c62722f3e3c62722f3e3c2f703e, 4),
('v70z4ebs4zb', 0x3c6f626a6563742077696474683d2234323022206865696768743d22333135223e3c706172616d206e616d653d226d6f766965222076616c75653d22687474703a2f2f7777772e796f75747562652e636f6d2f702f363246334239384331443243443143443f76657273696f6e3d3326686c3d70745f42522666733d31223e3c2f706172616d3e3c706172616d206e616d653d22616c6c6f7746756c6c53637265656e222076616c75653d2274727565223e3c2f706172616d3e3c706172616d206e616d653d22616c6c6f77736372697074616363657373222076616c75653d22616c77617973223e3c2f706172616d3e3c656d626564207372633d22687474703a2f2f7777772e796f75747562652e636f6d2f702f363246334239384331443243443143443f76657273696f6e3d3326686c3d70745f42522666733d312220747970653d226170706c69636174696f6e2f782d73686f636b776176652d666c617368222077696474683d2234323022206865696768743d223331352220616c6c6f777363726970746163636573733d22616c776179732220616c6c6f7766756c6c73637265656e3d2274727565223e3c2f656d6265643e3c2f6f626a6563743e0d0a0d0a0d0a0d0a, 4),
('t3n20rf71st', 0x3c696d67207372633d2768747470733a2f2f702e73696d672e756f6c2e636f6d2e62722f6f75742f70616773656775726f2f692f62616e6e6572732f646976756c676163616f2f3436385836305f3130585f70616773656775726f2e6769662720616c743d2727202f3e, 4),
('3cos78ghim7', 0x3c212d2d20494e4943494f20434f4449474f2050414753454755524f202d2d3e0d0a3c63656e7465723e0d0a3c6120687265663d2768747470733a2f2f70616773656775726f2e756f6c2e636f6d2e627227207461726765743d275f626c616e6b273e3c696d6720616c743d274c6f676f7469706f73206465206d65696f7320646520706167616d656e746f20646f2050616753656775726f27207372633d2768747470733a2f2f702e73696d672e756f6c2e636f6d2e62722f6f75742f70616773656775726f2f692f62616e6e6572732f706167616d656e746f2f746f646f735f616e696d61646f5f3535305f35302e67696627207469746c653d274573746520736974652061636569746120706167616d656e746f7320636f6d20566973612c204d6173746572436172642c2044696e6572732c20416d65726963616e20457870726573732c204869706572636172642c20417572612c20427261646573636f2c20497461fa2c2042616e636f20646f2042726173696c2c20556e6962616e636f2c2042616e726973756c2c2073616c646f20656d20636f6e74612050616753656775726f206520626f6c65746f2e2720626f726465723d2730273e3c2f613e0d0a3c2f63656e7465723e0d0a3c212d2d2046494e414c20434f4449474f2050414753454755524f202d2d3e, 4),
('hbgb6l0gpdr', 0x3c6f626a6563742077696474683d2234323022206865696768743d223331352220646174613d22687474703a2f2f732e766964656f732e676c6f626f2e636f6d2f70322f706c617965722e7377662220747970653d226170706c69636174696f6e2f782d73686f636b776176652d666c617368223e3c706172616d2076616c75653d227472756522206e616d653d22616c6c6f7746756c6c53637265656e223e3c706172616d2076616c75653d22687474703a2f2f732e766964656f732e676c6f626f2e636f6d2f70322f706c617965722e73776622206e616d653d226d6f76696522202f3e3c706172616d2076616c75653d226869676822206e616d653d227175616c69747922202f3e3c706172616d2076616c75653d226d6964696149643d31353231383935266175746f53746172743d66616c73652677696474683d343230266865696768743d33313522206e616d653d22466c6173685661727322202f3e3c2f6f626a6563743e0d0a0d0a0d0a, 4),
('vfv0g4whz21', 0x3c2f63656e7465723e3c6469762069643d2266622d726f6f74223e3c2f6469763e0d0a3c7363726970743e2866756e6374696f6e28642c20732c20696429207b0d0a2020766172206a732c20666a73203d20642e676574456c656d656e747342795461674e616d652873295b305d3b0d0a202069662028642e676574456c656d656e744279496428696429292072657475726e3b0d0a20206a73203d20642e637265617465456c656d656e742873293b206a732e6964203d2069643b0d0a20206a732e737263203d20222f2f636f6e6e6563742e66616365626f6f6b2e6e65742f70745f42522f616c6c2e6a73237866626d6c3d31223b0d0a2020666a732e706172656e744e6f64652e696e736572744265666f7265286a732c20666a73293b0d0a7d28646f63756d656e742c2027736372697074272c202766616365626f6f6b2d6a7373646b2729293b3c2f7363726970743e0d0a0d0a3c64697620636c6173733d2266622d6c696b652220646174612d687265663d22687474703a2f2f7777772e696772656a61656d73657274616f7a696e686f2e6f72672e62722f68696e6f732e7068702220646174612d73656e643d22747275652220646174612d6c61796f75743d22627574746f6e5f636f756e742220646174612d77696474683d223435302220646174612d73686f772d66616365733d22747275652220646174612d666f6e743d227461686f6d61223e3c2f6469763e3c62723e0d0a3c2f63656e7465723e, 4),
('jdgvnrwfjg7', 0x3c73637269707420747970653d22746578742f6a617661736372697074223e0d0a0d0a2020766172205f676171203d205f676171207c7c205b5d3b0d0a20205f6761712e70757368285b275f7365744163636f756e74272c202755412d32363533303338352d31275d293b0d0a20205f6761712e70757368285b275f747261636b5061676576696577275d293b0d0a0d0a20202866756e6374696f6e2829207b0d0a20202020766172206761203d20646f63756d656e742e637265617465456c656d656e74282773637269707427293b2067612e74797065203d2027746578742f6a617661736372697074273b2067612e6173796e63203d20747275653b0d0a2020202067612e737263203d20282768747470733a27203d3d20646f63756d656e742e6c6f636174696f6e2e70726f746f636f6c203f202768747470733a2f2f73736c27203a2027687474703a2f2f7777772729202b20272e676f6f676c652d616e616c79746963732e636f6d2f67612e6a73273b0d0a202020207661722073203d20646f63756d656e742e676574456c656d656e747342795461674e616d65282773637269707427295b305d3b20732e706172656e744e6f64652e696e736572744265666f72652867612c2073293b0d0a20207d2928293b0d0a0d0a3c2f7363726970743e, 4),
('0mwcd7vu8gd', 0x3c73637269707420747970653d22746578742f6a617661736372697074223e0d0a0d0a2020766172205f676171203d205f676171207c7c205b5d3b0d0a20205f6761712e70757368285b275f7365744163636f756e74272c202755412d32363533303338352d31275d293b0d0a20205f6761712e70757368285b275f747261636b5061676576696577275d293b0d0a0d0a20202866756e6374696f6e2829207b0d0a20202020766172206761203d20646f63756d656e742e637265617465456c656d656e74282773637269707427293b2067612e74797065203d2027746578742f6a617661736372697074273b2067612e6173796e63203d20747275653b0d0a2020202067612e737263203d20282768747470733a27203d3d20646f63756d656e742e6c6f636174696f6e2e70726f746f636f6c203f202768747470733a2f2f73736c27203a2027687474703a2f2f7777772729202b20272e676f6f676c652d616e616c79746963732e636f6d2f67612e6a73273b0d0a202020207661722073203d20646f63756d656e742e676574456c656d656e747342795461674e616d65282773637269707427295b305d3b20732e706172656e744e6f64652e696e736572744265666f72652867612c2073293b0d0a20207d2928293b0d0a0d0a3c2f7363726970743e, 4),
('6p8ylkmprgo', 0x3c73637269707420747970653d22746578742f6a617661736372697074223e0d0a0d0a2020766172205f676171203d205f676171207c7c205b5d3b0d0a20205f6761712e70757368285b275f7365744163636f756e74272c202755412d32363533303338352d31275d293b0d0a20205f6761712e70757368285b275f747261636b5061676576696577275d293b0d0a0d0a20202866756e6374696f6e2829207b0d0a20202020766172206761203d20646f63756d656e742e637265617465456c656d656e74282773637269707427293b2067612e74797065203d2027746578742f6a617661736372697074273b2067612e6173796e63203d20747275653b0d0a2020202067612e737263203d20282768747470733a27203d3d20646f63756d656e742e6c6f636174696f6e2e70726f746f636f6c203f202768747470733a2f2f73736c27203a2027687474703a2f2f7777772729202b20272e676f6f676c652d616e616c79746963732e636f6d2f67612e6a73273b0d0a202020207661722073203d20646f63756d656e742e676574456c656d656e747342795461674e616d65282773637269707427295b305d3b20732e706172656e744e6f64652e696e736572744265666f72652867612c2073293b0d0a20207d2928293b0d0a0d0a3c2f7363726970743e, 4),
('f9o4m1dxfpl', 0x3c73637269707420747970653d22746578742f6a617661736372697074223e0d0a0d0a2020766172205f676171203d205f676171207c7c205b5d3b0d0a20205f6761712e70757368285b275f7365744163636f756e74272c202755412d32363533303338352d31275d293b0d0a20205f6761712e70757368285b275f747261636b5061676576696577275d293b0d0a0d0a20202866756e6374696f6e2829207b0d0a20202020766172206761203d20646f63756d656e742e637265617465456c656d656e74282773637269707427293b2067612e74797065203d2027746578742f6a617661736372697074273b2067612e6173796e63203d20747275653b0d0a2020202067612e737263203d20282768747470733a27203d3d20646f63756d656e742e6c6f636174696f6e2e70726f746f636f6c203f202768747470733a2f2f73736c27203a2027687474703a2f2f7777772729202b20272e676f6f676c652d616e616c79746963732e636f6d2f67612e6a73273b0d0a202020207661722073203d20646f63756d656e742e676574456c656d656e747342795461674e616d65282773637269707427295b305d3b20732e706172656e744e6f64652e696e736572744265666f72652867612c2073293b0d0a20207d2928293b0d0a0d0a3c2f7363726970743e, 4),
('hzkyqpvi4el', 0x3c73637269707420747970653d22746578742f6a617661736372697074223e0d0a0d0a2020766172205f676171203d205f676171207c7c205b5d3b0d0a20205f6761712e70757368285b275f7365744163636f756e74272c202755412d32363533303338352d31275d293b0d0a20205f6761712e70757368285b275f747261636b5061676576696577275d293b0d0a0d0a20202866756e6374696f6e2829207b0d0a20202020766172206761203d20646f63756d656e742e637265617465456c656d656e74282773637269707427293b2067612e74797065203d2027746578742f6a617661736372697074273b2067612e6173796e63203d20747275653b0d0a2020202067612e737263203d20282768747470733a27203d3d20646f63756d656e742e6c6f636174696f6e2e70726f746f636f6c203f202768747470733a2f2f73736c27203a2027687474703a2f2f7777772729202b20272e676f6f676c652d616e616c79746963732e636f6d2f67612e6a73273b0d0a202020207661722073203d20646f63756d656e742e676574456c656d656e747342795461674e616d65282773637269707427295b305d3b20732e706172656e744e6f64652e696e736572744265666f72652867612c2073293b0d0a20207d2928293b0d0a0d0a3c2f7363726970743e, 4);
INSERT INTO `modules_Script_main` (`moduleID`, `code`, `storage_state`) VALUES
('52sc7brwv9x', 0x3c73637269707420747970653d22746578742f6a617661736372697074223e0d0a0d0a2020766172205f676171203d205f676171207c7c205b5d3b0d0a20205f6761712e70757368285b275f7365744163636f756e74272c202755412d32363533303338352d31275d293b0d0a20205f6761712e70757368285b275f747261636b5061676576696577275d293b0d0a0d0a20202866756e6374696f6e2829207b0d0a20202020766172206761203d20646f63756d656e742e637265617465456c656d656e74282773637269707427293b2067612e74797065203d2027746578742f6a617661736372697074273b2067612e6173796e63203d20747275653b0d0a2020202067612e737263203d20282768747470733a27203d3d20646f63756d656e742e6c6f636174696f6e2e70726f746f636f6c203f202768747470733a2f2f73736c27203a2027687474703a2f2f7777772729202b20272e676f6f676c652d616e616c79746963732e636f6d2f67612e6a73273b0d0a202020207661722073203d20646f63756d656e742e676574456c656d656e747342795461674e616d65282773637269707427295b305d3b20732e706172656e744e6f64652e696e736572744265666f72652867612c2073293b0d0a20207d2928293b0d0a0d0a3c2f7363726970743e, 4),
('5zerbcj222l', 0x3c73637269707420747970653d22746578742f6a617661736372697074223e0d0a0d0a2020766172205f676171203d205f676171207c7c205b5d3b0d0a20205f6761712e70757368285b275f7365744163636f756e74272c202755412d32363533303338352d31275d293b0d0a20205f6761712e70757368285b275f747261636b5061676576696577275d293b0d0a0d0a20202866756e6374696f6e2829207b0d0a20202020766172206761203d20646f63756d656e742e637265617465456c656d656e74282773637269707427293b2067612e74797065203d2027746578742f6a617661736372697074273b2067612e6173796e63203d20747275653b0d0a2020202067612e737263203d20282768747470733a27203d3d20646f63756d656e742e6c6f636174696f6e2e70726f746f636f6c203f202768747470733a2f2f73736c27203a2027687474703a2f2f7777772729202b20272e676f6f676c652d616e616c79746963732e636f6d2f67612e6a73273b0d0a202020207661722073203d20646f63756d656e742e676574456c656d656e747342795461674e616d65282773637269707427295b305d3b20732e706172656e744e6f64652e696e736572744265666f72652867612c2073293b0d0a20207d2928293b0d0a0d0a3c2f7363726970743e, 4),
('1cq0tzokk4t', 0x3c73637269707420747970653d22746578742f6a617661736372697074223e0d0a0d0a2020766172205f676171203d205f676171207c7c205b5d3b0d0a20205f6761712e70757368285b275f7365744163636f756e74272c202755412d32363533303338352d31275d293b0d0a20205f6761712e70757368285b275f747261636b5061676576696577275d293b0d0a0d0a20202866756e6374696f6e2829207b0d0a20202020766172206761203d20646f63756d656e742e637265617465456c656d656e74282773637269707427293b2067612e74797065203d2027746578742f6a617661736372697074273b2067612e6173796e63203d20747275653b0d0a2020202067612e737263203d20282768747470733a27203d3d20646f63756d656e742e6c6f636174696f6e2e70726f746f636f6c203f202768747470733a2f2f73736c27203a2027687474703a2f2f7777772729202b20272e676f6f676c652d616e616c79746963732e636f6d2f67612e6a73273b0d0a202020207661722073203d20646f63756d656e742e676574456c656d656e747342795461674e616d65282773637269707427295b305d3b20732e706172656e744e6f64652e696e736572744265666f72652867612c2073293b0d0a20207d2928293b0d0a0d0a3c2f7363726970743e, 4),
('0uvy65t66ap', 0x3c73637269707420747970653d22746578742f6a617661736372697074223e0d0a0d0a2020766172205f676171203d205f676171207c7c205b5d3b0d0a20205f6761712e70757368285b275f7365744163636f756e74272c202755412d32363533303338352d31275d293b0d0a20205f6761712e70757368285b275f747261636b5061676576696577275d293b0d0a0d0a20202866756e6374696f6e2829207b0d0a20202020766172206761203d20646f63756d656e742e637265617465456c656d656e74282773637269707427293b2067612e74797065203d2027746578742f6a617661736372697074273b2067612e6173796e63203d20747275653b0d0a2020202067612e737263203d20282768747470733a27203d3d20646f63756d656e742e6c6f636174696f6e2e70726f746f636f6c203f202768747470733a2f2f73736c27203a2027687474703a2f2f7777772729202b20272e676f6f676c652d616e616c79746963732e636f6d2f67612e6a73273b0d0a202020207661722073203d20646f63756d656e742e676574456c656d656e747342795461674e616d65282773637269707427295b305d3b20732e706172656e744e6f64652e696e736572744265666f72652867612c2073293b0d0a20207d2928293b0d0a0d0a3c2f7363726970743e, 4),
('h4krycj4g6g', 0x3c73637269707420747970653d22746578742f6a617661736372697074223e0d0a0d0a2020766172205f676171203d205f676171207c7c205b5d3b0d0a20205f6761712e70757368285b275f7365744163636f756e74272c202755412d32363533303338352d31275d293b0d0a20205f6761712e70757368285b275f747261636b5061676576696577275d293b0d0a0d0a20202866756e6374696f6e2829207b0d0a20202020766172206761203d20646f63756d656e742e637265617465456c656d656e74282773637269707427293b2067612e74797065203d2027746578742f6a617661736372697074273b2067612e6173796e63203d20747275653b0d0a2020202067612e737263203d20282768747470733a27203d3d20646f63756d656e742e6c6f636174696f6e2e70726f746f636f6c203f202768747470733a2f2f73736c27203a2027687474703a2f2f7777772729202b20272e676f6f676c652d616e616c79746963732e636f6d2f67612e6a73273b0d0a202020207661722073203d20646f63756d656e742e676574456c656d656e747342795461674e616d65282773637269707427295b305d3b20732e706172656e744e6f64652e696e736572744265666f72652867612c2073293b0d0a20207d2928293b0d0a0d0a3c2f7363726970743e, 4),
('c9ur6endghh', 0x3c696672616d652077696474683d2234323022206865696768743d2233313522207372633d22687474703a2f2f7777772e796f75747562652e636f6d2f656d6265642f4276356d6d77325675753022206672616d65626f726465723d22302220616c6c6f7766756c6c73637265656e3e3c2f696672616d653e, 4),
('wzkck2z4xfu', 0x3c696672616d652077696474683d2234323022206865696768743d2233313522207372633d22687474703a2f2f7777772e796f75747562652e636f6d2f656d6265642f5552624f2d61464f53413022206672616d65626f726465723d22302220616c6c6f7766756c6c73637265656e3e3c2f696672616d653e, 4),
('22muu0fnxx8', 0x3c696672616d652077696474683d2234323022206865696768743d2233313522207372633d22687474703a2f2f7777772e796f75747562652e636f6d2f656d6265642f4276356d6d77325675753022206672616d65626f726465723d22302220616c6c6f7766756c6c73637265656e3e3c2f696672616d653e, 4),
('kel5spmxk3f', 0x3c696672616d652077696474683d2236343022206865696768743d2234383022207372633d22687474703a2f2f7777772e796f75747562652e636f6d2f656d6265642f5a63354c6169577374793422206672616d65626f726465723d22302220616c6c6f7766756c6c73637265656e3e3c2f696672616d653e, 4),
('wfmyb3rf5pe', 0x3c696672616d652077696474683d2236343022206865696768743d2233363022207372633d22687474703a2f2f7777772e796f75747562652e636f6d2f656d6265642f434842365144335970796b22206672616d65626f726465723d22302220616c6c6f7766756c6c73637265656e3e3c2f696672616d653e, 4),
('meecpjfl0en', 0x3c696672616d652077696474683d2236343022206865696768743d2234383022207372633d22687474703a2f2f7777772e796f75747562652e636f6d2f656d6265642f7435425f4f7a683538483022206672616d65626f726465723d22302220616c6c6f7766756c6c73637265656e3e3c2f696672616d653e, 4),
('2vyt6oqq6kq', 0x3c696672616d652077696474683d2236343022206865696768743d2234383022207372633d22687474703a2f2f7777772e796f75747562652e636f6d2f656d6265642f535f354e6b42667961484d22206672616d65626f726465723d22302220616c6c6f7766756c6c73637265656e3e3c2f696672616d653e, 4),
('me5yikt3p4n', 0x3c212d2d20476f6f676c652057656273697465204f7074696d697a657220547261636b696e6720536372697074202d2d3e0d0a3c73637269707420747970653d22746578742f6a617661736372697074223e0d0a2020766172205f676171203d205f676171207c7c205b5d3b0d0a20205f6761712e70757368285b2767776f2e5f7365744163636f756e74272c202755412d33313331363531392d31275d293b0d0a20205f6761712e70757368285b2767776f2e5f747261636b5061676576696577272c20272f303734333538333933392f74657374275d293b0d0a20202866756e6374696f6e2829207b0d0a20202020766172206761203d20646f63756d656e742e637265617465456c656d656e74282773637269707427293b2067612e74797065203d2027746578742f6a617661736372697074273b2067612e6173796e63203d20747275653b0d0a2020202067612e737263203d20282768747470733a27203d3d20646f63756d656e742e6c6f636174696f6e2e70726f746f636f6c203f202768747470733a2f2f73736c27203a2027687474703a2f2f7777772729202b20272e676f6f676c652d616e616c79746963732e636f6d2f67612e6a73273b0d0a202020207661722073203d20646f63756d656e742e676574456c656d656e747342795461674e616d65282773637269707427295b305d3b20732e706172656e744e6f64652e696e736572744265666f72652867612c2073293b0d0a20207d2928293b0d0a3c2f7363726970743e0d0a3c212d2d20456e64206f6620476f6f676c652057656273697465204f7074696d697a657220547261636b696e6720536372697074202d2d3e0d0a, 4),
('x9rx2ehz4nq', 0x3c212d2d20494e4943494f20464f524d554c4152494f20424f54414f2050414753454755524f202d2d3e0d0a3c666f726d207461726765743d2270616773656775726f2220616374696f6e3d2268747470733a2f2f70616773656775726f2e756f6c2e636f6d2e62722f636865636b6f75742f76322f7061796d656e742e68746d6c22206d6574686f643d22706f7374223e0d0a3c696e70757420747970653d2268696464656e22206e616d653d22636f6465222076616c75653d22313532454642413131433143444241383834373237463932324335333931353622202f3e0d0a3c696e70757420747970653d22696d61676522207372633d2268747470733a2f2f702e73696d672e756f6c2e636f6d2e62722f6f75742f70616773656775726f2f692f626f746f65732f706167616d656e746f732f3132307835332d636f6d707261722d617a756c2e67696622206e616d653d227375626d69742220616c743d22506167756520636f6d2050616753656775726f202d20e92072e17069646f2c206772e174697320652073656775726f2122202f3e0d0a3c2f666f726d3e0d0a3c212d2d2046494e414c20464f524d554c4152494f20424f54414f2050414753454755524f202d2d3e, 4),
('mky1jc9veje', 0x3c696672616d652077696474683d2236343022206865696768743d2234383022207372633d22687474703a2f2f7777772e796f75747562652e636f6d2f656d6265642f66414c4c49745a6b32694d22206672616d65626f726465723d22302220616c6c6f7766756c6c73637265656e3e3c2f696672616d653e, 4),
('85kbxcxu2r5', 0x3c696672616d652077696474683d2239303022206865696768743d2236303022206672616d65626f726465723d223022207363726f6c6c696e673d226e6f22206d617267696e6865696768743d223022206d617267696e77696474683d223022207372633d2268747470733a2f2f6d6170732e676f6f676c652e636f6d2e62722f6d6170733f663d7126616d703b736f757263653d656d62656426616d703b686c3d70742d425226616d703b67656f636f64653d26616d703b713d526f642e2b4a6f732543332541392b566963656e74652b4c6f6d2543332542346e69636f2b2d2b536f636f72726f2b2d2b532543332541336f2b5061756c6f26616d703b61713d3026616d703b6f713d726f646f7669612b6a6f732543332541392b766963656e746526616d703b736c6c3d2d32322e3539383635332c2d34362e35313231313726616d703b7373706e3d302e3137393430312c302e32353734393226616d703b69653d5554463826616d703b68713d26616d703b686e6561723d526f642e2b4a6f732543332541392b566963656e74652b4c6f6d2543332542346e69636f2b2d2b536f636f72726f2b2d2b532543332541336f2b5061756c6f26616d703b743d6d26616d703b6c617965723d6326616d703b63626c6c3d2d32322e3537383839392c2d34362e35323338373426616d703b6362703d31332c302c2c302c3526616d703b70616e6f69643d716a484e794664675533425f755651726f575073325126616d703b6c6c3d2d32322e3537393330332c2d34362e35323334303926616d703b73706e3d302e3030303037392c302e30373732343826616d703b7a3d313426616d703b6f75747075743d7376656d626564223e3c2f696672616d653e3c6272202f3e3c736d616c6c3e3c6120687265663d2268747470733a2f2f6d6170732e676f6f676c652e636f6d2e62722f6d6170733f663d7126616d703b736f757263653d656d62656426616d703b686c3d70742d425226616d703b67656f636f64653d26616d703b713d526f642e2b4a6f732543332541392b566963656e74652b4c6f6d2543332542346e69636f2b2d2b536f636f72726f2b2d2b532543332541336f2b5061756c6f26616d703b61713d3026616d703b6f713d726f646f7669612b6a6f732543332541392b766963656e746526616d703b736c6c3d2d32322e3539383635332c2d34362e35313231313726616d703b7373706e3d302e3137393430312c302e32353734393226616d703b69653d5554463826616d703b68713d26616d703b686e6561723d526f642e2b4a6f732543332541392b566963656e74652b4c6f6d2543332542346e69636f2b2d2b536f636f72726f2b2d2b532543332541336f2b5061756c6f26616d703b743d6d26616d703b6c617965723d6326616d703b63626c6c3d2d32322e3537383839392c2d34362e35323338373426616d703b6362703d31332c302c2c302c3526616d703b70616e6f69643d716a484e794664675533425f755651726f575073325126616d703b6c6c3d2d32322e3537393330332c2d34362e35323334303926616d703b73706e3d302e3030303037392c302e30373732343826616d703b7a3d313422207374796c653d22636f6c6f723a233030303046463b746578742d616c69676e3a6c656674223e457869626972206d61706120616d706c6961646f3c2f613e3c2f736d616c6c3e, 4),
('mnvlu0civv7', 0x3c73637269707420747970653d22746578742f6a617661736372697074223e0d0a0d0a2020766172205f676171203d205f676171207c7c205b5d3b0d0a20205f6761712e70757368285b275f7365744163636f756e74272c202755412d32363533303338352d31275d293b0d0a20205f6761712e70757368285b275f747261636b5061676576696577275d293b0d0a0d0a20202866756e6374696f6e2829207b0d0a20202020766172206761203d20646f63756d656e742e637265617465456c656d656e74282773637269707427293b2067612e74797065203d2027746578742f6a617661736372697074273b2067612e6173796e63203d20747275653b0d0a2020202067612e737263203d20282768747470733a27203d3d20646f63756d656e742e6c6f636174696f6e2e70726f746f636f6c203f202768747470733a2f2f73736c27203a2027687474703a2f2f7777772729202b20272e676f6f676c652d616e616c79746963732e636f6d2f67612e6a73273b0d0a202020207661722073203d20646f63756d656e742e676574456c656d656e747342795461674e616d65282773637269707427295b305d3b20732e706172656e744e6f64652e696e736572744265666f72652867612c2073293b0d0a20207d2928293b0d0a0d0a3c2f7363726970743e, 4),
('m5rfdbtxbp4', 0x3c696672616d652077696474683d2234323022206865696768743d2233313522207372633d22687474703a2f2f7777772e796f75747562652e636f6d2f656d6265642f34593759784742637438513f72656c3d3022206672616d65626f726465723d22302220616c6c6f7766756c6c73637265656e3e3c2f696672616d653e, 4),
('xzu67u2a4bd', 0x3c696672616d652077696474683d2234323022206865696768743d2233313522207372633d22687474703a2f2f7777772e796f75747562652e636f6d2f656d6265642f55415f43736d52503834513f72656c3d3022206672616d65626f726465723d22302220616c6c6f7766756c6c73637265656e3e3c2f696672616d653e, 4),
('hmr2hky8e5j', 0x3c736372697074207372633d22687474703a2f2f68312e666c617368766f727465782e636f6d2f646973706c61792e7068703f69643d325f313336333232313930305f35303137335f3831365f305f3732385f39305f31305f315f33332220747970653d22746578742f6a617661736372697074223e3c2f7363726970743e, 4),
('4u7y5uv4n2c', 0x3c696672616d652077696474683d2234323022206865696768743d2233313522207372633d22687474703a2f2f7777772e796f75747562652e636f6d2f656d6265642f6f392d706e69764f366f303f72656c3d3022206672616d65626f726465723d22302220616c6c6f7766756c6c73637265656e3e3c2f696672616d653e, 4);
INSERT INTO `modules_Script_main` (`moduleID`, `code`, `storage_state`) VALUES
('xnlvf8wh7pk', 0x[encoded data, 115284 characters], 4);
INSERT INTO `modules_Script_main` (`moduleID`, `code`, `storage_state`) VALUES
('btifygehj57', 0x3c212d2d20494e4943494f20464f524d554c4152494f20424f54414f2050414753454755524f202d2d3e0d0a3c666f726d207461726765743d2270616773656775726f2220616374696f6e3d2268747470733a2f2f70616773656775726f2e756f6c2e636f6d2e62722f636865636b6f75742f76322f7061796d656e742e68746d6c22206d6574686f643d22706f7374223e0d0a3c696e70757420747970653d2268696464656e22206e616d653d22636f6465222076616c75653d22383441423633383035303530313443434334443043463843333430334246324422202f3e0d0a3c696e70757420747970653d22696d61676522207372633d2268747470733a2f2f702e73696d672e756f6c2e636f6d2e62722f6f75742f70616773656775726f2f692f626f746f65732f706167616d656e746f732f3132307835332d636f6d707261722d617a756c2e67696622206e616d653d227375626d69742220616c743d22506167756520636f6d2050616753656775726f202d20e92072e17069646f2c206772e174697320652073656775726f2122202f3e0d0a3c2f666f726d3e0d0a3c212d2d2046494e414c20464f524d554c4152494f20424f54414f2050414753454755524f202d2d3e, 4),
('qfyyxulcd3i', 0x3c696672616d652077696474683d2236343022206865696768743d2233363022207372633d22687474703a2f2f7777772e796f75747562652e636f6d2f656d6265642f61364854627064694b4a5922206672616d65626f726465723d22302220616c6c6f7766756c6c73637265656e3e3c2f696672616d653e, 4),
('6iegjpnb6m3', 0x3c656d6265642077696474683d2231373822206865696768743d22393122207372633d2273756c746174616d652e737766223e0d0a3c2f656d6265643e, 4),
('6mm3de5kh5w', 0x3c212d2d20476f6f676c652057656273697465204f7074696d697a657220436f6e74726f6c20536372697074202d2d3e0d0a3c7363726970743e0d0a66756e6374696f6e2075746d785f73656374696f6e28297b7d66756e6374696f6e2075746d7828297b7d0d0a2866756e6374696f6e28297b766172206b3d2730373433353833393339272c643d646f63756d656e742c6c3d642e6c6f636174696f6e2c633d642e636f6f6b69653b66756e6374696f6e2066286e297b0d0a69662863297b76617220693d632e696e6465784f66286e2b273d27293b696628693e2d31297b766172206a3d632e696e6465784f6628273b272c69293b72657475726e2065736361706528632e737562737472696e6728692b6e2e0d0a6c656e6774682b312c6a3c303f632e6c656e6774683a6a29297d7d7d76617220783d6628275f5f75746d7827292c78783d6628275f5f75746d787827292c683d6c2e686173683b0d0a642e777269746528273c7363272b2772697074207372633d22272b0d0a2768747470272b286c2e70726f746f636f6c3d3d2768747470733a273f27733a2f2f73736c273a273a2f2f77777727292b272e676f6f676c652d616e616c79746963732e636f6d270d0a2b272f736974656f70742e6a733f763d312675746d786b65793d272b6b2b272675746d783d272b28783f783a2727292b272675746d78783d272b2878783f78783a2727292b272675746d7874696d653d270d0a2b6e6577204461746528292e76616c75654f6628292b28683f272675746d78686173683d272b65736361706528682e737562737472283129293a2727292b0d0a272220747970653d22746578742f6a6176617363726970742220636861727365743d227574662d38223e3c2f7363272b27726970743e27297d2928293b0d0a3c2f7363726970743e3c7363726970743e75746d78282275726c222c27412f4227293b3c2f7363726970743e0d0a3c212d2d20456e64206f6620476f6f676c652057656273697465204f7074696d697a657220436f6e74726f6c20536372697074202d2d3e0d0a3c212d2d20476f6f676c652057656273697465204f7074696d697a657220547261636b696e6720536372697074202d2d3e0d0a3c73637269707420747970653d22746578742f6a617661736372697074223e0d0a2020766172205f676171203d205f676171207c7c205b5d3b0d0a20205f6761712e70757368285b2767776f2e5f7365744163636f756e74272c202755412d33313331363531392d31275d293b0d0a20205f6761712e70757368285b2767776f2e5f747261636b5061676576696577272c20272f303734333538333933392f74657374275d293b0d0a20202866756e6374696f6e2829207b0d0a20202020766172206761203d20646f63756d656e742e637265617465456c656d656e74282773637269707427293b2067612e74797065203d2027746578742f6a617661736372697074273b2067612e6173796e63203d20747275653b0d0a2020202067612e737263203d20282768747470733a27203d3d20646f63756d656e742e6c6f636174696f6e2e70726f746f636f6c203f202768747470733a2f2f73736c27203a2027687474703a2f2f7777772729202b20272e676f6f676c652d616e616c79746963732e636f6d2f67612e6a73273b0d0a202020207661722073203d20646f63756d656e742e676574456c656d656e747342795461674e616d65282773637269707427295b305d3b20732e706172656e744e6f64652e696e736572744265666f72652867612c2073293b0d0a20207d2928293b0d0a3c2f7363726970743e0d0a3c212d2d20456e64206f6620476f6f676c652057656273697465204f7074696d697a657220547261636b696e6720536372697074202d2d3e, 4),
('sb537xnuwo3', 0x3c696672616d652077696474683d2234323522206865696768743d2233353022206672616d65626f726465723d223022207363726f6c6c696e673d226e6f22206d617267696e6865696768743d223022206d617267696e77696474683d223022207372633d22687474703a2f2f6d6170732e676f6f676c652e636f6d2e62722f6d6170733f663d7126616d703b736f757263653d735f7126616d703b686c3d656e26616d703b67656f636f64653d2b26616d703b713d7275612b732543332541336f2b6a6f2543332541336f2b626174697374612c2b39372c2b63616d706f732b6e6f766f732c2b736326616d703b69653d5554463826616d703b68713d26616d703b686e6561723d522e2b532543332541336f2b4a6f2543332541336f2b426174697374612c2b39372b2d2b43616d706f732b4e6f766f732b2d2b53616e74612b4361746172696e612c2b38393632302d30303026616d703b743d6d26616d703b7a3d313426616d703b76707372633d3026616d703b6c6c3d2d32372e34303132342c2d35312e32323437393526616d703b6f75747075743d656d626564223e3c2f696672616d653e3c6272202f3e3c736d616c6c3e3c6120687265663d22687474703a2f2f6d6170732e676f6f676c652e636f6d2e62722f6d6170733f663d7126616d703b736f757263653d656d62656426616d703b686c3d656e26616d703b67656f636f64653d2b26616d703b713d7275612b732543332541336f2b6a6f2543332541336f2b626174697374612c2b39372c2b63616d706f732b6e6f766f732c2b736326616d703b69653d5554463826616d703b68713d26616d703b686e6561723d522e2b532543332541336f2b4a6f2543332541336f2b426174697374612c2b39372b2d2b43616d706f732b4e6f766f732b2d2b53616e74612b4361746172696e612c2b38393632302d30303026616d703b743d6d26616d703b7a3d313426616d703b76707372633d3026616d703b6c6c3d2d32372e34303132342c2d35312e32323437393522207374796c653d22636f6c6f723a233030303046463b746578742d616c69676e3a6c656674223e56696577204c6172676572204d61703c2f613e3c2f736d616c6c3e, 4),
('0nom4jk5q28', 0x3c63656e7465723e3c6469762069643d2266622d726f6f74223e3c2f6469763e0d0a3c7363726970743e2866756e6374696f6e28642c20732c20696429207b0d0a2020766172206a732c20666a73203d20642e676574456c656d656e747342795461674e616d652873295b305d3b0d0a202069662028642e676574456c656d656e744279496428696429292072657475726e3b0d0a20206a73203d20642e637265617465456c656d656e742873293b206a732e6964203d2069643b0d0a20206a732e737263203d20222f2f636f6e6e6563742e66616365626f6f6b2e6e65742f70745f42522f616c6c2e6a73237866626d6c3d31223b0d0a2020666a732e706172656e744e6f64652e696e736572744265666f7265286a732c20666a73293b0d0a7d28646f63756d656e742c2027736372697074272c202766616365626f6f6b2d6a7373646b2729293b3c2f7363726970743e0d0a0d0a3c64697620636c6173733d2266622d6c696b652d626f782220646174612d687265663d2268747470733a2f2f7777772e66616365626f6f6b2e636f6d2f496772656a61656d53657274616f7a696e686f2220646174612d77696474683d223735302220646174612d6865696768743d223430302220646174612d73686f772d66616365733d22747275652220646174612d73747265616d3d22747275652220646174612d6865616465723d2274727565223e3c2f6469763e3c2f63656e7465723e, 4),
('gywx9j43a8l', 0x3c656d6265642077696474683d2231373822206865696768743d22393122207372633d22666c6f7269706166696768742e737766223e0d0a3c2f656d6265643e0d0a0d0a, 4),
('ze59jchwn26', 0x3c6d657461206e616d653d22676f6f676c652d7472616e736c6174652d637573746f6d697a6174696f6e2220636f6e74656e743d22333339396264373038653331353662662d633663376461626237653531323861382d67636439333637336665353730326464662d3164223e3c2f6d6574613e0d0a20202020202020200d0a3c6469762069643d22676f6f676c655f7472616e736c6174655f656c656d656e74223e3c2f6469763e3c73637269707420747970653d22746578742f6a617661736372697074223e0d0a66756e6374696f6e20676f6f676c655472616e736c617465456c656d656e74496e69742829207b0d0a20206e657720676f6f676c652e7472616e736c6174652e5472616e736c617465456c656d656e74287b706167654c616e67756167653a20277074272c206c61796f75743a20676f6f676c652e7472616e736c6174652e5472616e736c617465456c656d656e742e496e6c696e654c61796f75742e53494d504c452c206d756c74696c616e6775616765506167653a20747275657d2c2027676f6f676c655f7472616e736c6174655f656c656d656e7427293b0d0a7d0d0a3c2f7363726970743e3c73637269707420747970653d22746578742f6a61766173637269707422207372633d222f2f7472616e736c6174652e676f6f676c652e636f6d2f7472616e736c6174655f612f656c656d656e742e6a733f63623d676f6f676c655472616e736c617465456c656d656e74496e6974223e3c2f7363726970743e0d0a2020202020202020, 4),
('nxfagvi8mvt', 0x[encoded data, 24048 characters], 4),
('sz6g1roa4l8', 0x3c73637269707420747970653d22746578742f6a617661736372697074223e3c212d2d0d0a676f6f676c655f61645f636c69656e74203d202263612d7075622d34333933323533323834383830353531223b0d0a2f2a2043616265e7616c686f202a2f0d0a676f6f676c655f61645f736c6f74203d202232343734383834333436223b0d0a676f6f676c655f61645f7769647468203d203732383b0d0a676f6f676c655f61645f686569676874203d2039303b0d0a2f2f2d2d3e0d0a3c2f7363726970743e0d0a3c73637269707420747970653d22746578742f6a617661736372697074220d0a7372633d22687474703a2f2f706167656164322e676f6f676c6573796e6469636174696f6e2e636f6d2f7061676561642f73686f775f6164732e6a73223e0d0a3c2f7363726970743e, 4),
('ll3vmhjn7dq', 0x3c6469763e3c6f626a65637420636c61737369643d22636c7369643a44323743444236452d414536442d313163662d393642382d34343435353335343030303022207374796c653d2277696474683a34323070783b6865696768743a3330307078222069643d2231306664613635362d613264622d353961372d313135642d61316238646534333334623422203e3c706172616d206e616d653d226d6f766965222076616c75653d22687474703a2f2f7374617469632e69737375752e636f6d2f776562656d6265642f766965776572732f7374796c65312f76322f49737375755265616465722e7377663f6d6f64653d6d696e6926616d703b646f63756d656e7449643d3132303532333137323332372d323862643139383333376437346563316261373134336436643436393533376222202f3e3c706172616d206e616d653d22616c6c6f7766756c6c73637265656e222076616c75653d2274727565222f3e3c706172616d206e616d653d22616c6c6f77736372697074616363657373222076616c75653d22616c77617973222f3e3c706172616d206e616d653d226d656e75222076616c75653d2266616c7365222f3e3c706172616d206e616d653d22776d6f6465222076616c75653d227472616e73706172656e74222f3e3c656d626564207372633d22687474703a2f2f7374617469632e69737375752e636f6d2f776562656d6265642f766965776572732f7374796c65312f76322f49737375755265616465722e7377662220747970653d226170706c69636174696f6e2f782d73686f636b776176652d666c6173682220616c6c6f7766756c6c73637265656e3d22747275652220616c6c6f777363726970746163636573733d22616c7761797322206d656e753d2266616c73652220776d6f64653d227472616e73706172656e7422207374796c653d2277696474683a34323070783b6865696768743a33303070782220666c617368766172733d226d6f64653d6d696e6926616d703b646f63756d656e7449643d3132303532333137323332372d323862643139383333376437346563316261373134336436643436393533376222202f3e3c2f6f626a6563743e, 4),
('dsmteuc6vem', 0x3c6d657461206e616d653d22676f6f676c652d7472616e736c6174652d637573746f6d697a6174696f6e2220636f6e74656e743d22333339396264373038653331353662662d633663376461626237653531323861382d67636439333637336665353730326464662d3164223e3c2f6d6574613e0d0a20202020202020200d0a3c6469762069643d22676f6f676c655f7472616e736c6174655f656c656d656e74223e3c2f6469763e3c73637269707420747970653d22746578742f6a617661736372697074223e0d0a66756e6374696f6e20676f6f676c655472616e736c617465456c656d656e74496e69742829207b0d0a20206e657720676f6f676c652e7472616e736c6174652e5472616e736c617465456c656d656e74287b706167654c616e67756167653a20277074272c206c61796f75743a20676f6f676c652e7472616e736c6174652e5472616e736c617465456c656d656e742e496e6c696e654c61796f75742e53494d504c452c206d756c74696c616e6775616765506167653a20747275657d2c2027676f6f676c655f7472616e736c6174655f656c656d656e7427293b0d0a7d0d0a3c2f7363726970743e3c73637269707420747970653d22746578742f6a61766173637269707422207372633d222f2f7472616e736c6174652e676f6f676c652e636f6d2f7472616e736c6174655f612f656c656d656e742e6a733f63623d676f6f676c655472616e736c617465456c656d656e74496e6974223e3c2f7363726970743e0d0a2020202020202020, 4),
('acyeqj2f6ko', 0x3c6d6172717565653e0d0a3c6120687265663d22687474703a2f2f6d656e736167656e73646173636f6e666572656e636961732e636f6d2e62722f223e3c696d67207372633d22687474703a2f2f7777772e696772656a61656d73657274616f7a696e686f2e6f72672e62722f696d6167656e732f6d656e736167656e732e6a7067223e3c2f613e203c6120687265663d22687474703a2f2f7777772e657374616e6369616172766f72656461766964612e636f6d2e6272223e3c696d67207372633d22687474703a2f2f7777772e696772656a61656d73657274616f7a696e686f2e6f72672e62722f696d6167656e732f6561762e6a7067222077696474683d2232353622206865696768743d22313636223e3c2f613e203c6120687265663d22687474703a2f2f656469746f72616172766f72656461766964612e6f72672e6272223e3c696d67207372633d22687474703a2f2f7777772e696772656a61656d73657274616f7a696e686f2e6f72672e62722f696d6167656e732f656561762e6a7067223e3c2f613e203c6120687265663d22687474703a2f2f7777772e70726f6a65746f73656d6561722e636f6d2e6272223e3c696d67207372633d22687474703a2f2f7777772e696772656a61656d73657274616f7a696e686f2e6f72672e62722f696d6167656e732f70726f6a65746f2e6a7067223e3c2f613e203c6120687265663d22687474703a2f2f7777772e7362622e6f72672e62722f223e3c696d67207372633d22687474703a2f2f7777772e696772656a61656d73657274616f7a696e686f2e6f72672e62722f696d6167656e732f6c6f676f5f7362622e6a7067223e3c2f613e203c6120687265663d22687474703a2f2f7777772e7362622e636f6d2e62722f223e3c696d67207372633d22687474703a2f2f7777772e696772656a61656d73657274616f7a696e686f2e6f72672e62722f696d6167656e732f6c6f676f6d617263612e6a7067222077696474683d2232353922206865696768743d22313636223e3c2f613e0d0a3c2f6d6172717565653e0d0a, 4),
('ygz021rs5ry', 0x3c63656e7465723e3c6469762069643d2266622d726f6f74223e3c2f6469763e0d0a3c7363726970743e2866756e6374696f6e28642c20732c20696429207b0d0a2020766172206a732c20666a73203d20642e676574456c656d656e747342795461674e616d652873295b305d3b0d0a202069662028642e676574456c656d656e744279496428696429292072657475726e3b0d0a20206a73203d20642e637265617465456c656d656e742873293b206a732e6964203d2069643b0d0a20206a732e737263203d20222f2f636f6e6e6563742e66616365626f6f6b2e6e65742f70745f42522f616c6c2e6a73237866626d6c3d31223b0d0a2020666a732e706172656e744e6f64652e696e736572744265666f7265286a732c20666a73293b0d0a7d28646f63756d656e742c2027736372697074272c202766616365626f6f6b2d6a7373646b2729293b3c2f7363726970743e0d0a0d0a3c64697620636c6173733d2266622d6c696b652220646174612d687265663d22687474703a2f2f7777772e696772656a61656d73657274616f7a696e686f2e6f72672e62722f616c696d656e746f64696172696f2e7068702220646174612d73656e643d22747275652220646174612d6c61796f75743d22627574746f6e5f636f756e742220646174612d77696474683d223435302220646174612d73686f772d66616365733d22747275652220646174612d666f6e743d227461686f6d61223e3c2f6469763e3c62723e0d0a3c2f63656e7465723e, 4),
('yl3unxldcmu', 0x3c63656e7465723e3c6469762069643d2266622d726f6f74223e3c2f6469763e0d0a3c7363726970743e2866756e6374696f6e28642c20732c20696429207b0d0a2020766172206a732c20666a73203d20642e676574456c656d656e747342795461674e616d652873295b305d3b0d0a202069662028642e676574456c656d656e744279496428696429292072657475726e3b0d0a20206a73203d20642e637265617465456c656d656e742873293b206a732e6964203d2069643b0d0a20206a732e737263203d20222f2f636f6e6e6563742e66616365626f6f6b2e6e65742f70745f42522f616c6c2e6a73237866626d6c3d31223b0d0a2020666a732e706172656e744e6f64652e696e736572744265666f7265286a732c20666a73293b0d0a7d28646f63756d656e742c2027736372697074272c202766616365626f6f6b2d6a7373646b2729293b3c2f7363726970743e0d0a0d0a3c64697620636c6173733d2266622d6c696b652220646174612d687265663d22687474703a2f2f7777772e696772656a61656d73657274616f7a696e686f2e6f72672e62722f70656469646f64656f726163616f2e7068702220646174612d73656e643d22747275652220646174612d6c61796f75743d22627574746f6e5f636f756e742220646174612d77696474683d223435302220646174612d73686f772d66616365733d22747275652220646174612d666f6e743d227461686f6d61223e3c2f6469763e0d0a3c2f63656e7465723e, 4),
('krb2ih27xpu', 0x3c6d657461206e616d653d22676f6f676c652d7472616e736c6174652d637573746f6d697a6174696f6e2220636f6e74656e743d22333339396264373038653331353662662d633663376461626237653531323861382d67636439333637336665353730326464662d3164223e3c2f6d6574613e0d0a20202020202020200d0a3c6469762069643d22676f6f676c655f7472616e736c6174655f656c656d656e74223e3c2f6469763e3c73637269707420747970653d22746578742f6a617661736372697074223e0d0a66756e6374696f6e20676f6f676c655472616e736c617465456c656d656e74496e69742829207b0d0a20206e657720676f6f676c652e7472616e736c6174652e5472616e736c617465456c656d656e74287b706167654c616e67756167653a20277074272c206c61796f75743a20676f6f676c652e7472616e736c6174652e5472616e736c617465456c656d656e742e496e6c696e654c61796f75742e53494d504c452c206d756c74696c616e6775616765506167653a20747275657d2c2027676f6f676c655f7472616e736c6174655f656c656d656e7427293b0d0a7d0d0a3c2f7363726970743e3c73637269707420747970653d22746578742f6a61766173637269707422207372633d222f2f7472616e736c6174652e676f6f676c652e636f6d2f7472616e736c6174655f612f656c656d656e742e6a733f63623d676f6f676c655472616e736c617465456c656d656e74496e6974223e3c2f7363726970743e0d0a2020202020202020, 4),
('rxxw0yultss', 0x3c696672616d652077696474683d2236343022206865696768743d2234383022207372633d22687474703a2f2f7777772e796f75747562652e636f6d2f656d6265642f5962454f676f475130586722206672616d65626f726465723d22302220616c6c6f7766756c6c73637265656e3e3c2f696672616d653e, 4),
('j5wicnfyxr9', 0x3c736372697074207372633d22687474703a2f2f68322e666c617368766f727465782e636f6d2f646973706c61792e7068703f69643d325f313335303932383832385f35323130395f3831365f305f3732385f39305f31305f325f38392220747970653d22746578742f6a617661736372697074223e3c2f7363726970743e, 4),
('2ho1cnuk5ub', 0x3c6d657461206e616d653d22676f6f676c652d7472616e736c6174652d637573746f6d697a6174696f6e2220636f6e74656e743d22333339396264373038653331353662662d633663376461626237653531323861382d67636439333637336665353730326464662d3164223e3c2f6d6574613e0d0a20202020202020200d0a3c6469762069643d22676f6f676c655f7472616e736c6174655f656c656d656e74223e3c2f6469763e3c73637269707420747970653d22746578742f6a617661736372697074223e0d0a66756e6374696f6e20676f6f676c655472616e736c617465456c656d656e74496e69742829207b0d0a20206e657720676f6f676c652e7472616e736c6174652e5472616e736c617465456c656d656e74287b706167654c616e67756167653a20277074272c206c61796f75743a20676f6f676c652e7472616e736c6174652e5472616e736c617465456c656d656e742e496e6c696e654c61796f75742e53494d504c452c206d756c74696c616e6775616765506167653a20747275657d2c2027676f6f676c655f7472616e736c6174655f656c656d656e7427293b0d0a7d0d0a3c2f7363726970743e3c73637269707420747970653d22746578742f6a61766173637269707422207372633d222f2f7472616e736c6174652e676f6f676c652e636f6d2f7472616e736c6174655f612f656c656d656e742e6a733f63623d676f6f676c655472616e736c617465456c656d656e74496e6974223e3c2f7363726970743e0d0a2020202020202020, 4),
('lwzovl5poq7', 0x3c6d657461206e616d653d22676f6f676c652d7472616e736c6174652d637573746f6d697a6174696f6e2220636f6e74656e743d22333339396264373038653331353662662d633663376461626237653531323861382d67636439333637336665353730326464662d3164223e3c2f6d6574613e0d0a20202020202020200d0a3c6469762069643d22676f6f676c655f7472616e736c6174655f656c656d656e74223e3c2f6469763e3c73637269707420747970653d22746578742f6a617661736372697074223e0d0a66756e6374696f6e20676f6f676c655472616e736c617465456c656d656e74496e69742829207b0d0a20206e657720676f6f676c652e7472616e736c6174652e5472616e736c617465456c656d656e74287b706167654c616e67756167653a20277074272c206c61796f75743a20676f6f676c652e7472616e736c6174652e5472616e736c617465456c656d656e742e496e6c696e654c61796f75742e53494d504c452c206d756c74696c616e6775616765506167653a20747275657d2c2027676f6f676c655f7472616e736c6174655f656c656d656e7427293b0d0a7d0d0a3c2f7363726970743e3c73637269707420747970653d22746578742f6a61766173637269707422207372633d222f2f7472616e736c6174652e676f6f676c652e636f6d2f7472616e736c6174655f612f656c656d656e742e6a733f63623d676f6f676c655472616e736c617465456c656d656e74496e6974223e3c2f7363726970743e0d0a2020202020202020, 4),
('x8ctoe9y60s', 0x3c736372697074207372633d22687474703a2f2f68312e666c617368766f727465782e636f6d2f646973706c61792e7068703f69643d325f313336313332393832315f35363632315f3135315f305f3538325f3937335f365f315f31372220747970653d22746578742f6a617661736372697074223e3c2f7363726970743e, 4),
('1d00xkk2gqf', 0x3c6469762069643d2266622d726f6f74223e3c2f6469763e0d0a3c7363726970743e2866756e6374696f6e28642c20732c20696429207b0d0a2020766172206a732c20666a73203d20642e676574456c656d656e747342795461674e616d652873295b305d3b0d0a202069662028642e676574456c656d656e744279496428696429292072657475726e3b0d0a20206a73203d20642e637265617465456c656d656e742873293b206a732e6964203d2069643b0d0a20206a732e737263203d20222f2f636f6e6e6563742e66616365626f6f6b2e6e65742f70745f42522f616c6c2e6a73237866626d6c3d31223b0d0a2020666a732e706172656e744e6f64652e696e736572744265666f7265286a732c20666a73293b0d0a7d28646f63756d656e742c2027736372697074272c202766616365626f6f6b2d6a7373646b2729293b3c2f7363726970743e0d0a3c64697620636c6173733d2266622d6c696b652d626f782220646174612d687265663d22687474703a2f2f7777772e66616365626f6f6b2e636f6d2f6167656e63696170316173736f636961646f732220646174612d77696474683d223630302220646174612d6865696768743d223235302220646174612d73686f772d66616365733d22747275652220646174612d636f6c6f72736368656d653d226461726b2220646174612d73747265616d3d22747275652220646174612d6865616465723d2274727565223e3c2f6469763e, 4),
('3vr7vc8mv7n', 0x3c7363726970743e0d0a20202866756e6374696f6e2829207b0d0a20202020766172206378203d20273031303930333233383537333430393931373037303a632d346f71687037616673273b0d0a202020207661722067637365203d20646f63756d656e742e637265617465456c656d656e74282773637269707427293b20676373652e74797065203d2027746578742f6a617661736372697074273b20676373652e6173796e63203d20747275653b0d0a20202020676373652e737263203d2028646f63756d656e742e6c6f636174696f6e2e70726f746f636f6c203d3d202768747470733a27203f202768747470733a27203a2027687474703a2729202b0d0a2020202020202020272f2f7777772e676f6f676c652e636f6d2f6373652f6373652e6a733f63783d27202b2063783b0d0a202020207661722073203d20646f63756d656e742e676574456c656d656e747342795461674e616d65282773637269707427295b305d3b20732e706172656e744e6f64652e696e736572744265666f726528676373652c2073293b0d0a20207d2928293b0d0a3c2f7363726970743e0d0a3c676373653a7365617263683e3c2f676373653a7365617263683e0d0a202020202020, 4),
('hh6nywox3ky', 0x3c696672616d652077696474683d2236343022206865696768743d2234383022207372633d22687474703a2f2f7777772e796f75747562652e636f6d2f656d6265642f5975326437436e4678673022206672616d65626f726465723d22302220616c6c6f7766756c6c73637265656e3e3c2f696672616d653e, 4),
('ni4lur4ehbu', 0x3c696672616d652077696474683d2236343022206865696768743d2234383022207372633d22687474703a2f2f7777772e796f75747562652e636f6d2f656d6265642f5962454f676f475130586722206672616d65626f726465723d22302220616c6c6f7766756c6c73637265656e3e3c2f696672616d653e, 4),
('e4pzsgw2mle', 0x3c696672616d652077696474683d2236343022206865696768743d2234383022207372633d22687474703a2f2f7777772e796f75747562652e636f6d2f656d6265642f5975326437436e4678673022206672616d65626f726465723d22302220616c6c6f7766756c6c73637265656e3e3c2f696672616d653e, 4),
('gd3ybjge0co', 0x3c696672616d652077696474683d2234323522206865696768743d2233353022206672616d65626f726465723d223022207363726f6c6c696e673d226e6f22206d617267696e6865696768743d223022206d617267696e77696474683d223022207372633d22687474703a2f2f7777772e676f6f676c652e636f6d2f6d6170733f663d7126616d703b736f757263653d735f7126616d703b686c3d70742d425226616d703b67656f636f64653d26616d703b713d5275612b566963746f722b4973736c65722c2b36352c2b506f72746f2b416c656772652b2d2b52696f2b4772616e64652b646f2b53756c2c2b526570254333254241626c6963612b466564657261746976612b646f2b42726173696c26616d703b61713d26616d703b736c6c3d2d33302e3135323432312c2d35312e32313930373326616d703b7373706e3d302e3031303739392c302e30313337393726616d703b673d5275612b566963746f722b4973736c65722c2b36382c2b506f72746f2b416c656772652b2d2b52696f2b4772616e64652b646f2b53756c2c2b526570254333254241626c6963612b466564657261746976612b646f2b42726173696c26616d703b69653d5554463826616d703b68713d26616d703b686e6561723d522e2b566963746f722b4973736c65722c2b36352b2d2b4573706972254333254144746f2b53616e746f2c2b506f72746f2b416c656772652b2d2b52696f2b4772616e64652b646f2b53756c2c2b39313737302d3037302c2b526570254333254241626c6963612b466564657261746976612b646f2b42726173696c26616d703b743d6d26616d703b6c6c3d2d33302e3135323430312c2d35312e32313930393926616d703b73706e3d302e3030363439342c302e303039313226616d703b7a3d313626616d703b69776c6f633d4126616d703b6f75747075743d656d626564223e3c2f696672616d653e3c6272202f3e3c736d616c6c3e3c6120687265663d22687474703a2f2f7777772e676f6f676c652e636f6d2f6d6170733f663d7126616d703b736f757263653d656d62656426616d703b686c3d70742d425226616d703b67656f636f64653d26616d703b713d5275612b566963746f722b4973736c65722c2b36352c2b506f72746f2b416c656772652b2d2b52696f2b4772616e64652b646f2b53756c2c2b526570254333254241626c6963612b466564657261746976612b646f2b42726173696c26616d703b61713d26616d703b736c6c3d2d33302e3135323432312c2d35312e32313930373326616d703b7373706e3d302e3031303739392c302e30313337393726616d703b673d5275612b566963746f722b4973736c65722c2b36382c2b506f72746f2b416c656772652b2d2b52696f2b4772616e64652b646f2b53756c2c2b526570254333254241626c6963612b466564657261746976612b646f2b42726173696c26616d703b69653d5554463826616d703b68713d26616d703b686e6561723d522e2b566963746f722b4973736c65722c2b36352b2d2b4573706972254333254144746f2b53616e746f2c2b506f72746f2b416c656772652b2d2b52696f2b4772616e64652b646f2b53756c2c2b39313737302d3037302c2b526570254333254241626c6963612b466564657261746976612b646f2b42726173696c26616d703b743d6d26616d703b6c6c3d2d33302e3135323430312c2d35312e32313930393926616d703b73706e3d302e3030363439342c302e303039313226616d703b7a3d313626616d703b69776c6f633d4122207374796c653d22636f6c6f723a233030303046463b746578742d616c69676e3a6c656674223e457869626972206d61706120616d706c6961646f3c2f613e3c2f736d616c6c3e, 4),
('byatc9a51rk', 0x3c696672616d652077696474683d2234383022206865696768743d2233363022207372633d22687474703a2f2f7777772e796f75747562652e636f6d2f656d6265642f624f47673666615f764b673f72656c3d3022206672616d65626f726465723d22302220616c6c6f7766756c6c73637265656e3e3c2f696672616d653e, 4);
INSERT INTO `modules_Script_main` (`moduleID`, `code`, `storage_state`) VALUES
('wzfka50ym25', 0x3c696672616d652077696474683d2236343022206865696768743d2233363022207372633d22687474703a2f2f7777772e796f75747562652e636f6d2f656d6265642f534b3349527932557963673f72656c3d3022206672616d65626f726465723d22302220616c6c6f7766756c6c73637265656e3e3c2f696672616d653e, 4),
('v6p0u13ht0z', 0x[encoded data, 8030 characters], 4),
('ffdqloj2crr', 0x[encoded data, 10580 characters], 4),
('falobuk2enl', 0x3c212d2d20417061677565206573746520746578746f206520656e7472652073637269707420617175692e202f2f2d2d3e, 4),
('9zr76fsb7z9', 0x3c6120636c6173733d22747769747465722d74696d656c696e652220687265663d2268747470733a2f2f747769747465722e636f6d2f6167656e63696170312220646174612d7769646765742d69643d22333234393734363634373933333431393533223e54776565747320646520406167656e63696170313c2f613e0d0a3c7363726970743e2166756e6374696f6e28642c732c6964297b766172206a732c666a733d642e676574456c656d656e747342795461674e616d652873295b305d2c703d2f5e687474703a2f2e7465737428642e6c6f636174696f6e293f2768747470273a276874747073273b69662821642e676574456c656d656e744279496428696429297b6a733d642e637265617465456c656d656e742873293b6a732e69643d69643b6a732e7372633d702b223a2f2f706c6174666f726d2e747769747465722e636f6d2f776964676574732e6a73223b666a732e706172656e744e6f64652e696e736572744265666f7265286a732c666a73293b7d7d28646f63756d656e742c22736372697074222c22747769747465722d776a7322293b3c2f7363726970743e0d0a, 4),
('wu2s813st0c', 0x3c736372697074207372633d22687474703a2f2f68322e666c617368766f727465782e636f6d2f646973706c61792e7068703f69643d325f313336303731393831315f32353232315f3135315f305f3134375f3336385f365f325f3131382220747970653d22746578742f6a617661736372697074223e3c2f7363726970743e, 4),
('qaesygu031c', 0x3c696672616d65207372633d22687474703a2f2f73657474696e67732e6d657373656e6765722e6c6976652e636f6d2f436f6e766572736174696f6e2f494d4d652e617370783f696e76697465653d3437623961343766646530346331393340617070732e6d657373656e6765722e6c6976652e636f6d266d6b743d656e2d5553222077696474683d2233303022206865696768743d2233303022207374796c653d22626f726465723a20736f6c69642031707820626c61636b3b2077696474683a2033303070783b206865696768743a2033303070783b22206672616d65626f726465723d223022207363726f6c6c696e673d226e6f223e3c2f696672616d653e, 4),
('frf8vm59g5m', 0x3c696672616d65207372633d22687474703a2f2f66696c65732e62616e6e6572736e61636b2e636f6d2f696672616d652f726f7461746f722e68746d6c3f686173683d373235616135383731636235373765383762646334626261637235353435333326743d31333532363731393231222077696474683d2237323822206865696768743d2233363022207365616d6c6573733d227365616d6c65737322207363726f6c6c696e673d226e6f22206672616d65626f726465723d22302220616c6c6f777472616e73706172656e63793d2274727565223e3c2f696672616d653e, 4),
('0sew9z5agjl', 0x20203c212d2d576964676574204167656e6369612043616d6172612d2d3e3c6469763e0d0a202020203c736372697074207372633d22687474703a2f2f777777322e63616d6172612e676f762e62722f6167656e6369612f6a732f7769646765742f6167632d776964676574732e6a732220747970653d22746578742f6a617661736372697074223e3c2f7363726970743e0d0a202020203c2f6469763e3c212d2d2f2f576964676574204167656e6369612043616d6172612d2d3e0d0a, 4),
('qdni3x1onoc', 0x3c64697620616c69676e3d63656e7465723e3c6120687265663d27687474703a2f2f636f6e7461646f722e7331322e636f6d2e6272273e3c696d67207372633d27687474703a2f2f636f6e7461646f722e7331322e636f6d2e62722f696d672d37573643307778332d33382e6769662720626f726465723d27302720616c743d27636f6e7461646f7220677261747569746f273e3c2f613e3c73637269707420747970653d27746578742f6a61766173637269707427207372633d27687474703a2f2f636f6e7461646f722e7331322e636f6d2e62722f61642e6a733f69643d3757364330777833273e3c2f7363726970743e3c2f6469763e0d0a090d0a09, 4),
('7gf7lu8k1id', 0x3c64697620616c69676e3d63656e7465723e3c6120687265663d27687474703a2f2f636f6e7461646f722e7331322e636f6d2e6272273e3c696d67207372633d27687474703a2f2f636f6e7461646f722e7331322e636f6d2e62722f696d672d36437778375a345a2d31382e6769662720626f726465723d27302720616c743d27636f6e7461646f72206465207669736974617320677261746973273e3c2f613e3c73637269707420747970653d27746578742f6a61766173637269707427207372633d27687474703a2f2f636f6e7461646f722e7331322e636f6d2e62722f61642e6a733f69643d36437778375a345a273e3c2f7363726970743e3c2f6469763e, 4),
('85tlwbgxtcj', 0x3c64697620616c69676e3d63656e7465723e3c6120687265663d27687474703a2f2f636f6e7461646f722e7331322e636f6d2e6272273e3c696d67207372633d27687474703a2f2f636f6e7461646f722e7331322e636f6d2e62722f696d672d62343336776442422d31302e6769662720626f726465723d27302720616c743d27636f6e7461646f722064652061636573736f206772e1746973273e3c2f613e3c73637269707420747970653d27746578742f6a61766173637269707427207372633d27687474703a2f2f636f6e7461646f722e7331322e636f6d2e62722f61642e6a733f69643d6234333677644242273e3c2f7363726970743e3c2f6469763e, 4),
('k6skxakwuhw', 0x3c63656e7465723e0d0a3c212d2d0d0a424547494e204a41564153435249505420504c4159455220454d42454420434f4445200d0a4d6f726520706c617965727320616e6420646f63756d656e746174696f6e2061743a207777772e7072656d69756d626561742e636f6d2f666c6173685f6d656469615f706c61796572730d0a2d2d3e0d0a0d0a3c73637269707420747970653d22746578742f6a61766173637269707422207372633d22687474703a2f2f616a61782e676f6f676c65617069732e636f6d2f616a61782f6c6962732f7377666f626a6563742f322e322f7377666f626a6563742e6a73223e3c2f7363726970743e0d0a3c6469762069643d22706c617965722d686f6c646572223e3c2f6469763e0d0a0d0a3c73637269707420747970653d22746578742f6a617661736372697074223e0d0a09766172206f7074696f6e73203d207b7d3b0d0a096f7074696f6e732e706c61796c697374586d6c50617468203d2022687474703a2f2f7777772e696772656a61656d73657274616f7a696e686f2e6f72672e62722f706c617965722f706c61796c6973742e786d6c220d0a090d0a0976617220706172616d73203d207b7d3b0d0a09706172616d732e616c6c6f77536372697074416363657373203d2022616c77617973223b0d0a2020206f7074696f6e732e73687566666c65506c61796c697374203d202274727565223b0d0a097377666f626a6563742e656d6265645357462822687474703a2f2f7777772e696772656a61656d73657274616f7a696e686f2e6f72672e62722f706c617965722f4f726967696e616c4d75736963506c61796572506c61796c6973742e737766222c2022706c617965722d686f6c646572222c2022373530222c2022323030222c2022392e302e30222c66616c73652c206f7074696f6e732c20706172616d732c207b7d293b0d0a3c2f7363726970743e0d0a0d0a3c212d2d20454e4420504c4159455220454d42454420434f4445202d2d3e0d0a3c2f63656e7465723e, 4),
('2ymowamqtzu', 0x3c696d67207374796c653d227669736962696c6974793a68696464656e3b77696474683a3070783b6865696768743a3070783b2220626f726465723d302077696474683d30206865696768743d30207372633d22687474703a2f2f632e676967636f756e742e636f6d2f77696c64666972652f494d502f43584e49443d323030303030322e304e58432f62542a784a6d782a5054457a4e546b774e6a41324d546b324f544d6d634851394d544d314f5441324d44592a4e5467324d435a77505445314e4449794d6a496d5a442a6d5a7a2a784a6d38394d7a45774d44526a593251774d7a59794e44426d4d6d49792f4e4464694e7a59784e6a492a4e6a49794d6a676d623259394d413d3d2e67696622202f3e3c6f626a6563742069643d226f626a6563742d747a6e30313465382220747970653d226170706c69636174696f6e2f782d73686f636b776176652d666c6173682220646174613d22687474703a2f2f66696c65732e74756265736e61636b2e6e65742f6170702f7377662f456d62656443616e7661732e7377663f686173685f69643d747a6e303134653826743d31333539303630353232222077696474683d2237353022206865696768743d22343830223e3c706172616d206e616d653d226d6f766965222076616c75653d22687474703a2f2f66696c65732e74756265736e61636b2e6e65742f6170702f7377662f456d62656443616e7661732e7377663f686173685f69643d747a6e303134653826743d31333539303630353232223e3c706172616d206e616d653d22616c6c6f7746756c6c53637265656e222076616c75653d2274727565223e3c706172616d206e616d653d226267636f6c6f72222076616c75653d2223323432333234223e3c706172616d206e616d653d22616c6c6f77536372697074416363657373222076616c75653d22616c77617973223e3c2f6f626a6563743e, 4),
('48fzo93schb', 0x3c212d2d204e6f74696369617320546f74616c204e657773202d2d3e0d0a3c63656e7465723e3c736372697074207372633d27687474703a2f2f7777772e746f74616c6e6577732e636f6d2e62722f746f6f6c732f666565645f73697465735f65787465726e6f73322e6a732720747970653d27746578742f6a61766173637269707427203e3c2f7363726970743e3c6469762069643d276e6f746963696173746f74616c6e65777362273e3c6d6172717565652077696474683d2239392522206865696768743d223135302220646972656374696f6e3d22757022206265686176696f723d227363726f6c6c22207363726f6c6c64656c61793d22383022207363726f6c6c616d6f756e743d223222206f6e4d6f7573654f7665723d22746869732e73746f7028293b22206f6e4d6f7573654f75743d22746869732e737461727428293b22207374796c653d22626f726465723a2031707820736f6c696420234330433043303b2077696474683a203939253b206865696768743a203135303b206261636b67726f756e642d636f6c6f723a20234646464646463b223e3c736372697074207372633d27687474703a2f2f66656564732e666565646275726e65722e636f6d2f544e416e696d616973454d65696f416d6269656e74653f666f726d61743d73696770726f2720747970653d27746578742f6a61766173637269707427203e3c2f7363726970743e3c2f6d6172717565653e3c70207374796c653d27746578742d616c69676e3a2063656e7465723b206d617267696e2d746f703a20307078273e3c61207469746c653d22546f74616c204e65777322207461726765743d275f626c616e6b27207374796c653d27666f6e742d73697a653a20313070783b2720687265663d27687474703a2f2f7777772e746f74616c6e6577732e636f6d2e6272273e546f74616c204e6577733c2f613e3c2f703e3c2f6469763e3c2f63656e7465723e0d0a3c212d2d2046696d204e6f74696369617320546f74616c204e657773202d2d3e0d0a, 4),
('pdls04dghp7', 0x3c696672616d65207372633d22687474703a2f2f66696c65732e62616e6e6572736e61636b2e636f6d2f696672616d652f656d6265642e68746d6c3f686173683d627a31356f6d6e6b26776d6f64653d7472616e73706172656e7426743d31333533333235313030222077696474683d2237323822206865696768743d2232353022207365616d6c6573733d227365616d6c65737322207363726f6c6c696e673d226e6f22206672616d65626f726465723d22302220616c6c6f777472616e73706172656e63793d2274727565223e3c2f696672616d653e, 4),
('7i2vpwppe2x', 0x3c696672616d65207372633d22687474703a2f2f66696c65732e62616e6e6572736e61636b2e636f6d2f696672616d652f656d6265642e68746d6c3f686173683d6275337376613869266267636f6c6f723d25323330303030303026776d6f64653d6f706171756526743d31333631313435313437222077696474683d2233303022206865696768743d2232353022207365616d6c6573733d227365616d6c65737322207363726f6c6c696e673d226e6f22206672616d65626f726465723d22302220616c6c6f777472616e73706172656e63793d2274727565223e3c2f696672616d653e, 4),
('9h0bcahpaup', 0x3c696672616d65207372633d22687474703a2f2f66696c65732e62616e6e6572736e61636b2e636f6d2f696672616d652f656d6265642e68746d6c3f686173683d627a3139656a636826776d6f64653d7472616e73706172656e7426743d31333631313437363937222077696474683d2237323822206865696768743d22393022207365616d6c6573733d227365616d6c65737322207363726f6c6c696e673d226e6f22206672616d65626f726465723d22302220616c6c6f777472616e73706172656e63793d2274727565223e3c2f696672616d653e, 4),
('fndxqetrjnv', 0x3c64697620616c69676e3d63656e7465723e3c6120687265663d27687474703a2f2f636f6e7461646f722e7331322e636f6d2e6272273e3c696d67207372633d27687474703a2f2f636f6e7461646f722e7331322e636f6d2e62722f696d672d7a376435417a44422d37322e6769662720626f726465723d27302720616c743d2765737461746973746963617320677261746973273e3c2f613e3c73637269707420747970653d27746578742f6a61766173637269707427207372633d27687474703a2f2f636f6e7461646f722e7331322e636f6d2e62722f61642e6a733f69643d7a376435417a4442273e3c2f7363726970743e3c2f6469763e, 4),
('02zrk9g0lwe', 0x3c64697620616c69676e3d63656e7465723e3c6120687265663d27687474703a2f2f636f6e7461646f722e7331322e636f6d2e6272273e3c696d67207372633d27687474703a2f2f636f6e7461646f722e7331322e636f6d2e62722f696d672d373533337a7859332d31312e6769662720626f726465723d27302720616c743d2761636573736f20677261746973273e3c2f613e3c73637269707420747970653d27746578742f6a61766173637269707427207372633d27687474703a2f2f636f6e7461646f722e7331322e636f6d2e62722f61642e6a733f69643d373533337a785933273e3c2f7363726970743e3c2f6469763e, 4),
('ejegoj8a90h', 0x3c212d2d20417061677565206573746520746578746f206520656e7472652073637269707420617175692e202f2f2d2d3e, 4),
('m6wbhgrul1j', 0x3c212d2d20417061677565206573746520746578746f206520656e7472652073637269707420617175692e202f2f2d2d3e, 4),
('hbqtw8rprng', 0x3c212d2d20417061677565206573746520746578746f206520656e7472652073637269707420617175692e202f2f2d2d3e, 4),
('2t6zkjegmkr', 0x3c212d2d2044656c6574652074686973207465787420616e6420656e74657220796f75722073637269707420686572652e202f2f2d2d3e, 4),
('nmog7n2gxid', 0x3c212d2d2044656c6574652074686973207465787420616e6420656e74657220796f75722073637269707420686572652e202f2f2d2d3e, 4),
('wo9w7etn03w', 0x3c212d2d2044656c6574652074686973207465787420616e6420656e74657220796f75722073637269707420686572652e202f2f2d2d3e, 4),
('pndr9t9mmev', 0x3c212d2d2044656c6574652074686973207465787420616e6420656e74657220796f75722073637269707420686572652e202f2f2d2d3e, 4);
INSERT INTO `modules_Script_main` (`moduleID`, `code`, `storage_state`) VALUES
('ybxcisxxn9b', 0x[encoded data, 29988 characters], 4),
('d7kc5nv0h8u', 0x3c696672616d65207372633d22687474703a2f2f66696c65732e62616e6e6572736e61636b2e636f6d2f696672616d652f656d6265642e68746d6c3f686173683d627a3139656a636826776d6f64653d7472616e73706172656e7426743d31333631313437363937222077696474683d2237323822206865696768743d22393022207365616d6c6573733d227365616d6c65737322207363726f6c6c696e673d226e6f22206672616d65626f726465723d22302220616c6c6f777472616e73706172656e63793d2274727565223e3c2f696672616d653e, 4),
('xdowdmccxap', 0x3c696672616d65207372633d22687474703a2f2f66696c65732e62616e6e6572736e61636b2e636f6d2f696672616d652f656d6265642e68746d6c3f686173683d627a636677336e6b266267636f6c6f723d25323330303030303026776d6f64653d6f706171756526743d31333631313438333735222077696474683d2237323822206865696768743d22393022207365616d6c6573733d227365616d6c65737322207363726f6c6c696e673d226e6f22206672616d65626f726465723d22302220616c6c6f777472616e73706172656e63793d2274727565223e3c2f696672616d653e, 4),
('dnu7wteqsk7', 0x3c212d2d20494e4943494f20464f524d554c4152494f20424f54414f2050414753454755524f202d2d3e0d0a3c666f726d207461726765743d2270616773656775726f2220616374696f6e3d2268747470733a2f2f70616773656775726f2e756f6c2e636f6d2e62722f636865636b6f75742f76322f636172742e68746d6c3f616374696f6e3d61646422206d6574686f643d22706f7374223e0d0a3c696e70757420747970653d2268696464656e22206e616d653d226974656d436f6465222076616c75653d22353733383737413743334333373043454534424433463937454445453736423322202f3e0d0a3c696e70757420747970653d22696d61676522207372633d2268747470733a2f2f702e73696d672e756f6c2e636f6d2e62722f6f75742f70616773656775726f2f692f626f746f65732f706167616d656e746f732f3230397834382d636f6d707261722d617373696e612e67696622206e616d653d227375626d69742220616c743d22506167756520636f6d2050616753656775726f202d20e92072e17069646f2c206772e174697320652073656775726f2122202f3e0d0a3c2f666f726d3e0d0a3c212d2d2046494e414c20464f524d554c4152494f20424f54414f2050414753454755524f202d2d3e, 4),
('u7k5megtk8h', 0x3c696672616d65207372633d22687474703a2f2f66696c65732e62616e6e6572736e61636b2e636f6d2f696672616d652f656d6265642e68746d6c3f686173683d62756d7976613869266267636f6c6f723d25323330303030303026776d6f64653d6f706171756526743d31333534303531353635222077696474683d2237323822206865696768743d22393022207365616d6c6573733d227365616d6c65737322207363726f6c6c696e673d226e6f22206672616d65626f726465723d22302220616c6c6f777472616e73706172656e63793d2274727565223e3c2f696672616d653e, 4),
('ktyjkk95vmu', 0x202020203c626f64793e0d0a202020202020203c696672616d65207372633d2268747470733a2f2f7777772e66616365626f6f6b2e636f6d2f706c7567696e732f6c696b652e7068703f687265663d594f55525f55524c220d0a20202020202020207363726f6c6c696e673d226e6f22206672616d65626f726465723d2230220d0a20202020202020207374796c653d22626f726465723a6e6f6e653b2077696474683a34353070783b206865696768743a38307078223e3c2f696672616d653e0d0a202020203c2f626f64793e0d0a, 4),
('82psnm8w150', 0x3c696672616d652077696474683d2234323522206865696768743d2233353022206672616d65626f726465723d223022207363726f6c6c696e673d226e6f22206d617267696e6865696768743d223022206d617267696e77696474683d223022207372633d2268747470733a2f2f6d6170732e676f6f676c652e636f6d2e62722f6d6170732f6d733f6d73613d3026616d703b6d7369643d3230363634363535303134303034313434343635392e30303034393035663565353133396239376566323326616d703b686c3d70742d505426616d703b69653d5554463826616d703b6c6c3d2d352e3833393138342c2d33352e32313539353626616d703b73706e3d302c3026616d703b743d6826616d703b69776c6f633d30303034393035663631666439373535326162656526616d703b6f75747075743d656d626564223e3c2f696672616d653e3c6272202f3e3c736d616c6c3e566572203c6120687265663d2268747470733a2f2f6d6170732e676f6f676c652e636f6d2e62722f6d6170732f6d733f6d73613d3026616d703b6d7369643d3230363634363535303134303034313434343635392e30303034393035663565353133396239376566323326616d703b686c3d70742d505426616d703b69653d5554463826616d703b6c6c3d2d352e3833393138342c2d33352e32313539353626616d703b73706e3d302c3026616d703b743d6826616d703b69776c6f633d30303034393035663631666439373535326162656526616d703b736f757263653d656d62656422207374796c653d22636f6c6f723a233030303046463b746578742d616c69676e3a6c656674223e435449202d2043656e7472616c205465636e69636120646520496e666f726de1746963613c2f613e206e756d206d617061206d61696f723c2f736d616c6c3e, 4),
('qcz7110w3n0', 0x3c6469762069643d22636c757374726d6170732d776964676574223e3c2f6469763e3c73637269707420747970653d22746578742f6a617661736372697074223e766172205f636c757374726d617073203d207b2775726c27203a2027687474703a2f2f726570726f647563616f737175616d6174612e636f6d2e6272272c20277573657227203a20313037353135322c202773657276657227203a202734272c2027696427203a2027636c757374726d6170732d776964676574272c202776657273696f6e27203a20312c20276461746527203a2027323031332d30312d3238272c20276c616e6727203a20277074272c2027636f726e65727327203a202773717561726527207d3b2866756e6374696f6e2028297b207661722073203d20646f63756d656e742e637265617465456c656d656e74282773637269707427293b20732e74797065203d2027746578742f6a617661736372697074273b20732e6173796e63203d20747275653b20732e737263203d2027687474703a2f2f777777342e636c757374726d6170732e636f6d2f636f756e7465722f6d61702e6a73273b207661722078203d20646f63756d656e742e676574456c656d656e747342795461674e616d65282773637269707427295b305d3b20782e706172656e744e6f64652e696e736572744265666f726528732c2078293b7d2928293b3c2f7363726970743e3c6e6f7363726970743e3c6120687265663d22687474703a2f2f777777342e636c757374726d6170732e636f6d2f757365722f643863313036376430223e3c696d67207372633d22687474703a2f2f777777342e636c757374726d6170732e636f6d2f73746174732f6d6170732d6e6f5f636c7573746572732f726570726f647563616f737175616d6174612e636f6d2e62722d7468756d622e6a70672220616c743d224c6f636174696f6e73206f662076697369746f727320746f2074686973207061676522202f3e3c2f613e3c2f6e6f7363726970743e0d0a, 4);

-- --------------------------------------------------------

--
-- Estrutura da tabela `modules_SiteMap_settings`
--

